CRAN Package Check Results for Package cg

Last updated on 2019-06-17 09:49:36 CEST.

Flavor Version Tinstall Tcheck Ttotal Status Flags
r-devel-linux-x86_64-debian-clang 1.0-3 30.23 185.89 216.12 OK
r-devel-linux-x86_64-debian-gcc 1.0-3 27.51 139.63 167.14 OK
r-devel-linux-x86_64-fedora-clang 1.0-3 264.28 NOTE
r-devel-linux-x86_64-fedora-gcc 1.0-3 254.21 NOTE
r-devel-windows-ix86+x86_64 1.0-3 75.00 207.00 282.00 OK
r-patched-linux-x86_64 1.0-3 30.31 180.03 210.34 OK
r-patched-solaris-x86 1.0-3 357.80 NOTE
r-release-linux-x86_64 1.0-3 28.51 179.62 208.13 OK
r-release-windows-ix86+x86_64 1.0-3 56.00 290.00 346.00 OK
r-release-osx-x86_64 1.0-3 NOTE
r-oldrel-windows-ix86+x86_64 1.0-3 38.00 247.00 285.00 OK
r-oldrel-osx-x86_64 1.0-3 NOTE

Check Details

Version: 1.0-3
Check: dependencies in R code
Result: NOTE
    Namespace in Imports field not imported from: ‘grDevices’
     All declared Imports should be used.
Flavors: r-devel-linux-x86_64-fedora-clang, r-devel-linux-x86_64-fedora-gcc, r-patched-solaris-x86, r-release-osx-x86_64, r-oldrel-osx-x86_64