CRAN Package Check Results for Package cg

Last updated on 2024-07-23 16:49:00 CEST.

Flavor Version Tinstall Tcheck Ttotal Status Flags
r-devel-linux-x86_64-debian-clang 1.0-3 43.97 248.90 292.87 NOTE
r-devel-linux-x86_64-debian-gcc 1.0-3 35.30 179.09 214.39 NOTE
r-devel-linux-x86_64-fedora-clang 1.0-3 384.27 NOTE
r-devel-linux-x86_64-fedora-gcc 1.0-3 338.56 NOTE
r-devel-windows-x86_64 1.0-3 34.00 216.00 250.00 NOTE
r-patched-linux-x86_64 1.0-3 47.96 227.35 275.31 NOTE
r-release-linux-x86_64 1.0-3 26.13 233.34 259.47 NOTE
r-release-macos-arm64 1.0-3 86.00 NOTE
r-release-macos-x86_64 1.0-3 152.00 NOTE
r-release-windows-x86_64 1.0-3 34.00 220.00 254.00 NOTE
r-oldrel-macos-arm64 1.0-3 95.00 OK
r-oldrel-macos-x86_64 1.0-3 156.00 OK
r-oldrel-windows-x86_64 1.0-3 48.00 283.00 331.00 OK

Check Details

Version: 1.0-3
Check: Rd files
Result: NOTE checkRd: (-1) comparisonsTable.cgOneFactorFit.Rd:47: Lost braces 47 | call (see {\dots } section below.) | ^ Flavors: r-devel-linux-x86_64-debian-clang, r-devel-linux-x86_64-debian-gcc, r-devel-linux-x86_64-fedora-clang, r-devel-linux-x86_64-fedora-gcc, r-devel-windows-x86_64, r-patched-linux-x86_64, r-release-linux-x86_64, r-release-macos-arm64, r-release-macos-x86_64, r-release-windows-x86_64

Version: 1.0-3
Check: Rd cross-references
Result: NOTE Found the following Rd file(s) with Rd \link{} targets missing package anchors: anorexiaFT.Rd: anorexia boxplot.cgOneFactorData.Rd: survfit comparisonsGraph.cgOneFactorComparisonsTable.Rd: panel.text comparisonsTable.cgOneFactorFit.Rd: rlm comparisonsTable.cgPairedDifferenceFit.Rd: rlm comparisonsgraph.Rd: panel.text descriptiveTable.cgOneFactorData.Rd: survfit downweightedTable.Rd: rlm downweightedTable.cgOneFactorFit.Rd: rlm downweightedTable.cgPairedDifferenceFit.Rd: rlm fit.cgOneFactorData.Rd: rlm, survreg, gls fit.cgPairedDifferenceData.Rd: rlm kmGraph.Rd: label kmGraph.cgOneFactorData.Rd: label prepareCGOneFactorData.Rd: Surv, survreg, logtrans print.cgOneFactorComparisonsTable.Rd: rlm print.cgOneFactorFit.Rd: rlm print.cgOneFactorGlobalTest.Rd: rlm print.cgOneFactorGrpSummaryTable.Rd: rlm print.cgOneFactorSampleSizeTable.Rd: rlm print.cgPairedDifferenceComparisonsTable.Rd: rlm print.cgPairedDifferenceFit.Rd: rlm summary.cgOneFactorFit.Rd: rlm summary.cgPairedDifferenceFit.Rd: rlm varianceGraph.cgOneFactorFit.Rd: vgam Please provide package anchors for all Rd \link{} targets not in the package itself and the base packages. Flavors: r-devel-linux-x86_64-debian-gcc, r-devel-windows-x86_64

Version: 1.0-3
Check: dependencies in R code
Result: NOTE Namespace in Imports field not imported from: ‘grDevices’ All declared Imports should be used. Flavors: r-devel-linux-x86_64-fedora-clang, r-devel-linux-x86_64-fedora-gcc