CRAN Package Check Results for Package cgam

Last updated on 2024-02-29 22:58:40 CET.

Flavor Version Tinstall Tcheck Ttotal Status Flags
r-devel-linux-x86_64-debian-clang 1.21 35.26 223.01 258.27 NOTE
r-devel-linux-x86_64-debian-gcc 1.21 27.17 154.63 181.80 NOTE
r-devel-linux-x86_64-fedora-clang 1.21 305.73 NOTE
r-devel-linux-x86_64-fedora-gcc 1.21 311.94 NOTE
r-devel-windows-x86_64 1.21 28.00 151.00 179.00 OK
r-patched-linux-x86_64 1.21 23.78 217.22 241.00 OK
r-release-linux-x86_64 1.21 22.98 212.29 235.27 OK
r-release-macos-arm64 1.21 70.00 OK
r-release-macos-x86_64 1.21 191.00 OK
r-release-windows-x86_64 1.21 39.00 196.00 235.00 OK
r-oldrel-macos-arm64 1.21 72.00 OK
r-oldrel-windows-x86_64 1.21 41.00 193.00 234.00 OK

Check Details

Version: 1.21
Check: Rd files
Result: NOTE checkRd: (-1) ShapeSelect.Rd:18: Lost braces in \itemize; meant \describe ? checkRd: (-1) ShapeSelect.Rd:19: Lost braces in \itemize; meant \describe ? checkRd: (-1) cgam.Rd:21: Lost braces in \itemize; meant \describe ? checkRd: (-1) cgam.Rd:22: Lost braces in \itemize; meant \describe ? checkRd: (-1) cgam.Rd:23: Lost braces in \itemize; meant \describe ? checkRd: (-1) cgam.Rd:24: Lost braces in \itemize; meant \describe ? checkRd: (-1) cgam.Rd:25: Lost braces in \itemize; meant \describe ? checkRd: (-1) cgam.Rd:26: Lost braces in \itemize; meant \describe ? checkRd: (-1) cgam.Rd:27: Lost braces in \itemize; meant \describe ? checkRd: (-1) cgam.Rd:28: Lost braces in \itemize; meant \describe ? checkRd: (-1) cgam.Rd:29: Lost braces in \itemize; meant \describe ? checkRd: (-1) cgam.Rd:30: Lost braces in \itemize; meant \describe ? checkRd: (-1) cgam.Rd:31: Lost braces in \itemize; meant \describe ? checkRd: (-1) cgam.Rd:32: Lost braces in \itemize; meant \describe ? checkRd: (-1) cgam.Rd:33: Lost braces in \itemize; meant \describe ? checkRd: (-1) cgam.Rd:34: Lost braces in \itemize; meant \describe ? checkRd: (-1) cgam.Rd:35: Lost braces in \itemize; meant \describe ? checkRd: (-1) cgam.Rd:36: Lost braces in \itemize; meant \describe ? checkRd: (-1) cgam.Rd:37: Lost braces in \itemize; meant \describe ? checkRd: (-1) cgam.Rd:38: Lost braces in \itemize; meant \describe ? checkRd: (-1) cgam.Rd:39: Lost braces in \itemize; meant \describe ? checkRd: (-1) plotpersp.Rd:26: Lost braces in \itemize; meant \describe ? checkRd: (-1) plotpersp.Rd:27: Lost braces in \itemize; meant \describe ? checkRd: (-1) plotpersp.Rd:28: Lost braces in \itemize; meant \describe ? checkRd: (-1) plotpersp.Rd:29: Lost braces in \itemize; meant \describe ? checkRd: (-1) plotpersp.Rd:30: Lost braces in \itemize; meant \describe ? checkRd: (-1) plotpersp.Rd:31: Lost braces in \itemize; meant \describe ? checkRd: (-1) plotpersp.Rd:32: Lost braces in \itemize; meant \describe ? checkRd: (-1) plotpersp.Rd:33: Lost braces in \itemize; meant \describe ? checkRd: (-1) plotpersp.Rd:34: Lost braces in \itemize; meant \describe ? checkRd: (-1) plotpersp.Rd:35: Lost braces in \itemize; meant \describe ? checkRd: (-1) plotpersp.Rd:36: Lost braces in \itemize; meant \describe ? checkRd: (-1) plotpersp.Rd:37: Lost braces in \itemize; meant \describe ? checkRd: (-1) plotpersp.Rd:38: Lost braces in \itemize; meant \describe ? checkRd: (-1) plotpersp.Rd:39: Lost braces in \itemize; meant \describe ? checkRd: (-1) plotpersp.Rd:40: Lost braces in \itemize; meant \describe ? checkRd: (-1) plotpersp.Rd:41: Lost braces in \itemize; meant \describe ? checkRd: (-1) plotpersp.Rd:42: Lost braces in \itemize; meant \describe ? checkRd: (-1) plotpersp.Rd:43: Lost braces in \itemize; meant \describe ? checkRd: (-1) plotpersp.Rd:44: Lost braces in \itemize; meant \describe ? checkRd: (-1) plotpersp.Rd:45: Lost braces in \itemize; meant \describe ? checkRd: (-1) plotpersp.Rd:46: Lost braces in \itemize; meant \describe ? checkRd: (-1) shapes.Rd:16: Lost braces in \itemize; meant \describe ? checkRd: (-1) shapes.Rd:17: Lost braces in \itemize; meant \describe ? checkRd: (-1) shapes.Rd:18: Lost braces in \itemize; meant \describe ? Flavors: r-devel-linux-x86_64-debian-clang, r-devel-linux-x86_64-debian-gcc, r-devel-linux-x86_64-fedora-clang, r-devel-linux-x86_64-fedora-gcc