CRAN Package Check Results for Package changepoint

Last updated on 2019-03-25 19:47:11 CET.

Flavor Version Tinstall Tcheck Ttotal Status Flags
r-devel-linux-x86_64-debian-clang 2.2.2 8.85 128.61 137.46 NOTE
r-devel-linux-x86_64-debian-gcc 2.2.2 6.10 98.75 104.85 NOTE
r-devel-linux-x86_64-fedora-clang 2.2.2 162.58 NOTE
r-devel-linux-x86_64-fedora-gcc 2.2.2 154.78 NOTE
r-devel-windows-ix86+x86_64 2.2.2 27.00 277.00 304.00 NOTE
r-patched-linux-x86_64 2.2.2 6.85 132.01 138.86 NOTE
r-patched-solaris-x86 2.2.2 221.80 NOTE
r-release-linux-x86_64 2.2.2 7.22 132.68 139.90 NOTE
r-release-windows-ix86+x86_64 2.2.2 20.00 296.00 316.00 NOTE
r-release-osx-x86_64 2.2.2 NOTE
r-oldrel-windows-ix86+x86_64 2.2.2 11.00 225.00 236.00 NOTE
r-oldrel-osx-x86_64 2.2.2 NOTE

Check Details

Version: 2.2.2
Check: DESCRIPTION meta-information
Result: NOTE
    BugReports field is not a suitable URL but contains an email address
     which will be used as from R 3.4.0
Flavors: r-devel-linux-x86_64-debian-clang, r-devel-linux-x86_64-debian-gcc, r-devel-linux-x86_64-fedora-clang, r-devel-linux-x86_64-fedora-gcc, r-devel-windows-ix86+x86_64, r-patched-linux-x86_64, r-patched-solaris-x86, r-release-linux-x86_64, r-release-windows-ix86+x86_64, r-release-osx-x86_64, r-oldrel-windows-ix86+x86_64, r-oldrel-osx-x86_64

Version: 2.2.2
Check: compiled code
Result: NOTE
    File ‘changepoint/libs/changepoint.so’:
     Found no calls to: ‘R_registerRoutines’, ‘R_useDynamicSymbols’
    
    It is good practice to register native routines and to disable symbol
    search.
    
    See ‘Writing portable packages’ in the ‘Writing R Extensions’ manual.
Flavors: r-devel-linux-x86_64-fedora-clang, r-devel-linux-x86_64-fedora-gcc