CRAN Package Check Results for Package changepoint.np

Last updated on 2020-07-07 07:47:50 CEST.

Flavor Version Tinstall Tcheck Ttotal Status Flags
r-devel-linux-x86_64-debian-clang 1.0.2 5.38 37.14 42.52 OK
r-devel-linux-x86_64-debian-gcc 1.0.2 5.09 29.26 34.35 OK
r-devel-linux-x86_64-fedora-clang 1.0.2 61.03 NOTE
r-devel-linux-x86_64-fedora-gcc 1.0.2 52.11 NOTE
r-devel-windows-ix86+x86_64 1.0.2 18.00 64.00 82.00 OK
r-patched-linux-x86_64 1.0.2 5.30 37.21 42.51 OK
r-patched-solaris-x86 1.0.2 76.80 NOTE
r-release-linux-x86_64 1.0.2 5.92 37.19 43.11 OK
r-release-osx-x86_64 1.0.2 NOTE
r-release-windows-ix86+x86_64 1.0.2 16.00 62.00 78.00 OK
r-oldrel-osx-x86_64 1.0.2 NOTE
r-oldrel-windows-ix86+x86_64 1.0.2 13.00 80.00 93.00 OK

Check Details

Version: 1.0.2
Check: dependencies in R code
Result: NOTE
    Namespace in Imports field not imported from: ‘Rdpack’
     All declared Imports should be used.
Flavors: r-devel-linux-x86_64-fedora-clang, r-devel-linux-x86_64-fedora-gcc, r-patched-solaris-x86, r-release-osx-x86_64, r-oldrel-osx-x86_64