CRAN Package Check Results for Package charlatan

Last updated on 2019-02-21 07:48:29 CET.

Flavor Version Tinstall Tcheck Ttotal Status Flags
r-devel-linux-x86_64-debian-clang 0.3.0 18.61 74.52 93.13 OK
r-devel-linux-x86_64-debian-gcc 0.3.0 16.02 56.93 72.95 OK
r-devel-linux-x86_64-fedora-clang 0.3.0 116.15 OK
r-devel-linux-x86_64-fedora-gcc 0.3.0 101.17 OK
r-devel-windows-ix86+x86_64 0.3.0 33.00 105.00 138.00 OK
r-patched-linux-x86_64 0.3.0 OK
r-patched-solaris-x86 0.3.0 145.20 NOTE
r-release-linux-x86_64 0.3.0 OK
r-release-windows-ix86+x86_64 0.3.0 25.00 108.00 133.00 OK
r-release-osx-x86_64 0.3.0 OK
r-oldrel-windows-ix86+x86_64 0.3.0 6.00 90.00 96.00 OK
r-oldrel-osx-x86_64 0.3.0 OK

Check Details

Version: 0.3.0
Check: package dependencies
Result: NOTE
    Package suggested but not available for checking: ‘iptools’
Flavor: r-patched-solaris-x86