CRAN Package Check Results for Package charlatan

Last updated on 2018-11-21 15:47:17 CET.

Flavor Version Tinstall Tcheck Ttotal Status Flags
r-devel-linux-x86_64-debian-clang 0.3.0 17.39 77.55 94.94 OK
r-devel-linux-x86_64-debian-gcc 0.3.0 15.41 60.22 75.63 OK
r-devel-linux-x86_64-fedora-clang 0.3.0 112.22 OK
r-devel-linux-x86_64-fedora-gcc 0.3.0 101.39 OK
r-devel-windows-ix86+x86_64 0.3.0 33.00 76.00 109.00 OK
r-patched-linux-x86_64 0.3.0 15.63 72.43 88.06 OK
r-patched-solaris-x86 0.3.0 137.40 NOTE
r-release-linux-x86_64 0.3.0 16.22 72.89 89.11 OK
r-release-windows-ix86+x86_64 0.3.0 24.00 111.00 135.00 OK
r-release-osx-x86_64 0.3.0 OK
r-oldrel-windows-ix86+x86_64 0.3.0 8.00 94.00 102.00 OK
r-oldrel-osx-x86_64 0.3.0 OK

Check Details

Version: 0.3.0
Check: package dependencies
Result: NOTE
    Package suggested but not available for checking: ‘iptools’
Flavor: r-patched-solaris-x86