CRAN Package Check Results for Package charlatan

Last updated on 2018-08-20 15:51:32 CEST.

Flavor Version Tinstall Tcheck Ttotal Status Flags
r-devel-linux-x86_64-debian-clang 0.2.2 11.90 67.38 79.28 OK
r-devel-linux-x86_64-debian-gcc 0.2.2 11.96 51.85 63.81 OK
r-devel-linux-x86_64-fedora-clang 0.2.2 97.66 OK
r-devel-linux-x86_64-fedora-gcc 0.2.2 87.99 OK
r-devel-windows-ix86+x86_64 0.2.2 24.00 67.00 91.00 OK
r-patched-linux-x86_64 0.2.2 13.55 62.73 76.28 OK
r-patched-solaris-x86 0.2.2 121.90 NOTE
r-release-linux-x86_64 0.2.2 11.12 62.93 74.05 OK
r-release-windows-ix86+x86_64 0.2.2 25.00 89.00 114.00 OK
r-release-osx-x86_64 0.2.2 OK
r-oldrel-windows-ix86+x86_64 0.2.2 6.00 85.00 91.00 OK
r-oldrel-osx-x86_64 0.2.2 OK

Check Details

Version: 0.2.2
Check: package dependencies
Result: NOTE
    Package suggested but not available for checking: ‘iptools’
Flavor: r-patched-solaris-x86