CRAN Package Check Results for Package checkmate

Last updated on 2018-05-24 17:49:17 CEST.

Flavor Version Tinstall Tcheck Ttotal Status Flags
r-devel-linux-x86_64-debian-clang 1.8.5 6.41 43.02 49.43 WARN
r-devel-linux-x86_64-debian-gcc 1.8.5 6.64 38.86 45.50 WARN
r-devel-linux-x86_64-fedora-clang 1.8.5 72.03 OK
r-devel-linux-x86_64-fedora-gcc 1.8.5 69.49 OK
r-devel-windows-ix86+x86_64 1.8.5 26.00 79.00 105.00 OK
r-patched-linux-x86_64 1.8.5 8.05 46.02 54.07 WARN
r-patched-solaris-x86 1.8.5 96.10 OK
r-release-linux-x86_64 1.8.5 7.51 45.69 53.20 WARN
r-release-windows-ix86+x86_64 1.8.5 35.00 98.00 133.00 OK
r-release-osx-x86_64 1.8.5 WARN
r-oldrel-windows-ix86+x86_64 1.8.5 34.00 103.00 137.00 OK
r-oldrel-osx-x86_64 1.8.5 OK

Check Details

Version: 1.8.5
Check: re-building of vignette outputs
Result: WARN
    Error in re-building vignettes:
     ...
    Quitting from lines 160-170 (checkmate.Rmd)
    Error: processing vignette ‘checkmate.Rmd’ failed with diagnostics:
    Objects of type microbenchmark/data.frame not supported by autoplot.
    Execution halted
Flavors: r-devel-linux-x86_64-debian-clang, r-devel-linux-x86_64-debian-gcc, r-patched-linux-x86_64, r-release-linux-x86_64

Version: 1.8.5
Check: re-building of vignette outputs
Result: WARN
    Error in re-building vignettes:
     ...
    Warning in engine$weave(file, quiet = quiet, encoding = enc) :
     Pandoc (>= 1.12.3) and/or pandoc-citeproc not available. Falling back to R Markdown v1.
    Quitting from lines 160-170 (checkmate.Rmd)
    Error: processing vignette 'checkmate.Rmd' failed with diagnostics:
    package or namespace load failed for 'ggplot2' in library.dynam(lib, package, package.lib):
     shared object 'plyr.so' not found
    Execution halted
Flavor: r-release-osx-x86_64