CRAN Package Check Results for Package checkmate

Last updated on 2018-10-16 10:51:00 CEST.

Flavor Version Tinstall Tcheck Ttotal Status Flags
r-devel-linux-x86_64-debian-clang 1.8.5 6.67 55.75 62.42 OK
r-devel-linux-x86_64-debian-gcc 1.8.5 6.32 44.05 50.37 WARN
r-devel-linux-x86_64-fedora-clang 1.8.5 74.42 OK
r-devel-linux-x86_64-fedora-gcc 1.8.5 72.47 WARN
r-devel-windows-ix86+x86_64 1.8.5 35.00 123.00 158.00 OK
r-patched-linux-x86_64 1.8.5 6.66 51.60 58.26 WARN
r-patched-solaris-x86 1.8.5 95.40 OK
r-release-linux-x86_64 1.8.5 7.11 50.81 57.92 WARN
r-release-windows-ix86+x86_64 1.8.5 30.00 118.00 148.00 OK
r-release-osx-x86_64 1.8.5 WARN
r-oldrel-windows-ix86+x86_64 1.8.5 42.00 109.00 151.00 OK
r-oldrel-osx-x86_64 1.8.5 OK

Additional issues

rchk

Check Details

Version: 1.8.5
Check: whether package can be installed
Result: WARN
    Found the following significant warnings:
     guess_type.c:14:9: warning: ‘strncpy’ specified bound 512 equals destination size [-Wstringop-truncation]
Flavors: r-devel-linux-x86_64-debian-gcc, r-devel-linux-x86_64-fedora-gcc, r-patched-linux-x86_64, r-release-linux-x86_64

Version: 1.8.5
Check: re-building of vignette outputs
Result: WARN
    Error in re-building vignettes:
     ...
    Warning in engine$weave(file, quiet = quiet, encoding = enc) :
     Pandoc (>= 1.12.3) and/or pandoc-citeproc not available. Falling back to R Markdown v1.
    Quitting from lines 160-170 (checkmate.Rmd)
    Error: processing vignette 'checkmate.Rmd' failed with diagnostics:
    package or namespace load failed for 'ggplot2' in library.dynam(lib, package, package.lib):
     shared object 'plyr.so' not found
    Execution halted
Flavor: r-release-osx-x86_64