CRAN Package Check Results for Package checkmate

Last updated on 2018-08-16 22:50:23 CEST.

Flavor Version Tinstall Tcheck Ttotal Status Flags
r-devel-linux-x86_64-debian-clang 1.8.5 8.44 51.69 60.13 WARN
r-devel-linux-x86_64-debian-gcc 1.8.5 5.81 40.67 46.48 WARN
r-devel-linux-x86_64-fedora-clang 1.8.5 75.61 OK
r-devel-linux-x86_64-fedora-gcc 1.8.5 72.87 WARN
r-devel-windows-ix86+x86_64 1.8.5 28.00 110.00 138.00 OK
r-patched-linux-x86_64 1.8.5 8.36 46.62 54.98 WARN
r-patched-solaris-x86 1.8.5 98.20 OK
r-release-linux-x86_64 1.8.5 6.96 47.25 54.21 WARN
r-release-windows-ix86+x86_64 1.8.5 44.00 111.00 155.00 OK
r-release-osx-x86_64 1.8.5 WARN
r-oldrel-windows-ix86+x86_64 1.8.5 40.00 92.00 132.00 OK
r-oldrel-osx-x86_64 1.8.5 OK

Additional issues

rchk

Check Details

Version: 1.8.5
Check: re-building of vignette outputs
Result: WARN
    Error in re-building vignettes:
     ...
    Quitting from lines 160-170 (checkmate.Rmd)
    Error: processing vignette ‘checkmate.Rmd’ failed with diagnostics:
    Objects of type microbenchmark/data.frame not supported by autoplot.
    Execution halted
Flavors: r-devel-linux-x86_64-debian-clang, r-devel-linux-x86_64-debian-gcc, r-patched-linux-x86_64, r-release-linux-x86_64

Version: 1.8.5
Check: whether package can be installed
Result: WARN
    Found the following significant warnings:
     guess_type.c:14:9: warning: ‘strncpy’ specified bound 512 equals destination size [-Wstringop-truncation]
Flavors: r-devel-linux-x86_64-debian-gcc, r-devel-linux-x86_64-fedora-gcc, r-patched-linux-x86_64, r-release-linux-x86_64

Version: 1.8.5
Check: re-building of vignette outputs
Result: WARN
    Error in re-building vignettes:
     ...
    Warning in engine$weave(file, quiet = quiet, encoding = enc) :
     Pandoc (>= 1.12.3) and/or pandoc-citeproc not available. Falling back to R Markdown v1.
    Quitting from lines 160-170 (checkmate.Rmd)
    Error: processing vignette 'checkmate.Rmd' failed with diagnostics:
    package or namespace load failed for 'ggplot2' in library.dynam(lib, package, package.lib):
     shared object 'plyr.so' not found
    Execution halted
Flavor: r-release-osx-x86_64