CRAN Package Check Results for Package checkpoint

Last updated on 2018-02-21 05:48:28 CET.

Flavor Version Tinstall Tcheck Ttotal Status Flags
r-devel-linux-x86_64-debian-clang 0.4.3 1.82 43.65 45.47 OK
r-devel-linux-x86_64-debian-gcc 0.4.3 1.43 34.05 35.48 OK
r-devel-linux-x86_64-fedora-clang 0.4.3 39.83 OK
r-devel-linux-x86_64-fedora-gcc 0.4.3 38.24 OK
r-devel-windows-ix86+x86_64 0.4.3 3.00 86.00 89.00 ERROR
r-patched-linux-x86_64 0.4.3 0.92 46.39 47.31 OK
r-patched-solaris-x86 0.4.3 55.50 OK
r-release-linux-x86_64 0.4.3 0.89 46.24 47.13 OK
r-release-windows-ix86+x86_64 0.4.3 7.00 111.00 118.00 ERROR
r-release-osx-x86_64 0.4.3 OK
r-oldrel-windows-ix86+x86_64 0.4.3 6.00 97.00 103.00 ERROR
r-oldrel-osx-x86_64 0.4.3 OK

Check Details

Version: 0.4.3
Check: tests
Result: ERROR
     Running 'test-all.R' [25s]
    Running the tests in 'tests/test-all.R' failed.
    Last 13 lines of output:
     checkpoint: Part of the Reproducible R Toolkit from Microsoft
     https://mran.microsoft.com/documents/rro/reproducibility/
     -- 1. Failure: is.404 (@test-0-is-404.R#11) -----------------------------------
     is.404("http://mran.microsoft.com/snapshot") isn't false.
    
     -- 2. Failure: is.404 (@test-0-is-404.R#14) -----------------------------------
     is.404("http://mran.microsoft.com/snapshot/2015-05-01") isn't false.
    
     == testthat results ===========================================================
     OK: 60 SKIPPED: 7 FAILED: 2
     1. Failure: is.404 (@test-0-is-404.R#11)
     2. Failure: is.404 (@test-0-is-404.R#14)
    
     Error: testthat unit tests failed
     Execution halted
Flavor: r-devel-windows-ix86+x86_64

Version: 0.4.3
Check: tests
Result: ERROR
     Running 'test-all.R' [28s]
    Running the tests in 'tests/test-all.R' failed.
    Last 13 lines of output:
     checkpoint: Part of the Reproducible R Toolkit from Microsoft
     https://mran.microsoft.com/documents/rro/reproducibility/
     -- 1. Failure: is.404 (@test-0-is-404.R#11) -----------------------------------
     is.404("http://mran.microsoft.com/snapshot") isn't false.
    
     -- 2. Failure: is.404 (@test-0-is-404.R#14) -----------------------------------
     is.404("http://mran.microsoft.com/snapshot/2015-05-01") isn't false.
    
     == testthat results ===========================================================
     OK: 60 SKIPPED: 7 FAILED: 2
     1. Failure: is.404 (@test-0-is-404.R#11)
     2. Failure: is.404 (@test-0-is-404.R#14)
    
     Error: testthat unit tests failed
     Execution halted
Flavor: r-release-windows-ix86+x86_64

Version: 0.4.3
Check: tests
Result: ERROR
     Running 'test-all.R' [26s]
    Running the tests in 'tests/test-all.R' failed.
    Last 13 lines of output:
     checkpoint: Part of the Reproducible R Toolkit from Microsoft
     https://mran.microsoft.com/documents/rro/reproducibility/
     -- 1. Failure: is.404 (@test-0-is-404.R#11) -----------------------------------
     is.404("http://mran.microsoft.com/snapshot") isn't false.
    
     -- 2. Failure: is.404 (@test-0-is-404.R#14) -----------------------------------
     is.404("http://mran.microsoft.com/snapshot/2015-05-01") isn't false.
    
     == testthat results ===========================================================
     OK: 60 SKIPPED: 7 FAILED: 2
     1. Failure: is.404 (@test-0-is-404.R#11)
     2. Failure: is.404 (@test-0-is-404.R#14)
    
     Error: testthat unit tests failed
     Execution halted
Flavor: r-oldrel-windows-ix86+x86_64