CRAN Package Check Results for Package checkpoint

Last updated on 2018-08-19 02:47:40 CEST.

Flavor Version Tinstall Tcheck Ttotal Status Flags
r-devel-linux-x86_64-debian-clang 0.4.3 1.75 44.11 45.86 OK
r-devel-linux-x86_64-debian-gcc 0.4.3 1.57 35.20 36.77 OK
r-devel-linux-x86_64-fedora-clang 0.4.3 44.35 OK
r-devel-linux-x86_64-fedora-gcc 0.4.3 41.98 OK
r-devel-windows-ix86+x86_64 0.4.3 6.00 121.00 127.00 ERROR
r-patched-linux-x86_64 0.4.3 1.45 41.81 43.26 OK
r-patched-solaris-x86 0.4.3 63.40 OK
r-release-linux-x86_64 0.4.3 1.50 41.75 43.25 OK
r-release-windows-ix86+x86_64 0.4.3 6.00 108.00 114.00 ERROR
r-release-osx-x86_64 0.4.3 OK
r-oldrel-windows-ix86+x86_64 0.4.3 3.00 111.00 114.00 ERROR
r-oldrel-osx-x86_64 0.4.3 OK

Check Details

Version: 0.4.3
Check: tests
Result: ERROR
     Running 'test-all.R' [28s]
    Running the tests in 'tests/test-all.R' failed.
    Complete output:
     > library(cli)
     > library(testthat)
     > old.env <- Sys.getenv("checkpoint.mock.install")
     > Sys.setenv("checkpoint.mock.install" = TRUE)
     > test_check("checkpoint")
     Loading required package: checkpoint
    
     checkpoint: Part of the Reproducible R Toolkit from Microsoft
     https://mran.microsoft.com/documents/rro/reproducibility/
     -- 1. Failure: is.404 (@test-0-is-404.R#11) -----------------------------------
     is.404("http://mran.microsoft.com/snapshot") isn't false.
    
     -- 2. Failure: is.404 (@test-0-is-404.R#14) -----------------------------------
     is.404("http://mran.microsoft.com/snapshot/2015-05-01") isn't false.
    
     == testthat results ===========================================================
     OK: 60 SKIPPED: 7 FAILED: 2
     1. Failure: is.404 (@test-0-is-404.R#11)
     2. Failure: is.404 (@test-0-is-404.R#14)
    
     Error: testthat unit tests failed
     Execution halted
Flavors: r-devel-windows-ix86+x86_64, r-oldrel-windows-ix86+x86_64

Version: 0.4.3
Check: tests
Result: ERROR
     Running 'test-all.R' [29s]
    Running the tests in 'tests/test-all.R' failed.
    Complete output:
     > library(cli)
     > library(testthat)
     > old.env <- Sys.getenv("checkpoint.mock.install")
     > Sys.setenv("checkpoint.mock.install" = TRUE)
     > test_check("checkpoint")
     Loading required package: checkpoint
    
     checkpoint: Part of the Reproducible R Toolkit from Microsoft
     https://mran.microsoft.com/documents/rro/reproducibility/
     -- 1. Failure: is.404 (@test-0-is-404.R#11) -----------------------------------
     is.404("http://mran.microsoft.com/snapshot") isn't false.
    
     -- 2. Failure: is.404 (@test-0-is-404.R#14) -----------------------------------
     is.404("http://mran.microsoft.com/snapshot/2015-05-01") isn't false.
    
     == testthat results ===========================================================
     OK: 60 SKIPPED: 7 FAILED: 2
     1. Failure: is.404 (@test-0-is-404.R#11)
     2. Failure: is.404 (@test-0-is-404.R#14)
    
     Error: testthat unit tests failed
     Execution halted
Flavor: r-release-windows-ix86+x86_64