CRAN Package Check Results for Package checkpoint

Last updated on 2018-05-25 13:47:48 CEST.

Flavor Version Tinstall Tcheck Ttotal Status Flags
r-devel-linux-x86_64-debian-clang 0.4.3 1.73 44.98 46.71 OK
r-devel-linux-x86_64-debian-gcc 0.4.3 1.37 35.91 37.28 OK
r-devel-linux-x86_64-fedora-clang 0.4.3 42.13 OK
r-devel-linux-x86_64-fedora-gcc 0.4.3 40.30 OK
r-devel-windows-ix86+x86_64 0.4.3 5.00 104.00 109.00 ERROR
r-patched-linux-x86_64 0.4.3 1.82 43.53 45.35 OK
r-patched-solaris-x86 0.4.3 61.00 OK
r-release-linux-x86_64 0.4.3 1.34 43.15 44.49 OK
r-release-windows-ix86+x86_64 0.4.3 5.00 131.00 136.00 ERROR
r-release-osx-x86_64 0.4.3 OK
r-oldrel-windows-ix86+x86_64 0.4.3 4.00 125.00 129.00 ERROR
r-oldrel-osx-x86_64 0.4.3 OK

Check Details

Version: 0.4.3
Check: tests
Result: ERROR
     Running 'test-all.R' [27s]
    Running the tests in 'tests/test-all.R' failed.
    Complete output:
     > library(cli)
     > library(testthat)
     > old.env <- Sys.getenv("checkpoint.mock.install")
     > Sys.setenv("checkpoint.mock.install" = TRUE)
     > test_check("checkpoint")
     Loading required package: checkpoint
    
     checkpoint: Part of the Reproducible R Toolkit from Microsoft
     https://mran.microsoft.com/documents/rro/reproducibility/
     -- 1. Failure: is.404 (@test-0-is-404.R#11) -----------------------------------
     is.404("http://mran.microsoft.com/snapshot") isn't false.
    
     -- 2. Failure: is.404 (@test-0-is-404.R#14) -----------------------------------
     is.404("http://mran.microsoft.com/snapshot/2015-05-01") isn't false.
    
     == testthat results ===========================================================
     OK: 60 SKIPPED: 7 FAILED: 2
     1. Failure: is.404 (@test-0-is-404.R#11)
     2. Failure: is.404 (@test-0-is-404.R#14)
    
     Error: testthat unit tests failed
     Execution halted
Flavors: r-devel-windows-ix86+x86_64, r-release-windows-ix86+x86_64

Version: 0.4.3
Check: tests
Result: ERROR
     Running 'test-all.R' [28s]
    Running the tests in 'tests/test-all.R' failed.
    Complete output:
     > library(cli)
     > library(testthat)
     > old.env <- Sys.getenv("checkpoint.mock.install")
     > Sys.setenv("checkpoint.mock.install" = TRUE)
     > test_check("checkpoint")
     Loading required package: checkpoint
    
     checkpoint: Part of the Reproducible R Toolkit from Microsoft
     https://mran.microsoft.com/documents/rro/reproducibility/
     -- 1. Failure: is.404 (@test-0-is-404.R#11) -----------------------------------
     is.404("http://mran.microsoft.com/snapshot") isn't false.
    
     -- 2. Failure: is.404 (@test-0-is-404.R#14) -----------------------------------
     is.404("http://mran.microsoft.com/snapshot/2015-05-01") isn't false.
    
     == testthat results ===========================================================
     OK: 60 SKIPPED: 7 FAILED: 2
     1. Failure: is.404 (@test-0-is-404.R#11)
     2. Failure: is.404 (@test-0-is-404.R#14)
    
     Error: testthat unit tests failed
     Execution halted
Flavor: r-oldrel-windows-ix86+x86_64