CRAN Package Check Results for Package chemmodlab

Last updated on 2018-07-18 07:31:11 CEST.

Flavor Version Tinstall Tcheck Ttotal Status Flags
r-devel-linux-x86_64-debian-clang 1.0.0 3.73 44.24 47.97 OK
r-devel-linux-x86_64-debian-gcc 1.0.0 2.97 35.68 38.65 OK
r-devel-linux-x86_64-fedora-clang 1.0.0 58.18 NOTE
r-devel-linux-x86_64-fedora-gcc 1.0.0 53.41 NOTE
r-devel-windows-ix86+x86_64 1.0.0 10.00 75.00 85.00 OK
r-patched-linux-x86_64 1.0.0 2.96 41.77 44.73 OK
r-patched-solaris-x86 1.0.0 81.30 NOTE
r-release-linux-x86_64 1.0.0 3.12 41.69 44.81 OK
r-release-windows-ix86+x86_64 1.0.0 8.00 72.00 80.00 OK
r-release-osx-x86_64 1.0.0 NOTE
r-oldrel-windows-ix86+x86_64 1.0.0 8.00 54.00 62.00 OK
r-oldrel-osx-x86_64 1.0.0 NOTE

Check Details

Version: 1.0.0
Check: dependencies in R code
Result: NOTE
    Namespaces in Imports field not imported from:
     ‘datasets’ ‘foreach’
     All declared Imports should be used.
Flavors: r-devel-linux-x86_64-fedora-clang, r-devel-linux-x86_64-fedora-gcc, r-patched-solaris-x86, r-release-osx-x86_64, r-oldrel-osx-x86_64