CRAN Package Check Results for Package chemmodlab

Last updated on 2018-09-25 09:47:07 CEST.

Flavor Version Tinstall Tcheck Ttotal Status Flags
r-devel-linux-x86_64-debian-clang 1.0.0 2.64 43.03 45.67 OK
r-devel-linux-x86_64-debian-gcc 1.0.0 3.48 36.35 39.83 OK
r-devel-linux-x86_64-fedora-clang 1.0.0 57.27 NOTE
r-devel-linux-x86_64-fedora-gcc 1.0.0 56.73 NOTE
r-devel-windows-ix86+x86_64 1.0.0 9.00 77.00 86.00 OK
r-patched-linux-x86_64 1.0.0 3.54 41.43 44.97 OK
r-patched-solaris-x86 1.0.0 79.70 NOTE
r-release-linux-x86_64 1.0.0 3.13 41.06 44.19 OK
r-release-windows-ix86+x86_64 1.0.0 10.00 67.00 77.00 OK
r-release-osx-x86_64 1.0.0 NOTE
r-oldrel-windows-ix86+x86_64 1.0.0 4.00 74.00 78.00 OK
r-oldrel-osx-x86_64 1.0.0 NOTE

Check Details

Version: 1.0.0
Check: dependencies in R code
Result: NOTE
    Namespaces in Imports field not imported from:
     ‘datasets’ ‘foreach’
     All declared Imports should be used.
Flavors: r-devel-linux-x86_64-fedora-clang, r-devel-linux-x86_64-fedora-gcc, r-patched-solaris-x86, r-release-osx-x86_64, r-oldrel-osx-x86_64