CRAN Package Check Results for Package chemmodlab

Last updated on 2018-12-18 14:47:13 CET.

Flavor Version Tinstall Tcheck Ttotal Status Flags
r-devel-linux-x86_64-debian-clang 1.0.0 2.96 41.16 44.12 OK
r-devel-linux-x86_64-debian-gcc 1.0.0 2.52 33.29 35.81 OK
r-devel-linux-x86_64-fedora-clang 1.0.0 52.19 NOTE
r-devel-linux-x86_64-fedora-gcc 1.0.0 49.80 NOTE
r-devel-windows-ix86+x86_64 1.0.0 7.00 63.00 70.00 OK
r-patched-linux-x86_64 1.0.0 4.14 37.80 41.94 OK
r-patched-solaris-x86 1.0.0 70.80 NOTE
r-release-linux-x86_64 1.0.0 4.08 38.37 42.45 OK
r-release-windows-ix86+x86_64 1.0.0 9.00 67.00 76.00 OK
r-release-osx-x86_64 1.0.0 NOTE
r-oldrel-windows-ix86+x86_64 1.0.0 4.00 70.00 74.00 OK
r-oldrel-osx-x86_64 1.0.0 NOTE

Check Details

Version: 1.0.0
Check: dependencies in R code
Result: NOTE
    Namespaces in Imports field not imported from:
     ‘datasets’ ‘foreach’
     All declared Imports should be used.
Flavors: r-devel-linux-x86_64-fedora-clang, r-devel-linux-x86_64-fedora-gcc, r-patched-solaris-x86, r-release-osx-x86_64, r-oldrel-osx-x86_64