CRAN Package Check Results for Package chemmodlab

Last updated on 2018-01-21 22:47:51 CET.

Flavor Version Tinstall Tcheck Ttotal Status Flags
r-devel-linux-x86_64-debian-clang 1.0.0 0.94 43.59 44.53 OK
r-devel-linux-x86_64-debian-gcc 1.0.0 0.73 34.30 35.03 OK
r-devel-linux-x86_64-fedora-clang 1.0.0 52.81 NOTE
r-devel-linux-x86_64-fedora-gcc 1.0.0 52.38 NOTE
r-devel-windows-ix86+x86_64 1.0.0 3.00 52.00 55.00 OK
r-patched-linux-x86_64 1.0.0 1.08 42.87 43.95 OK
r-patched-solaris-x86 1.0.0 76.20 NOTE
r-release-linux-x86_64 1.0.0 1.08 42.55 43.63 OK
r-release-windows-ix86+x86_64 1.0.0 6.00 56.00 62.00 OK
r-release-osx-x86_64 1.0.0 NOTE
r-oldrel-windows-ix86+x86_64 1.0.0 8.00 52.00 60.00 OK
r-oldrel-osx-x86_64 1.0.0 NOTE

Check Details

Version: 1.0.0
Check: dependencies in R code
Result: NOTE
    Namespaces in Imports field not imported from:
     ‘datasets’ ‘foreach’
     All declared Imports should be used.
Flavors: r-devel-linux-x86_64-fedora-clang, r-devel-linux-x86_64-fedora-gcc, r-patched-solaris-x86, r-release-osx-x86_64, r-oldrel-osx-x86_64