CRAN Package Check Results for Package chemmodlab

Last updated on 2018-04-22 15:47:04 CEST.

Flavor Version Tinstall Tcheck Ttotal Status Flags
r-devel-linux-x86_64-debian-clang 1.0.0 3.46 41.17 44.63 OK
r-devel-linux-x86_64-debian-gcc 1.0.0 2.31 33.14 35.45 OK
r-devel-linux-x86_64-fedora-clang 1.0.0 54.08 NOTE
r-devel-linux-x86_64-fedora-gcc 1.0.0 51.76 NOTE
r-devel-windows-ix86+x86_64 1.0.0 10.00 53.00 63.00 OK
r-devel-osx-x86_64 1.0.0 NOTE
r-patched-linux-x86_64 1.0.0 3.30 40.77 44.07 OK
r-patched-solaris-x86 1.0.0 78.20 NOTE
r-release-linux-x86_64 1.0.0 1.25 41.86 43.11 OK
r-release-windows-ix86+x86_64 1.0.0 4.00 49.00 53.00 OK
r-release-osx-x86_64 1.0.0 NOTE
r-oldrel-windows-ix86+x86_64 1.0.0 5.00 43.00 48.00 OK

Check Details

Version: 1.0.0
Check: dependencies in R code
Result: NOTE
    Namespaces in Imports field not imported from:
     ‘datasets’ ‘foreach’
     All declared Imports should be used.
Flavors: r-devel-linux-x86_64-fedora-clang, r-devel-linux-x86_64-fedora-gcc, r-devel-osx-x86_64, r-patched-solaris-x86, r-release-osx-x86_64