Last updated on 2022-08-13 07:11:30 CEST.
Flavor | Version | Tinstall | Tcheck | Ttotal | Status | Flags |
---|---|---|---|---|---|---|
r-devel-linux-x86_64-debian-clang | 0.2.3 | 2.74 | 39.49 | 42.23 | OK | |
r-devel-linux-x86_64-debian-gcc | 0.2.3 | 1.91 | 30.33 | 32.24 | OK | |
r-devel-linux-x86_64-fedora-clang | 0.2.3 | 59.50 | NOTE | |||
r-devel-linux-x86_64-fedora-gcc | 0.2.3 | 57.41 | NOTE | |||
r-devel-windows-x86_64 | 0.2.3 | 18.00 | 98.00 | 116.00 | OK | |
r-patched-linux-x86_64 | 0.2.3 | 2.14 | 37.72 | 39.86 | OK | |
r-release-linux-x86_64 | 0.2.3 | 2.24 | 37.63 | 39.87 | OK | |
r-release-macos-arm64 | 0.2.3 | 52.00 | NOTE | |||
r-release-macos-x86_64 | 0.2.3 | 64.00 | NOTE | |||
r-release-windows-x86_64 | 0.2.3 | 23.00 | 97.00 | 120.00 | OK | |
r-oldrel-macos-arm64 | 0.2.3 | 43.00 | NOTE | |||
r-oldrel-macos-x86_64 | 0.2.3 | 54.00 | NOTE | |||
r-oldrel-windows-ix86+x86_64 | 0.2.3 | 7.00 | 87.00 | 94.00 | OK |
Version: 0.2.3
Check: dependencies in R code
Result: NOTE
Namespace in Imports field not imported from: ‘dbplyr’
All declared Imports should be used.
Flavors: r-devel-linux-x86_64-fedora-clang, r-devel-linux-x86_64-fedora-gcc, r-release-macos-arm64, r-release-macos-x86_64, r-oldrel-macos-arm64, r-oldrel-macos-x86_64