CRAN Package Check Results for Package chillR

Last updated on 2019-02-17 21:47:27 CET.

Flavor Version Tinstall Tcheck Ttotal Status Flags
r-devel-linux-x86_64-debian-clang 0.70.12 15.61 193.60 209.21 OK
r-devel-linux-x86_64-debian-gcc 0.70.14 15.68 153.38 169.06 OK
r-devel-linux-x86_64-fedora-clang 0.70.14 271.28 OK
r-devel-linux-x86_64-fedora-gcc 0.70.14 258.33 OK
r-devel-windows-ix86+x86_64 0.70.14 37.00 209.00 246.00 OK
r-patched-linux-x86_64 0.70.12 16.05 181.71 197.76 OK
r-patched-solaris-x86 0.70.14 360.20 OK
r-release-linux-x86_64 0.70.14 OK
r-release-windows-ix86+x86_64 0.70.14 19.00 265.00 284.00 WARN
r-release-osx-x86_64 0.70.14 OK
r-oldrel-windows-ix86+x86_64 0.70.12 16.00 216.00 232.00 OK
r-oldrel-osx-x86_64 0.70.14 OK

Check Details

Version: 0.70.14
Check: whether package can be installed
Result: WARN
    Found the following significant warnings:
     Warning: S3 methods '[.fun_list', '[.grouped_df', 'all.equal.tbl_df', 'anti_join.data.frame', 'anti_join.tbl_df', 'arrange.data.frame', 'arrange.default', 'arrange.grouped_df', 'arrange.tbl_df', 'arrange_.data.frame', 'arrange_.tbl_df', 'as.data.frame.grouped_df', 'as.data.frame.rowwise_df', 'as.data.frame.tbl_cube', 'as.table.tbl_cube', 'as.tbl.data.frame', 'as.tbl.tbl', 'as.tbl_cube.array', 'as.tbl_cube.data.frame', 'as.tbl_cube.matrix', 'as.tbl_cube.table', 'as_tibble.grouped_df', 'as_tibble.tbl_cube', 'auto_copy.tbl_cube', 'auto_copy.tbl_df', 'cbind.grouped_df', 'collapse.data.frame', 'collect.data.frame', 'common_by.NULL', 'common_by.character', 'common_by.default', 'common_by.list', 'compute.data.frame', 'copy_to.DBIConnection', 'copy_to.src_local', 'default_missing.data.frame', 'default_missing.default', 'dim.tbl_cube', 'distinct.data.frame', 'distinct.default', 'distinct.grouped_df', 'distinct.tbl_df', 'distinct_.data.frame', 'distinct_.grouped_df', 'distinct_.tbl_df', 'do.NULL', 'do.da [... truncated]
Flavor: r-release-windows-ix86+x86_64