CRAN Package Check Results for Package chillR

Last updated on 2018-08-21 06:49:59 CEST.

Flavor Version Tinstall Tcheck Ttotal Status Flags
r-devel-linux-x86_64-debian-clang 0.70.6 17.24 188.54 205.78 OK
r-devel-linux-x86_64-debian-gcc 0.70.6 14.72 145.03 159.75 OK
r-devel-linux-x86_64-fedora-clang 0.70.6 242.14 OK
r-devel-linux-x86_64-fedora-gcc 0.70.6 235.40 OK
r-devel-windows-ix86+x86_64 0.70.6 34.00 166.00 200.00 ERROR
r-patched-linux-x86_64 0.70.6 15.94 168.54 184.48 OK
r-patched-solaris-x86 0.70.6 270.60 ERROR
r-release-linux-x86_64 0.70.6 17.51 168.18 185.69 OK
r-release-windows-ix86+x86_64 0.70.6 28.00 239.00 267.00 OK
r-release-osx-x86_64 0.70.6 OK
r-oldrel-windows-ix86+x86_64 0.70.6 16.00 250.00 266.00 OK
r-oldrel-osx-x86_64 0.70.6 OK

Check Details

Version: 0.70.6
Check: examples
Result: ERROR
    Running examples in 'chillR-Ex.R' failed
    The error most likely occurred in:
    
    > ### Name: handle_ucipm
    > ### Title: List, download or convert to chillR format data from the UCIPM
    > ### database
    > ### Aliases: handle_ucipm
    > ### Keywords: utilities
    >
    > ### ** Examples
    >
    >
    > #handle_ucipm(action="list_stations",location=c(x=-122,y=38.5),time_interval=c(2012,2012))
    > gw<-handle_ucipm(action="download_weather",location="WINTERS.A",time_interval=c(2012,2012))
    > #weather<-handle_ucipm(gw)$weather
    > #make_chill_plot(tempResponse(stack_hourly_temps(fix_weather(weather)),Start_JDay=300,End_JDay=50),
    > # "Chill_Portions",start_year=2010,end_year=2012,metriclabel="Chill Portions",
    > # misstolerance = 50)
    >
    >
    >
    >
    > cleanEx()
    Error: connections left open:
     weather (textConnection)
    Execution halted
Flavor: r-devel-windows-ix86+x86_64

Version: 0.70.6
Check: examples
Result: ERROR
    Running examples in ‘chillR-Ex.R’ failed
    The error most likely occurred in:
    
    > ### Name: getClimateWizardData
    > ### Title: Extract climate data from the ClimateWizard database
    > ### Aliases: getClimateWizardData
    > ### Keywords: utility
    >
    > ### ** Examples
    >
    >
    > getClimateWizardData(coordinates=c(longitude=10.613975,latitude=34.933439),
    + scenario="historical",
    + start_year=1970,
    + end_year=2000,
    + metric=c("CD18","R02"),
    + GCMs=c("bcc-csm1-1","BNU-ESM"))
    Error in open.connection(con, "rb") :
     Timeout was reached: Resolving timed out after 10000 milliseconds
    Calls: getClimateWizardData ... fromJSON_string -> parseJSON -> parse_con -> open -> open.connection
    Execution halted
Flavor: r-patched-solaris-x86