CRAN Package Check Results for Package chillR

Last updated on 2018-05-21 21:47:48 CEST.

Flavor Version Tinstall Tcheck Ttotal Status Flags
r-devel-linux-x86_64-debian-clang 0.70.2 12.61 151.04 163.65 OK
r-devel-linux-x86_64-debian-gcc 0.70.2 12.00 135.83 147.83 OK
r-devel-linux-x86_64-fedora-clang 0.70.2 233.25 OK
r-devel-linux-x86_64-fedora-gcc 0.70.2 221.48 OK
r-devel-windows-ix86+x86_64 0.70.2 23.00 148.00 171.00 ERROR
r-patched-linux-x86_64 0.70.2 10.07 162.24 172.31 OK
r-patched-solaris-x86 0.70.2 296.00 OK
r-release-linux-x86_64 0.70.2 12.55 159.66 172.21 OK
r-release-windows-ix86+x86_64 0.70.2 23.00 231.00 254.00 OK
r-release-osx-x86_64 0.70.2 OK
r-oldrel-windows-ix86+x86_64 0.70.2 18.00 254.00 272.00 ERROR
r-oldrel-osx-x86_64 0.70.2 OK

Check Details

Version: 0.70.2
Check: examples
Result: ERROR
    Running examples in 'chillR-Ex.R' failed
    The error most likely occurred in:
    
    > ### Name: get_weather
    > ### Title: Download weather data from online database
    > ### Aliases: get_weather
    > ### Keywords: utilities
    >
    > ### ** Examples
    >
    >
    >
    > #stat_list<-handle_gsod(action="list_stations",location=c(x=-122,y=38.5),
    > # time_interval=c(2002,2002))
    > #the line above takes longer to run than CRAN allows for examples. The line below therefore
    > #generates an abbreviated stat_list that allows running the code.
    > stat_list<-data.frame(chillR_code=c("724828_99999","724828_93241","720576_174"),
    + Lat=c(38.383,38.378,38.533),Long=c(-121.967,-121.958,-121.783),
    + BEGIN=c(20010811,20060101,20130101),END=c(20051231,20160110,20160109))
    >
    > gw<-get_weather(location="724828_93241",time_interval=c(2012,2012),database="GSOD",
    + station_list = stat_list)
    trying URL 'ftp://ftp.ncdc.noaa.gov/pub/data/gsod/2012/724828-93241-2012.op.gz'
    ..
    downloaded 2657 bytes
    
    Error in scan(file = file, what = what, sep = sep, quote = quote, dec = dec, :
     line 9 did not have 48 elements
    Calls: get_weather -> handle_gsod
    Execution halted
Flavors: r-devel-windows-ix86+x86_64, r-oldrel-windows-ix86+x86_64