CRAN Package Check Results for Package chillR

Last updated on 2018-11-17 12:51:17 CET.

Flavor Version Tinstall Tcheck Ttotal Status Flags
r-devel-linux-x86_64-debian-clang 0.70.6 13.81 186.30 200.11 OK
r-devel-linux-x86_64-debian-gcc 0.70.6 14.14 142.19 156.33 OK
r-devel-linux-x86_64-fedora-clang 0.70.6 200.24 OK
r-devel-linux-x86_64-fedora-gcc 0.70.6 228.95 OK
r-devel-windows-ix86+x86_64 0.70.6 34.00 222.00 256.00 ERROR
r-patched-linux-x86_64 0.70.6 15.17 180.45 195.62 OK
r-patched-solaris-x86 0.70.6 240.20 ERROR
r-release-linux-x86_64 0.70.6 15.16 181.25 196.41 OK
r-release-windows-ix86+x86_64 0.70.6 30.00 211.00 241.00 OK
r-release-osx-x86_64 0.70.6 OK
r-oldrel-windows-ix86+x86_64 0.70.6 25.00 295.00 320.00 OK
r-oldrel-osx-x86_64 0.70.6 OK

Check Details

Version: 0.70.6
Check: examples
Result: ERROR
    Running examples in 'chillR-Ex.R' failed
    The error most likely occurred in:
    
    > ### Name: handle_ucipm
    > ### Title: List, download or convert to chillR format data from the UCIPM
    > ### database
    > ### Aliases: handle_ucipm
    > ### Keywords: utilities
    >
    > ### ** Examples
    >
    >
    > #handle_ucipm(action="list_stations",location=c(x=-122,y=38.5),time_interval=c(2012,2012))
    > gw<-handle_ucipm(action="download_weather",location="WINTERS.A",time_interval=c(2012,2012))
    > #weather<-handle_ucipm(gw)$weather
    > #make_chill_plot(tempResponse(stack_hourly_temps(fix_weather(weather)),Start_JDay=300,End_JDay=50),
    > # "Chill_Portions",start_year=2010,end_year=2012,metriclabel="Chill Portions",
    > # misstolerance = 50)
    >
    >
    >
    >
    > cleanEx()
    Error: connections left open:
     weather (textConnection)
    Execution halted
Flavor: r-devel-windows-ix86+x86_64

Version: 0.70.6
Check: examples
Result: ERROR
    Running examples in ‘chillR-Ex.R’ failed
    The error most likely occurred in:
    
    > ### Name: getClimateWizardData
    > ### Title: Extract climate data from the ClimateWizard database
    > ### Aliases: getClimateWizardData
    > ### Keywords: utility
    >
    > ### ** Examples
    >
    >
    > getClimateWizardData(coordinates=c(longitude=10.613975,latitude=34.933439),
    + scenario="historical",
    + start_year=1970,
    + end_year=2000,
    + metric=c("CD18","R02"),
    + GCMs=c("bcc-csm1-1","BNU-ESM"))
    Error in open.connection(con, "rb") :
     Timeout was reached: Resolving timed out after 10000 milliseconds
    Calls: getClimateWizardData ... fromJSON_string -> parseJSON -> parse_con -> open -> open.connection
    Execution halted
Flavor: r-patched-solaris-x86