CRAN Package Check Results for Package chillR

Last updated on 2018-02-20 01:47:19 CET.

Flavor Version Tinstall Tcheck Ttotal Status Flags
r-devel-linux-x86_64-debian-clang 0.70.2 15.90 141.73 157.63 OK
r-devel-linux-x86_64-debian-gcc 0.70.2 13.57 121.93 135.50 OK
r-devel-linux-x86_64-fedora-clang 0.70.2 209.77 OK
r-devel-linux-x86_64-fedora-gcc 0.70.2 204.54 OK
r-devel-windows-ix86+x86_64 0.70.2 19.00 171.00 190.00 OK
r-patched-linux-x86_64 0.70.2 6.42 177.91 184.33 OK
r-patched-solaris-x86 0.70.2 279.30 OK
r-release-linux-x86_64 0.70.2 6.23 178.21 184.44 OK
r-release-windows-ix86+x86_64 0.70.2 19.00 248.00 267.00 OK
r-release-osx-x86_64 0.70.2 OK
r-oldrel-windows-ix86+x86_64 0.70.2 16.00 241.00 257.00 OK
r-oldrel-osx-x86_64 0.70.2 NOTE

Check Details

Version: 0.70.2
Check: for unstated dependencies in vignettes
Result: NOTE
    Warning: parse error in file '/Builds/CRAN-QA-Simon/packages/mavericks-x86_64/results/3.3/chillR.Rcheck/chillR/doc/hourly_temperatures.R':
    invalid multibyte character in parser at line 26
Flavor: r-oldrel-osx-x86_64