CRAN Package Check Results for Package chinese.misc

Last updated on 2022-10-01 23:55:08 CEST.

Flavor Version Tinstall Tcheck Ttotal Status Flags
r-devel-linux-x86_64-debian-clang 0.2.3 12.23 88.37 100.60 NOTE
r-devel-linux-x86_64-debian-gcc 0.2.3 9.05 67.23 76.28 NOTE
r-devel-linux-x86_64-fedora-clang 0.2.3 133.40 NOTE
r-devel-linux-x86_64-fedora-gcc 0.2.3 131.04 NOTE
r-devel-windows-x86_64 0.2.3 31.00 123.00 154.00 NOTE
r-patched-linux-x86_64 0.2.3 10.32 86.91 97.23 NOTE
r-release-linux-x86_64 0.2.3 10.51 84.82 95.33 NOTE
r-release-macos-arm64 0.2.3 32.00 NOTE
r-release-macos-x86_64 0.2.3 58.00 NOTE
r-release-windows-x86_64 0.2.3 60.00 115.00 175.00 NOTE
r-oldrel-macos-arm64 0.2.3 39.00 NOTE
r-oldrel-macos-x86_64 0.2.3 81.00 NOTE
r-oldrel-windows-ix86+x86_64 0.2.3 26.00 121.00 147.00 NOTE

Check Details

Version: 0.2.3
Check: LazyData
Result: NOTE
     'LazyData' is specified without a 'data' directory
Flavors: r-devel-linux-x86_64-debian-clang, r-devel-linux-x86_64-debian-gcc, r-devel-linux-x86_64-fedora-clang, r-devel-linux-x86_64-fedora-gcc, r-devel-windows-x86_64, r-patched-linux-x86_64, r-release-linux-x86_64, r-release-macos-arm64, r-release-macos-x86_64, r-release-windows-x86_64, r-oldrel-macos-arm64, r-oldrel-macos-x86_64, r-oldrel-windows-ix86+x86_64