Last updated on 2023-09-29 01:56:01 CEST.
Flavor | Version | Tinstall | Tcheck | Ttotal | Status | Flags |
---|---|---|---|---|---|---|
r-devel-linux-x86_64-debian-clang | 1.0-2 | 17.69 | 159.48 | 177.17 | OK | |
r-devel-linux-x86_64-debian-gcc | 1.0-2 | 15.57 | 120.14 | 135.71 | OK | |
r-devel-linux-x86_64-fedora-clang | 1.0-2 | 223.74 | OK | |||
r-devel-linux-x86_64-fedora-gcc | 1.0-2 | 239.52 | OK | |||
r-devel-windows-x86_64 | 1.0-2 | 19.00 | 155.00 | 174.00 | OK | |
r-patched-linux-x86_64 | 1.0-2 | 20.08 | 155.19 | 175.27 | OK | |
r-release-linux-x86_64 | 1.0-2 | 21.81 | 150.02 | 171.83 | OK | |
r-release-macos-arm64 | 1.0-2 | 73.00 | OK | |||
r-release-macos-x86_64 | 1.0-2 | 124.00 | NOTE | |||
r-release-windows-x86_64 | 1.0-2 | 23.00 | 184.00 | 207.00 | OK | |
r-oldrel-macos-arm64 | 1.0-2 | 67.00 | OK | |||
r-oldrel-macos-x86_64 | 1.0-2 | 113.00 | OK | |||
r-oldrel-windows-x86_64 | 1.0-2 | 23.00 | 185.00 | 208.00 | OK |
Version: 1.0-2
Check: package dependencies
Result: NOTE
Packages suggested but not available for checking: 'drc', 'qpcR'
Flavor: r-release-macos-x86_64
Version: 1.0-2
Check: Rd cross-references
Result: NOTE
Package unavailable to check Rd xrefs: ‘qpcR’
Flavor: r-release-macos-x86_64