CRAN Package Check Results for Package cholera

Last updated on 2018-05-27 21:47:34 CEST.

Flavor Version Tinstall Tcheck Ttotal Status Flags
r-devel-linux-x86_64-debian-clang 0.4.0 5.79 356.07 361.86 OK
r-devel-linux-x86_64-debian-gcc 0.4.0 6.22 280.38 286.60 OK
r-devel-linux-x86_64-fedora-clang 0.4.0 399.72 NOTE
r-devel-linux-x86_64-fedora-gcc 0.4.0 407.03 NOTE
r-devel-windows-ix86+x86_64 0.4.0 11.00 289.00 300.00 NOTE
r-patched-linux-x86_64 0.4.0 7.04 329.68 336.72 OK
r-patched-solaris-x86 0.4.0 511.40 NOTE
r-release-linux-x86_64 0.4.0 8.53 330.18 338.71 OK
r-release-windows-ix86+x86_64 0.4.0 17.00 410.00 427.00 OK
r-release-osx-x86_64 0.4.0 NOTE
r-oldrel-windows-ix86+x86_64 0.4.0 7.00 341.00 348.00 OK
r-oldrel-osx-x86_64 0.4.0 OK

Check Details

Version: 0.4.0
Check: installed package size
Result: NOTE
     installed size is 5.0Mb
     sub-directories of 1Mb or more:
     doc 3.7Mb
Flavors: r-devel-linux-x86_64-fedora-clang, r-devel-linux-x86_64-fedora-gcc, r-devel-windows-ix86+x86_64, r-patched-solaris-x86, r-release-osx-x86_64