CRAN Package Check Results for Package cholera

Last updated on 2018-08-17 07:47:24 CEST.

Flavor Version Tinstall Tcheck Ttotal Status Flags
r-devel-linux-x86_64-debian-clang 0.5.0 8.98 400.67 409.65 OK
r-devel-linux-x86_64-debian-gcc 0.5.1 7.73 296.86 304.59 OK
r-devel-linux-x86_64-fedora-clang 0.5.1 472.14 OK
r-devel-linux-x86_64-fedora-gcc 0.5.1 463.59 OK
r-devel-windows-ix86+x86_64 0.5.1 21.00 496.00 517.00 OK
r-patched-linux-x86_64 0.5.1 8.83 393.91 402.74 OK
r-patched-solaris-x86 0.5.1 594.30 NOTE
r-release-linux-x86_64 0.5.1 8.95 396.36 405.31 OK
r-release-windows-ix86+x86_64 0.5.0 20.00 502.00 522.00 OK
r-release-osx-x86_64 0.5.1 OK
r-oldrel-windows-ix86+x86_64 0.5.1 6.00 428.00 434.00 OK
r-oldrel-osx-x86_64 0.5.1 OK

Check Details

Version: 0.5.1
Check: installed package size
Result: NOTE
     installed size is 5.0Mb
     sub-directories of 1Mb or more:
     doc 2.6Mb
     help 1.2Mb
Flavor: r-patched-solaris-x86