CRAN Package Check Results for Package cholera

Last updated on 2024-02-25 21:49:29 CET.

Flavor Version Tinstall Tcheck Ttotal Status Flags
r-devel-linux-x86_64-debian-clang 0.8.0 50.39 531.09 581.48 OK
r-devel-linux-x86_64-debian-gcc 0.8.0 37.33 391.12 428.45 OK
r-devel-linux-x86_64-fedora-clang 0.8.0 676.53 NOTE
r-devel-linux-x86_64-fedora-gcc 0.8.0 679.14 OK
r-devel-windows-x86_64 0.8.0 38.00 335.00 373.00 NOTE
r-patched-linux-x86_64 0.8.0 33.81 511.54 545.35 OK
r-release-linux-x86_64 0.8.0 37.98 510.15 548.13 OK
r-release-macos-arm64 0.8.0 172.00 NOTE
r-release-macos-x86_64 0.8.0 310.00 NOTE
r-release-windows-x86_64 0.8.0 53.00 452.00 505.00 NOTE
r-oldrel-macos-arm64 0.8.0 120.00 NOTE
r-oldrel-windows-x86_64 0.8.0 54.00 445.00 499.00 NOTE

Check Details

Version: 0.8.0
Check: installed package size
Result: NOTE installed size is 5.5Mb sub-directories of 1Mb or more: doc 1.5Mb help 2.2Mb Flavors: r-devel-linux-x86_64-fedora-clang, r-devel-windows-x86_64, r-release-macos-arm64, r-release-macos-x86_64, r-release-windows-x86_64, r-oldrel-macos-arm64, r-oldrel-windows-x86_64