CRAN Package Check Results for Package cholera

Last updated on 2018-02-20 07:48:02 CET.

Flavor Version Tinstall Tcheck Ttotal Status Flags
r-devel-linux-x86_64-debian-clang 0.3.0 6.57 323.99 330.56 OK
r-devel-linux-x86_64-debian-gcc 0.3.0 4.97 305.48 310.45 OK
r-devel-linux-x86_64-fedora-clang 0.3.0 404.48 OK
r-devel-linux-x86_64-fedora-gcc 0.3.0 405.09 OK
r-devel-windows-ix86+x86_64 0.3.0 9.00 314.00 323.00 OK
r-patched-linux-x86_64 0.3.0 1.85 376.09 377.94 OK
r-patched-solaris-x86 0.3.0 461.20 NOTE
r-release-linux-x86_64 0.3.0 1.59 384.53 386.12 OK
r-release-windows-ix86+x86_64 0.3.0 8.00 442.00 450.00 OK
r-release-osx-x86_64 0.3.0 OK
r-oldrel-windows-ix86+x86_64 0.3.0 7.00 421.00 428.00 OK
r-oldrel-osx-x86_64 0.2.1 OK

Check Details

Version: 0.3.0
Check: installed package size
Result: NOTE
     installed size is 5.1Mb
     sub-directories of 1Mb or more:
     doc 3.6Mb
Flavor: r-patched-solaris-x86