CRAN Package Check Results for Package cholera

Last updated on 2019-01-23 20:47:56 CET.

Flavor Version Tinstall Tcheck Ttotal Status Flags
r-devel-linux-x86_64-debian-clang 0.5.1 9.53 422.28 431.81 OK
r-devel-linux-x86_64-debian-gcc 0.5.1 7.83 300.41 308.24 OK
r-devel-linux-x86_64-fedora-clang 0.5.1 495.78 OK
r-devel-linux-x86_64-fedora-gcc 0.5.1 452.94 OK
r-devel-windows-ix86+x86_64 0.5.1 18.00 515.00 533.00 OK
r-patched-linux-x86_64 0.5.1 8.71 397.69 406.40 OK
r-patched-solaris-x86 0.5.1 719.70 NOTE
r-release-linux-x86_64 0.5.1 7.95 391.17 399.12 OK
r-release-windows-ix86+x86_64 0.5.1 12.00 412.00 424.00 OK
r-release-osx-x86_64 0.5.1 OK
r-oldrel-windows-ix86+x86_64 0.5.1 6.00 550.00 556.00 OK
r-oldrel-osx-x86_64 0.5.1 OK

Check Details

Version: 0.5.1
Check: installed package size
Result: NOTE
     installed size is 5.0Mb
     sub-directories of 1Mb or more:
     doc 2.6Mb
     help 1.2Mb
Flavor: r-patched-solaris-x86