CRAN Package Check Results for Package cholera

Last updated on 2018-10-19 22:49:32 CEST.

Flavor Version Tinstall Tcheck Ttotal Status Flags
r-devel-linux-x86_64-debian-clang 0.5.1 7.99 384.93 392.92 OK
r-devel-linux-x86_64-debian-gcc 0.5.1 8.90 297.69 306.59 OK
r-devel-linux-x86_64-fedora-clang 0.5.1 467.41 OK
r-devel-linux-x86_64-fedora-gcc 0.5.1 459.15 OK
r-devel-windows-ix86+x86_64 0.5.1 17.00 485.00 502.00 OK
r-patched-linux-x86_64 0.5.1 9.19 393.90 403.09 OK
r-patched-solaris-x86 0.5.1 671.50 NOTE
r-release-linux-x86_64 0.5.1 7.39 400.09 407.48 OK
r-release-windows-ix86+x86_64 0.5.1 20.00 492.00 512.00 OK
r-release-osx-x86_64 0.5.1 OK
r-oldrel-windows-ix86+x86_64 0.5.1 5.00 530.00 535.00 OK
r-oldrel-osx-x86_64 0.5.1 OK

Check Details

Version: 0.5.1
Check: installed package size
Result: NOTE
     installed size is 5.0Mb
     sub-directories of 1Mb or more:
     doc 2.6Mb
     help 1.2Mb
Flavor: r-patched-solaris-x86