CRAN Package Check Results for Package choroplethrAdmin1

Last updated on 2022-05-26 18:48:59 CEST.

Flavor Version Tinstall Tcheck Ttotal Status Flags
r-devel-linux-x86_64-debian-clang 1.1.1 6.77 68.65 75.42 OK
r-devel-linux-x86_64-debian-gcc 1.1.1 5.43 58.94 64.37 OK
r-devel-linux-x86_64-fedora-clang 1.1.1 89.21 NOTE
r-devel-linux-x86_64-fedora-gcc 1.1.1 85.37 OK
r-devel-windows-x86_64 1.1.1 22.00 92.00 114.00 NOTE
r-patched-linux-x86_64 1.1.1 6.38 64.25 70.63 OK
r-release-linux-x86_64 1.1.1 7.04 65.04 72.08 OK
r-release-macos-arm64 1.1.1 27.00 NOTE
r-release-macos-x86_64 1.1.1 54.00 NOTE
r-release-windows-x86_64 1.1.1 22.00 88.00 110.00 NOTE
r-oldrel-macos-arm64 1.1.1 37.00 NOTE
r-oldrel-macos-x86_64 1.1.1 52.00 NOTE
r-oldrel-windows-ix86+x86_64 1.1.1 16.00 77.00 93.00 NOTE

Check Details

Version: 1.1.1
Check: installed package size
Result: NOTE
     installed size is 18.0Mb
     sub-directories of 1Mb or more:
     data 17.9Mb
Flavors: r-devel-linux-x86_64-fedora-clang, r-devel-windows-x86_64, r-release-macos-arm64, r-release-macos-x86_64, r-release-windows-x86_64, r-oldrel-macos-arm64, r-oldrel-macos-x86_64, r-oldrel-windows-ix86+x86_64