CRAN Package Check Results for Package chronicle

Last updated on 2021-05-18 17:48:05 CEST.

Flavor Version Tinstall Tcheck Ttotal Status Flags
r-devel-linux-x86_64-debian-clang 0.2.5 5.38 54.39 59.77 NOTE
r-devel-linux-x86_64-debian-gcc 0.2.5 4.60 41.05 45.65 NOTE
r-devel-linux-x86_64-fedora-clang 0.2.5 81.97 NOTE
r-devel-linux-x86_64-fedora-gcc 0.2.5 70.76 NOTE
r-devel-windows-ix86+x86_64 0.2.5 12.00 78.00 90.00 NOTE
r-devel-windows-x86_64-gcc10-UCRT 0.2.5 NOTE
r-patched-linux-x86_64 0.2.5 6.51 51.00 57.51 NOTE
r-patched-solaris-x86 0.2.5 93.90 NOTE
r-release-linux-x86_64 0.2.5 5.47 50.49 55.96 OK
r-release-macos-x86_64 0.2.5 NOTE
r-release-windows-ix86+x86_64 0.2.5 8.00 55.00 63.00 OK
r-oldrel-macos-x86_64 0.2.5 NOTE
r-oldrel-windows-ix86+x86_64 0.2.5 7.00 97.00 104.00 OK

Check Details

Version: 0.2.5
Check: LazyData
Result: NOTE
     'LazyData' is specified without a 'data' directory
Flavors: r-devel-linux-x86_64-debian-clang, r-devel-linux-x86_64-debian-gcc, r-devel-linux-x86_64-fedora-clang, r-devel-linux-x86_64-fedora-gcc, r-devel-windows-ix86+x86_64, r-devel-windows-x86_64-gcc10-UCRT, r-patched-linux-x86_64, r-patched-solaris-x86

Version: 0.2.5
Check: dependencies in R code
Result: NOTE
    Namespaces in Imports field not imported from:
     ‘DT’ ‘knitr’ ‘prettydoc’ ‘rmdformats’ ‘skimr’
     All declared Imports should be used.
Flavors: r-devel-linux-x86_64-fedora-clang, r-devel-linux-x86_64-fedora-gcc, r-devel-windows-x86_64-gcc10-UCRT, r-patched-solaris-x86, r-release-macos-x86_64, r-oldrel-macos-x86_64