Last updated on 2022-05-19 12:55:25 CEST.
Flavor | Version | Tinstall | Tcheck | Ttotal | Status | Flags |
---|---|---|---|---|---|---|
r-devel-linux-x86_64-debian-clang | 0.1.0 | 5.88 | 101.27 | 107.15 | OK | |
r-devel-linux-x86_64-debian-gcc | 0.1.0 | 4.93 | 74.51 | 79.44 | OK | |
r-devel-linux-x86_64-fedora-clang | 0.1.0 | 127.47 | NOTE | |||
r-devel-linux-x86_64-fedora-gcc | 0.1.0 | 121.37 | NOTE | |||
r-devel-windows-x86_64 | 0.1.0 | 52.00 | 125.00 | 177.00 | OK | |
r-patched-linux-x86_64 | 0.1.0 | 7.20 | 92.98 | 100.18 | OK | |
r-release-linux-x86_64 | 0.1.0 | 4.39 | 93.09 | 97.48 | OK | |
r-release-macos-arm64 | 0.1.0 | 54.00 | NOTE | |||
r-release-macos-x86_64 | 0.1.0 | 80.00 | NOTE | |||
r-release-windows-x86_64 | 0.1.0 | 39.00 | 134.00 | 173.00 | OK | |
r-oldrel-macos-arm64 | 0.1.0 | 73.00 | NOTE | |||
r-oldrel-macos-x86_64 | 0.1.0 | 63.00 | NOTE | |||
r-oldrel-windows-ix86+x86_64 | 0.1.0 | 14.00 | 112.00 | 126.00 | OK |
Version: 0.1.0
Check: dependencies in R code
Result: NOTE
Namespaces in Imports field not imported from:
‘dplyr’ ‘magick’ ‘tidyr’
All declared Imports should be used.
Flavors: r-devel-linux-x86_64-fedora-clang, r-devel-linux-x86_64-fedora-gcc, r-release-macos-arm64, r-release-macos-x86_64, r-oldrel-macos-arm64, r-oldrel-macos-x86_64