CRAN Package Check Results for Package ciTools

Last updated on 2022-05-17 20:51:15 CEST.

Flavor Version Tinstall Tcheck Ttotal Status Flags
r-devel-linux-x86_64-debian-clang 0.6.1 15.84 338.92 354.76 NOTE
r-devel-linux-x86_64-debian-gcc 0.6.1 10.86 245.08 255.94 NOTE
r-devel-linux-x86_64-fedora-clang 0.6.1 387.09 NOTE
r-devel-linux-x86_64-fedora-gcc 0.6.1 390.16 NOTE
r-devel-windows-x86_64 0.6.1 140.00 357.00 497.00 NOTE
r-patched-linux-x86_64 0.6.1 15.57 304.52 320.09 NOTE
r-release-linux-x86_64 0.6.1 15.53 299.50 315.03 NOTE
r-release-macos-arm64 0.6.1 130.00 NOTE
r-release-macos-x86_64 0.6.1 233.00 NOTE
r-release-windows-x86_64 0.6.1 149.00 366.00 515.00 NOTE
r-oldrel-macos-arm64 0.6.1 175.00 NOTE
r-oldrel-macos-x86_64 0.6.1 275.00 NOTE
r-oldrel-windows-ix86+x86_64 0.6.1 31.00 335.00 366.00 NOTE

Check Details

Version: 0.6.1
Check: LazyData
Result: NOTE
     'LazyData' is specified without a 'data' directory
Flavors: r-devel-linux-x86_64-debian-clang, r-devel-linux-x86_64-debian-gcc, r-devel-linux-x86_64-fedora-clang, r-devel-linux-x86_64-fedora-gcc, r-devel-windows-x86_64, r-patched-linux-x86_64, r-release-linux-x86_64, r-release-macos-arm64, r-release-macos-x86_64, r-release-windows-x86_64, r-oldrel-macos-arm64, r-oldrel-macos-x86_64, r-oldrel-windows-ix86+x86_64