CRAN Package Check Results for Package ciTools

Last updated on 2018-02-18 03:46:47 CET.

Flavor Version Tinstall Tcheck Ttotal Status Flags
r-devel-linux-x86_64-debian-clang 0.3.0 7.29 187.09 194.38 OK
r-devel-linux-x86_64-debian-gcc 0.3.0 5.62 139.90 145.52 OK
r-devel-linux-x86_64-fedora-clang 0.3.0 216.01 OK
r-devel-linux-x86_64-fedora-gcc 0.3.0 211.50 OK
r-devel-windows-ix86+x86_64 0.3.0 12.00 161.00 173.00 OK
r-patched-linux-x86_64 0.3.0 5.34 204.93 210.27 OK
r-patched-solaris-x86 0.3.0 299.20 OK
r-release-linux-x86_64 0.3.0 5.17 207.90 213.07 OK
r-release-windows-ix86+x86_64 0.3.0 17.00 254.00 271.00 OK
r-release-osx-x86_64 0.3.0 OK
r-oldrel-windows-ix86+x86_64 0.1.0 12.00 92.00 104.00 OK
r-oldrel-osx-x86_64 0.3.0 ERROR

Check Details

Version: 0.3.0
Check: whether package can be installed
Result: ERROR
    Installation failed.
Flavor: r-oldrel-osx-x86_64