CRAN Package Check Results for Package cifti

Last updated on 2018-02-22 08:48:30 CET.

Flavor Version Tinstall Tcheck Ttotal Status Flags
r-devel-linux-x86_64-debian-clang 0.4.5 3.28 42.72 46.00 OK
r-devel-linux-x86_64-debian-gcc 0.4.5 2.78 36.46 39.24 OK
r-devel-linux-x86_64-fedora-clang 0.4.5 58.79 OK
r-devel-linux-x86_64-fedora-gcc 0.4.5 56.58 OK
r-devel-windows-ix86+x86_64 0.4.5 10.00 57.00 67.00 OK
r-patched-linux-x86_64 0.4.5 3.12 54.41 57.53 OK
r-patched-solaris-x86 0.4.5 85.70 OK
r-release-linux-x86_64 0.4.5 2.80 54.35 57.15 OK
r-release-windows-ix86+x86_64 0.4.5 10.00 86.00 96.00 OK
r-release-osx-x86_64 0.4.5 OK
r-oldrel-windows-ix86+x86_64 0.4.5 5.00 56.00 61.00 OK
r-oldrel-osx-x86_64 0.4.2 NOTE

Check Details

Version: 0.4.2
Check: dependencies in R code
Result: NOTE
    Namespaces in Imports field not imported from:
     ‘base64enc’ ‘rgl’
     All declared Imports should be used.
Flavor: r-oldrel-osx-x86_64