CRAN Package Check Results for Package circglmbayes

Last updated on 2020-02-20 21:47:23 CET.

Flavor Version Tinstall Tcheck Ttotal Status Flags
r-devel-linux-x86_64-debian-clang 1.2.3 29.72 2.61 32.33 ERROR
r-devel-linux-x86_64-debian-gcc 1.2.3 19.67 2.02 21.69 ERROR
r-devel-linux-x86_64-fedora-clang 1.2.3 43.47 ERROR
r-devel-linux-x86_64-fedora-gcc 1.2.3 41.12 ERROR
r-devel-windows-ix86+x86_64 1.2.3 72.00 130.00 202.00 WARN
r-devel-windows-ix86+x86_64-gcc8 1.2.3 95.00 164.00 259.00 NOTE
r-patched-linux-x86_64 1.2.3 21.90 2.56 24.46 ERROR
r-patched-solaris-x86 1.2.3 168.20 WARN
r-release-linux-x86_64 1.2.3 24.55 2.40 26.95 ERROR
r-release-windows-ix86+x86_64 1.2.3 81.00 136.00 217.00 WARN
r-release-osx-x86_64 1.2.3 NOTE
r-oldrel-windows-ix86+x86_64 1.2.3 80.00 125.00 205.00 WARN
r-oldrel-osx-x86_64 1.2.3 OK

Check Details

Version: 1.2.3
Check: whether package can be installed
Result: ERROR
    Installation failed.
Flavors: r-devel-linux-x86_64-debian-clang, r-devel-linux-x86_64-debian-gcc, r-devel-linux-x86_64-fedora-clang, r-devel-linux-x86_64-fedora-gcc, r-patched-linux-x86_64, r-release-linux-x86_64

Version: 1.2.3
Check: whether package can be installed
Result: WARN
    Found the following significant warnings:
     circGLM.cpp:256:35: warning: ISO C++ says that these are ambiguous, even though the worst conversion for the first is better than the worst conversion for the second:
     circGLM.cpp:895:62: warning: ISO C++ says that these are ambiguous, even though the worst conversion for the first is better than the worst conversion for the second:
     circGLM.cpp:896:62: warning: ISO C++ says that these are ambiguous, even though the worst conversion for the first is better than the worst conversion for the second:
Flavors: r-devel-windows-ix86+x86_64, r-patched-solaris-x86, r-release-windows-ix86+x86_64, r-oldrel-windows-ix86+x86_64

Version: 1.2.3
Check: line endings in C/C++/Fortran sources/headers
Result: NOTE
    Found the following sources/headers with CR or CRLF line endings:
     inst/include/circglmbayes.h
    Some Unix compilers require LF line endings.
Flavors: r-devel-windows-ix86+x86_64, r-devel-windows-ix86+x86_64-gcc8, r-patched-solaris-x86, r-release-windows-ix86+x86_64, r-release-osx-x86_64