CRAN Package Check Results for Package circglmbayes

Last updated on 2019-09-18 05:46:55 CEST.

Flavor Version Tinstall Tcheck Ttotal Status Flags
r-devel-linux-x86_64-debian-clang 1.2.3 35.81 58.57 94.38 NOTE
r-devel-linux-x86_64-debian-gcc 1.2.3 32.19 45.09 77.28 NOTE
r-devel-linux-x86_64-fedora-clang 1.2.3 129.14 NOTE
r-devel-linux-x86_64-fedora-gcc 1.2.3 130.08 NOTE
r-devel-windows-ix86+x86_64 1.2.3 106.00 157.00 263.00 NOTE
r-patched-linux-x86_64 1.2.3 32.90 57.49 90.39 NOTE
r-patched-solaris-x86 1.2.3 157.90 NOTE
r-release-linux-x86_64 1.2.3 35.36 57.48 92.84 NOTE
r-release-windows-ix86+x86_64 1.2.3 76.00 121.00 197.00 NOTE
r-release-osx-x86_64 1.2.3 NOTE
r-oldrel-windows-ix86+x86_64 1.2.3 108.00 155.00 263.00 OK
r-oldrel-osx-x86_64 1.2.3 OK

Additional issues

clang-UBSAN gcc-UBSAN

Check Details

Version: 1.2.3
Check: line endings in C/C++/Fortran sources/headers
Result: NOTE
    Found the following sources/headers with CR or CRLF line endings:
     inst/include/circglmbayes.h
    Some Unix compilers require LF line endings.
Flavors: r-devel-linux-x86_64-debian-clang, r-devel-linux-x86_64-debian-gcc, r-devel-linux-x86_64-fedora-clang, r-devel-linux-x86_64-fedora-gcc, r-devel-windows-ix86+x86_64, r-patched-linux-x86_64, r-patched-solaris-x86, r-release-linux-x86_64, r-release-windows-ix86+x86_64, r-release-osx-x86_64