CRAN Package Check Results for Package circlize

Last updated on 2021-05-14 01:48:32 CEST.

Flavor Version Tinstall Tcheck Ttotal Status Flags
r-devel-linux-x86_64-debian-clang 0.4.12 14.58 132.64 147.22 OK
r-devel-linux-x86_64-debian-gcc 0.4.12 11.43 96.13 107.56 OK
r-devel-linux-x86_64-fedora-clang 0.4.12 189.73 OK
r-devel-linux-x86_64-fedora-gcc 0.4.12 172.47 OK
r-devel-windows-ix86+x86_64 0.4.12 26.00 117.00 143.00 OK
r-devel-windows-x86_64-gcc10-UCRT 0.4.12 OK
r-patched-linux-x86_64 0.4.12 17.21 125.72 142.93 OK
r-patched-solaris-x86 0.4.12 208.10 OK
r-release-linux-x86_64 0.4.12 14.91 121.42 136.33 OK
r-release-macos-x86_64 0.4.12 OK
r-release-windows-ix86+x86_64 0.4.12 20.00 149.00 169.00 OK
r-oldrel-macos-x86_64 0.4.12 OK
r-oldrel-windows-ix86+x86_64 0.4.12 23.00 12.00 35.00 ERROR

Check Details

Version: 0.4.12
Check: whether package can be installed
Result: ERROR
    Installation failed.
Flavor: r-oldrel-windows-ix86+x86_64