CRAN Package Check Results for Package circlize

Last updated on 2018-01-16 18:47:21 CET.

Flavor Version Tinstall Tcheck Ttotal Status Flags
r-devel-linux-x86_64-debian-clang 0.4.3 2.40 91.26 93.66 OK
r-devel-linux-x86_64-debian-gcc 0.4.3 1.95 68.23 70.18 OK
r-devel-linux-x86_64-fedora-clang 0.4.3 102.37 NOTE
r-devel-linux-x86_64-fedora-gcc 0.4.3 102.60 NOTE
r-devel-windows-ix86+x86_64 0.4.3 8.00 90.00 98.00 OK
r-patched-linux-x86_64 0.4.3 2.46 87.36 89.82 OK
r-patched-solaris-x86 0.4.3 127.90 OK
r-release-linux-x86_64 0.4.3 2.61 88.56 91.17 OK
r-release-windows-ix86+x86_64 0.4.3 9.00 88.00 97.00 OK
r-release-osx-x86_64 0.4.3 NOTE
r-oldrel-windows-ix86+x86_64 0.4.3 8.00 91.00 99.00 OK
r-oldrel-osx-x86_64 0.4.3 OK

Check Details

Version: 0.4.3
Check: package dependencies
Result: NOTE
    Package suggested but not available for checking: ‘ComplexHeatmap’
Flavors: r-devel-linux-x86_64-fedora-clang, r-devel-linux-x86_64-fedora-gcc, r-release-osx-x86_64