CRAN Package Check Results for Package citation

Last updated on 2021-05-08 05:57:01 CEST.

Flavor Version Tinstall Tcheck Ttotal Status Flags
r-devel-linux-x86_64-debian-clang 0.4.1 2.29 24.90 27.19 NOTE
r-devel-linux-x86_64-debian-gcc 0.4.1 1.79 19.61 21.40 NOTE
r-devel-linux-x86_64-fedora-clang 0.4.1 43.47 NOTE
r-devel-linux-x86_64-fedora-gcc 0.4.1 32.91 NOTE
r-devel-windows-ix86+x86_64 0.4.1 4.00 44.00 48.00 NOTE
r-devel-windows-x86_64-gcc10-UCRT 0.4.1 NOTE
r-patched-linux-x86_64 0.4.1 2.27 24.44 26.71 NOTE
r-patched-solaris-x86 0.4.1 51.60 OK
r-release-linux-x86_64 0.4.1 2.22 24.24 26.46 OK
r-release-macos-x86_64 0.4.1 OK
r-release-windows-ix86+x86_64 0.4.1 7.00 32.00 39.00 OK
r-oldrel-macos-x86_64 0.4.1 OK

Check Details

Version: 0.4.1
Check: LazyData
Result: NOTE
     'LazyData' is specified without a 'data' directory
Flavors: r-devel-linux-x86_64-debian-clang, r-devel-linux-x86_64-debian-gcc, r-devel-linux-x86_64-fedora-clang, r-devel-linux-x86_64-fedora-gcc, r-devel-windows-ix86+x86_64, r-devel-windows-x86_64-gcc10-UCRT, r-patched-linux-x86_64