CRAN Package Check Results for Package civis

Last updated on 2022-08-14 09:52:02 CEST.

Flavor Version Tinstall Tcheck Ttotal Status Flags
r-devel-linux-x86_64-debian-clang 3.0.0 26.31 230.07 256.38 NOTE
r-devel-linux-x86_64-debian-gcc 3.0.0 21.93 169.07 191.00 NOTE
r-devel-linux-x86_64-fedora-clang 3.0.0 295.63 NOTE
r-devel-linux-x86_64-fedora-gcc 3.0.0 390.92 NOTE
r-devel-windows-x86_64 3.0.0 318.00 285.00 603.00 NOTE
r-patched-linux-x86_64 3.0.0 45.36 195.43 240.79 NOTE
r-release-linux-x86_64 3.0.0 25.90 196.53 222.43 NOTE
r-release-macos-arm64 3.0.0 101.00 NOTE
r-release-macos-x86_64 3.0.0 155.00 NOTE
r-release-windows-x86_64 3.0.0 320.00 264.00 584.00 NOTE
r-oldrel-macos-arm64 3.0.0 194.00 NOTE
r-oldrel-macos-x86_64 3.0.0 197.00 NOTE
r-oldrel-windows-ix86+x86_64 3.0.0 48.00 232.00 280.00 NOTE

Check Details

Version: 3.0.0
Check: LazyData
Result: NOTE
     'LazyData' is specified without a 'data' directory
Flavors: r-devel-linux-x86_64-debian-clang, r-devel-linux-x86_64-debian-gcc, r-devel-linux-x86_64-fedora-clang, r-devel-linux-x86_64-fedora-gcc, r-devel-windows-x86_64, r-patched-linux-x86_64, r-release-linux-x86_64, r-release-macos-arm64, r-release-macos-x86_64, r-release-windows-x86_64, r-oldrel-macos-arm64, r-oldrel-macos-x86_64, r-oldrel-windows-ix86+x86_64