CRAN Package Check Results for Package civis

Last updated on 2018-08-15 18:47:49 CEST.

Flavor Version Tinstall Tcheck Ttotal Status Flags
r-devel-linux-x86_64-debian-clang 1.5.0 45.80 171.97 217.77 OK
r-devel-linux-x86_64-debian-gcc 1.5.0 37.68 133.60 171.28 OK
r-devel-linux-x86_64-fedora-clang 1.5.1 313.31 OK
r-devel-linux-x86_64-fedora-gcc 1.5.1 297.59 OK
r-devel-windows-ix86+x86_64 1.5.0 19.00 26.00 45.00 ERROR
r-patched-linux-x86_64 1.5.0 43.34 163.62 206.96 OK
r-patched-solaris-x86 1.5.1 455.20 OK
r-release-linux-x86_64 1.5.0 42.95 163.68 206.63 OK
r-release-windows-ix86+x86_64 1.5.0 18.00 6.00 24.00 ERROR
r-release-osx-x86_64 1.5.0 OK
r-oldrel-windows-ix86+x86_64 1.5.0 28.00 7.00 35.00 ERROR
r-oldrel-osx-x86_64 1.5.0 OK

Check Details

Version: 1.5.0
Check: whether package can be installed
Result: ERROR
    Installation failed.
Flavors: r-devel-windows-ix86+x86_64, r-release-windows-ix86+x86_64, r-oldrel-windows-ix86+x86_64