CRAN Package Check Results for Package ck37r

Last updated on 2019-01-24 06:47:02 CET.

Flavor Version Tinstall Tcheck Ttotal Status Flags
r-devel-linux-x86_64-debian-clang 1.0.0 8.14 123.99 132.13 OK
r-devel-linux-x86_64-debian-gcc 1.0.0 7.14 94.17 101.31 OK
r-devel-linux-x86_64-fedora-clang 1.0.0 152.26 OK
r-devel-linux-x86_64-fedora-gcc 1.0.0 137.54 OK
r-devel-windows-ix86+x86_64 1.0.0 27.00 173.00 200.00 NOTE
r-patched-linux-x86_64 1.0.0 7.59 114.73 122.32 OK
r-patched-solaris-x86 1.0.0 217.60 OK
r-release-linux-x86_64 1.0.0 6.17 113.86 120.03 OK
r-release-windows-ix86+x86_64 1.0.0 17.00 125.00 142.00 NOTE
r-release-osx-x86_64 1.0.0 OK
r-oldrel-windows-ix86+x86_64 1.0.0 22.00 147.00 169.00 NOTE
r-oldrel-osx-x86_64 1.0.0 OK

Check Details

Version: 1.0.0
Check: package dependencies
Result: NOTE
    Package suggested but not available for checking: 'doMC'
Flavors: r-devel-windows-ix86+x86_64, r-release-windows-ix86+x86_64, r-oldrel-windows-ix86+x86_64