CRAN Package Check Results for Package ck37r

Last updated on 2018-02-19 03:48:51 CET.

Flavor Version Tinstall Tcheck Ttotal Status Flags
r-devel-linux-x86_64-debian-clang 1.0.0 8.04 113.39 121.43 OK
r-devel-linux-x86_64-debian-gcc 1.0.0 8.29 99.32 107.61 OK
r-devel-linux-x86_64-fedora-clang 1.0.0 164.19 OK
r-devel-linux-x86_64-fedora-gcc 1.0.0 158.90 OK
r-devel-windows-ix86+x86_64 1.0.0 18.00 138.00 156.00 NOTE
r-patched-linux-x86_64 1.0.0 9.84 141.24 151.08 OK
r-patched-solaris-x86 1.0.0 266.30 OK
r-release-linux-x86_64 1.0.0 7.05 138.96 146.01 OK
r-release-windows-ix86+x86_64 1.0.0 26.00 213.00 239.00 NOTE
r-release-osx-x86_64 1.0.0 OK
r-oldrel-windows-ix86+x86_64 1.0.0 16.00 178.00 194.00 NOTE
r-oldrel-osx-x86_64 1.0.0 OK

Check Details

Version: 1.0.0
Check: package dependencies
Result: NOTE
    Package suggested but not available for checking: 'doMC'
Flavors: r-devel-windows-ix86+x86_64, r-release-windows-ix86+x86_64, r-oldrel-windows-ix86+x86_64