CRAN Package Check Results for Package ck37r

Last updated on 2018-05-28 10:48:40 CEST.

Flavor Version Tinstall Tcheck Ttotal Status Flags
r-devel-linux-x86_64-debian-clang 1.0.0 9.95 141.06 151.01 OK
r-devel-linux-x86_64-debian-gcc 1.0.0 9.75 122.29 132.04 OK
r-devel-linux-x86_64-fedora-clang 1.0.0 199.12 OK
r-devel-linux-x86_64-fedora-gcc 1.0.0 194.36 OK
r-devel-windows-ix86+x86_64 1.0.0 19.00 143.00 162.00 NOTE
r-patched-linux-x86_64 1.0.0 8.52 125.37 133.89 OK
r-patched-solaris-x86 1.0.0 251.00 OK
r-release-linux-x86_64 1.0.0 8.80 125.00 133.80 OK
r-release-windows-ix86+x86_64 1.0.0 33.00 190.00 223.00 NOTE
r-release-osx-x86_64 1.0.0 OK
r-oldrel-windows-ix86+x86_64 1.0.0 28.00 143.00 171.00 NOTE
r-oldrel-osx-x86_64 1.0.0 OK

Check Details

Version: 1.0.0
Check: package dependencies
Result: NOTE
    Package suggested but not available for checking: 'doMC'
Flavors: r-devel-windows-ix86+x86_64, r-release-windows-ix86+x86_64, r-oldrel-windows-ix86+x86_64