CRAN Package Check Results for Package ck37r

Last updated on 2018-10-19 08:48:48 CEST.

Flavor Version Tinstall Tcheck Ttotal Status Flags
r-devel-linux-x86_64-debian-clang 1.0.0 10.60 161.09 171.69 OK
r-devel-linux-x86_64-debian-gcc 1.0.0 10.04 123.21 133.25 OK
r-devel-linux-x86_64-fedora-clang 1.0.0 208.68 OK
r-devel-linux-x86_64-fedora-gcc 1.0.0 193.17 OK
r-devel-windows-ix86+x86_64 1.0.0 32.00 211.00 243.00 NOTE
r-patched-linux-x86_64 1.0.0 7.87 132.03 139.90 OK
r-patched-solaris-x86 1.0.0 280.00 OK
r-release-linux-x86_64 1.0.0 8.87 130.79 139.66 OK
r-release-windows-ix86+x86_64 1.0.0 32.00 208.00 240.00 NOTE
r-release-osx-x86_64 1.0.0 OK
r-oldrel-windows-ix86+x86_64 1.0.0 20.00 209.00 229.00 NOTE
r-oldrel-osx-x86_64 1.0.0 OK

Check Details

Version: 1.0.0
Check: package dependencies
Result: NOTE
    Package suggested but not available for checking: 'doMC'
Flavors: r-devel-windows-ix86+x86_64, r-release-windows-ix86+x86_64, r-oldrel-windows-ix86+x86_64