CRAN Package Check Results for Package ck37r

Last updated on 2018-08-17 07:47:24 CEST.

Flavor Version Tinstall Tcheck Ttotal Status Flags
r-devel-linux-x86_64-debian-clang 1.0.0 10.74 159.55 170.29 OK
r-devel-linux-x86_64-debian-gcc 1.0.0 9.40 125.62 135.02 OK
r-devel-linux-x86_64-fedora-clang 1.0.0 199.65 OK
r-devel-linux-x86_64-fedora-gcc 1.0.0 190.43 OK
r-devel-windows-ix86+x86_64 1.0.0 35.00 240.00 275.00 NOTE
r-patched-linux-x86_64 1.0.0 7.85 132.96 140.81 OK
r-patched-solaris-x86 1.0.0 279.10 OK
r-release-linux-x86_64 1.0.0 9.08 130.32 139.40 OK
r-release-windows-ix86+x86_64 1.0.0 28.00 197.00 225.00 NOTE
r-release-osx-x86_64 1.0.0 OK
r-oldrel-windows-ix86+x86_64 1.0.0 29.00 214.00 243.00 NOTE
r-oldrel-osx-x86_64 1.0.0 OK

Check Details

Version: 1.0.0
Check: package dependencies
Result: NOTE
    Package suggested but not available for checking: 'doMC'
Flavors: r-devel-windows-ix86+x86_64, r-release-windows-ix86+x86_64, r-oldrel-windows-ix86+x86_64