CRAN Package Check Results for Package classiFunc

Last updated on 2018-05-23 14:46:36 CEST.

Flavor Version Tinstall Tcheck Ttotal Status Flags
r-devel-linux-x86_64-debian-clang 0.1.1 7.97 109.28 117.25 OK
r-devel-linux-x86_64-debian-gcc 0.1.1 6.42 85.48 91.90 OK
r-devel-linux-x86_64-fedora-clang 0.1.1 142.71 OK
r-devel-linux-x86_64-fedora-gcc 0.1.1 136.54 OK
r-devel-windows-ix86+x86_64 0.1.1 13.00 154.00 167.00 OK
r-patched-linux-x86_64 0.1.1 4.36 90.84 95.20 OK
r-patched-solaris-x86 0.1.1 185.20 ERROR
r-release-linux-x86_64 0.1.1 6.68 90.84 97.52 OK
r-release-windows-ix86+x86_64 0.1.1 16.00 139.00 155.00 OK
r-release-osx-x86_64 0.1.1 OK
r-oldrel-windows-ix86+x86_64 0.1.1 16.00 146.00 162.00 OK
r-oldrel-osx-x86_64 0.1.1 OK

Check Details

Version: 0.1.1
Check: tests
Result: ERROR
     Running ‘testthat.R’ [28s/31s]
    Running the tests in ‘tests/testthat.R’ failed.
    Complete output:
     > library(testthat)
     > library(classiFunc)
     >
     > test_check("classiFunc")
     ── 1. Failure: computeDistMat works rucrdtw metrics (@test_computeDistMat.R#100)
     all(as.vector(dist1) <= as.vector(dist3)) isn't true.
    
     ══ testthat results ═══════════════════════════════════════════════════════════
     OK: 54 SKIPPED: 0 FAILED: 1
     1. Failure: computeDistMat works rucrdtw metrics (@test_computeDistMat.R#100)
    
     Error: testthat unit tests failed
     Execution halted
Flavor: r-patched-solaris-x86