CRAN Package Check Results for Package classiFunc

Last updated on 2018-08-21 10:50:18 CEST.

Flavor Version Tinstall Tcheck Ttotal Status Flags
r-devel-linux-x86_64-debian-clang 0.1.1 8.98 112.63 121.61 OK
r-devel-linux-x86_64-debian-gcc 0.1.1 5.90 89.10 95.00 OK
r-devel-linux-x86_64-fedora-clang 0.1.1 148.82 OK
r-devel-linux-x86_64-fedora-gcc 0.1.1 138.62 OK
r-devel-windows-ix86+x86_64 0.1.1 18.00 113.00 131.00 OK
r-patched-linux-x86_64 0.1.1 7.39 93.65 101.04 OK
r-patched-solaris-x86 0.1.1 200.80 ERROR
r-release-linux-x86_64 0.1.1 6.72 93.24 99.96 OK
r-release-windows-ix86+x86_64 0.1.1 15.00 108.00 123.00 OK
r-release-osx-x86_64 0.1.1 OK
r-oldrel-windows-ix86+x86_64 0.1.1 11.00 123.00 134.00 OK
r-oldrel-osx-x86_64 0.1.1 OK

Check Details

Version: 0.1.1
Check: tests
Result: ERROR
     Running ‘testthat.R’ [31s/35s]
    Running the tests in ‘tests/testthat.R’ failed.
    Complete output:
     > library(testthat)
     > library(classiFunc)
     >
     > test_check("classiFunc")
     ── 1. Failure: computeDistMat works rucrdtw metrics (@test_computeDistMat.R#100)
     all(as.vector(dist1) <= as.vector(dist3)) isn't true.
    
     ══ testthat results ═══════════════════════════════════════════════════════════
     OK: 834 SKIPPED: 0 FAILED: 1
     1. Failure: computeDistMat works rucrdtw metrics (@test_computeDistMat.R#100)
    
     Error: testthat unit tests failed
     Execution halted
Flavor: r-patched-solaris-x86