CRAN Package Check Results for Package classifierplots

Last updated on 2022-06-30 03:53:19 CEST.

Flavor Version Tinstall Tcheck Ttotal Status Flags
r-devel-linux-x86_64-debian-clang 1.4.0 18.47 138.43 156.90 OK
r-devel-linux-x86_64-debian-gcc 1.4.0 14.96 102.33 117.29 OK
r-devel-linux-x86_64-fedora-clang 1.4.0 190.99 WARN
r-devel-linux-x86_64-fedora-gcc 1.4.0 194.20 WARN
r-devel-windows-x86_64 1.4.0 93.00 152.00 245.00 OK
r-patched-linux-x86_64 1.4.0 10.45 130.24 140.69 OK
r-release-linux-x86_64 1.4.0 12.67 131.49 144.16 OK
r-release-macos-arm64 1.4.0 49.00 NOTE
r-release-macos-x86_64 1.4.0 100.00 NOTE
r-release-windows-x86_64 1.4.0 52.00 154.00 206.00 OK
r-oldrel-macos-arm64 1.4.0 61.00 NOTE
r-oldrel-macos-x86_64 1.4.0 84.00 NOTE
r-oldrel-windows-ix86+x86_64 1.4.0 39.00 147.00 186.00 OK

Check Details

Version: 1.4.0
Check: package dependencies
Result: WARN
    Requires (indirectly) orphaned package: ‘gtools’
Flavors: r-devel-linux-x86_64-fedora-clang, r-devel-linux-x86_64-fedora-gcc

Version: 1.4.0
Check: dependencies in R code
Result: NOTE
    Namespace in Imports field not imported from: ‘Rcpp’
     All declared Imports should be used.
Flavors: r-devel-linux-x86_64-fedora-clang, r-devel-linux-x86_64-fedora-gcc, r-release-macos-arm64, r-release-macos-x86_64, r-oldrel-macos-arm64, r-oldrel-macos-x86_64