CRAN Package Check Results for Package classifly

Last updated on 2022-11-28 15:53:10 CET.

Flavor Version Tinstall Tcheck Ttotal Status Flags
r-devel-linux-x86_64-debian-clang 0.4.1 1.54 32.99 34.53 OK
r-devel-linux-x86_64-debian-gcc 0.4.1 1.92 24.96 26.88 OK
r-devel-linux-x86_64-fedora-clang 0.4.1 54.03 NOTE
r-devel-linux-x86_64-fedora-gcc 0.4.1 55.62 OK
r-devel-windows-x86_64 0.4.1 6.00 60.00 66.00 OK
r-patched-linux-x86_64 0.4.1 1.90 30.76 32.66 OK
r-release-linux-x86_64 0.4.1 2.37 31.31 33.68 OK
r-release-macos-arm64 0.4.1 24.00 OK
r-release-macos-x86_64 0.4.1 24.00 OK
r-release-windows-x86_64 0.4.1 18.00 59.00 77.00 OK
r-oldrel-macos-arm64 0.4.1 24.00 OK
r-oldrel-macos-x86_64 0.4.1 23.00 OK
r-oldrel-windows-ix86+x86_64 0.4.1 5.00 54.00 59.00 OK

Check Details

Version: 0.4.1
Check: Rd cross-references
Result: NOTE
    Undeclared package ‘reshape’ in Rd xrefs
Flavor: r-devel-linux-x86_64-fedora-clang