CRAN Package Check Results for Package classifly

Last updated on 2018-05-24 09:49:31 CEST.

Flavor Version Tinstall Tcheck Ttotal Status Flags
r-devel-linux-x86_64-debian-clang 0.4 0.83 24.62 25.45 NOTE
r-devel-linux-x86_64-debian-gcc 0.4 0.89 20.63 21.52 NOTE
r-devel-linux-x86_64-fedora-clang 0.4 32.34 NOTE
r-devel-linux-x86_64-fedora-gcc 0.4 30.87 NOTE
r-devel-windows-ix86+x86_64 0.4 3.00 45.00 48.00 NOTE
r-patched-linux-x86_64 0.4 0.85 25.07 25.92 NOTE
r-patched-solaris-x86 0.4 49.20 NOTE
r-release-linux-x86_64 0.4 1.02 24.80 25.82 NOTE
r-release-windows-ix86+x86_64 0.4 3.00 47.00 50.00 NOTE
r-release-osx-x86_64 0.4 NOTE
r-oldrel-windows-ix86+x86_64 0.4 4.00 47.00 51.00 NOTE
r-oldrel-osx-x86_64 0.4 NOTE

Check Details

Version: 0.4
Check: dependencies in R code
Result: NOTE
    'library' or 'require' call to ‘rggobi’ in package code.
     Please use :: or requireNamespace() instead.
     See section 'Suggested packages' in the 'Writing R Extensions' manual.
Flavors: r-devel-linux-x86_64-debian-clang, r-devel-linux-x86_64-debian-gcc, r-devel-linux-x86_64-fedora-clang, r-devel-linux-x86_64-fedora-gcc, r-devel-windows-ix86+x86_64, r-patched-linux-x86_64, r-patched-solaris-x86, r-release-linux-x86_64, r-release-windows-ix86+x86_64, r-release-osx-x86_64, r-oldrel-windows-ix86+x86_64, r-oldrel-osx-x86_64

Version: 0.4
Check: R code for possible problems
Result: NOTE
    generate_data : <anonymous>: no visible global function definition for
     ‘runif’
    knnf: no visible global function definition for ‘terms’
    rescaler.default: no visible global function definition for ‘sd’
    rescaler.default: no visible global function definition for ‘median’
    rescaler.default: no visible global function definition for ‘mad’
    simvar.numeric: no visible global function definition for ‘runif’
    Undefined global functions or variables:
     mad median runif sd terms
    Consider adding
     importFrom("stats", "mad", "median", "runif", "sd", "terms")
    to your NAMESPACE file.
Flavors: r-devel-linux-x86_64-debian-clang, r-devel-linux-x86_64-debian-gcc, r-devel-linux-x86_64-fedora-clang, r-devel-linux-x86_64-fedora-gcc, r-devel-windows-ix86+x86_64, r-patched-linux-x86_64, r-patched-solaris-x86, r-release-linux-x86_64, r-release-windows-ix86+x86_64, r-release-osx-x86_64, r-oldrel-windows-ix86+x86_64, r-oldrel-osx-x86_64

Version: 0.4
Check: package dependencies
Result: NOTE
    Package suggested but not available for checking: ‘rggobi’
Flavors: r-patched-solaris-x86, r-release-osx-x86_64, r-oldrel-osx-x86_64