CRAN Package Check Results for Package classyfire

Last updated on 2018-05-24 17:49:17 CEST.

Flavor Version Tinstall Tcheck Ttotal Status Flags
r-devel-linux-x86_64-debian-clang 0.1-2 6.50 77.81 84.31 NOTE
r-devel-linux-x86_64-debian-gcc 0.1-2 4.66 68.84 73.50 NOTE
r-devel-linux-x86_64-fedora-clang 0.1-2 115.95 NOTE
r-devel-linux-x86_64-fedora-gcc 0.1-2 111.56 NOTE
r-devel-windows-ix86+x86_64 0.1-2 8.00 93.00 101.00 NOTE
r-patched-linux-x86_64 0.1-2 5.28 73.60 78.88 NOTE
r-patched-solaris-x86 0.1-2 154.80 NOTE
r-release-linux-x86_64 0.1-2 5.62 73.50 79.12 NOTE
r-release-windows-ix86+x86_64 0.1-2 13.00 119.00 132.00 NOTE
r-release-osx-x86_64 0.1-2 NOTE
r-oldrel-windows-ix86+x86_64 0.1-2 12.00 114.00 126.00 NOTE
r-oldrel-osx-x86_64 0.1-2 NOTE

Check Details

Version: 0.1-2
Check: R code for possible problems
Result: NOTE
    .boxRadial: no visible global function definition for ‘predict’
    .radialSVM: no visible global function definition for ‘predict’
    cfPredict: no visible global function definition for ‘predict’
    getPerm5Num: no visible global function definition for ‘median’
    getPerm5Num: no visible global function definition for ‘quantile’
    ggClassPred: no visible global function definition for ‘ftable’
    ggEnsHist: no visible global function definition for ‘sd’
    ggPermHist: no visible global function definition for ‘sd’
    Undefined global functions or variables:
     ftable median predict quantile sd
    Consider adding
     importFrom("stats", "ftable", "median", "predict", "quantile", "sd")
    to your NAMESPACE file.
Flavors: r-devel-linux-x86_64-debian-clang, r-devel-linux-x86_64-debian-gcc, r-devel-linux-x86_64-fedora-clang, r-devel-linux-x86_64-fedora-gcc, r-devel-windows-ix86+x86_64, r-patched-linux-x86_64, r-patched-solaris-x86, r-release-linux-x86_64, r-release-windows-ix86+x86_64, r-release-osx-x86_64, r-oldrel-windows-ix86+x86_64, r-oldrel-osx-x86_64