CRAN Package Check Results for Package classyfire

Last updated on 2019-01-22 05:49:04 CET.

Flavor Version Tinstall Tcheck Ttotal Status Flags
r-devel-linux-x86_64-debian-clang 0.1-2 6.01 87.44 93.45 NOTE
r-devel-linux-x86_64-debian-gcc 0.1-2 4.02 69.04 73.06 NOTE
r-devel-linux-x86_64-fedora-clang 0.1-2 110.26 NOTE
r-devel-linux-x86_64-fedora-gcc 0.1-2 102.86 NOTE
r-devel-windows-ix86+x86_64 0.1-2 14.00 130.00 144.00 NOTE
r-patched-linux-x86_64 0.1-2 4.85 82.49 87.34 NOTE
r-patched-solaris-x86 0.1-2 161.40 NOTE
r-release-linux-x86_64 0.1-2 5.17 82.11 87.28 NOTE
r-release-windows-ix86+x86_64 0.1-2 15.00 143.00 158.00 NOTE
r-release-osx-x86_64 0.1-2 NOTE
r-oldrel-windows-ix86+x86_64 0.1-2 16.00 97.00 113.00 NOTE
r-oldrel-osx-x86_64 0.1-2 NOTE

Check Details

Version: 0.1-2
Check: R code for possible problems
Result: NOTE
    .boxRadial: no visible global function definition for ‘predict’
    .radialSVM: no visible global function definition for ‘predict’
    cfPredict: no visible global function definition for ‘predict’
    getPerm5Num: no visible global function definition for ‘median’
    getPerm5Num: no visible global function definition for ‘quantile’
    ggClassPred: no visible global function definition for ‘ftable’
    ggEnsHist: no visible global function definition for ‘sd’
    ggPermHist: no visible global function definition for ‘sd’
    Undefined global functions or variables:
     ftable median predict quantile sd
    Consider adding
     importFrom("stats", "ftable", "median", "predict", "quantile", "sd")
    to your NAMESPACE file.
Flavors: r-devel-linux-x86_64-debian-clang, r-devel-linux-x86_64-debian-gcc, r-devel-linux-x86_64-fedora-clang, r-devel-linux-x86_64-fedora-gcc, r-devel-windows-ix86+x86_64, r-patched-linux-x86_64, r-patched-solaris-x86, r-release-linux-x86_64, r-release-windows-ix86+x86_64, r-release-osx-x86_64, r-oldrel-windows-ix86+x86_64, r-oldrel-osx-x86_64