CRAN Package Check Results for Package classyfire

Last updated on 2018-02-21 17:48:00 CET.

Flavor Version Tinstall Tcheck Ttotal Status Flags
r-devel-linux-x86_64-debian-clang 0.1-2 5.87 74.47 80.34 NOTE
r-devel-linux-x86_64-debian-gcc 0.1-2 4.16 60.18 64.34 NOTE
r-devel-linux-x86_64-fedora-clang 0.1-2 96.81 NOTE
r-devel-linux-x86_64-fedora-gcc 0.1-2 96.08 NOTE
r-devel-windows-ix86+x86_64 0.1-2 9.00 81.00 90.00 NOTE
r-patched-linux-x86_64 0.1-2 4.02 78.51 82.53 NOTE
r-patched-solaris-x86 0.1-2 155.20 NOTE
r-release-linux-x86_64 0.1-2 4.22 78.40 82.62 NOTE
r-release-windows-ix86+x86_64 0.1-2 14.00 118.00 132.00 NOTE
r-release-osx-x86_64 0.1-2 NOTE
r-oldrel-windows-ix86+x86_64 0.1-2 8.00 82.00 90.00 NOTE
r-oldrel-osx-x86_64 0.1-2 NOTE

Check Details

Version: 0.1-2
Check: R code for possible problems
Result: NOTE
    .boxRadial: no visible global function definition for ‘predict’
    .radialSVM: no visible global function definition for ‘predict’
    cfPredict: no visible global function definition for ‘predict’
    getPerm5Num: no visible global function definition for ‘median’
    getPerm5Num: no visible global function definition for ‘quantile’
    ggClassPred: no visible global function definition for ‘ftable’
    ggEnsHist: no visible global function definition for ‘sd’
    ggPermHist: no visible global function definition for ‘sd’
    Undefined global functions or variables:
     ftable median predict quantile sd
    Consider adding
     importFrom("stats", "ftable", "median", "predict", "quantile", "sd")
    to your NAMESPACE file.
Flavors: r-devel-linux-x86_64-debian-clang, r-devel-linux-x86_64-debian-gcc, r-devel-linux-x86_64-fedora-clang, r-devel-linux-x86_64-fedora-gcc, r-devel-windows-ix86+x86_64, r-patched-linux-x86_64, r-patched-solaris-x86, r-release-linux-x86_64, r-release-windows-ix86+x86_64, r-release-osx-x86_64, r-oldrel-windows-ix86+x86_64, r-oldrel-osx-x86_64