CRAN Package Check Results for Package classyfire

Last updated on 2018-10-16 08:47:59 CEST.

Flavor Version Tinstall Tcheck Ttotal Status Flags
r-devel-linux-x86_64-debian-clang 0.1-2 5.80 97.21 103.01 NOTE
r-devel-linux-x86_64-debian-gcc 0.1-2 4.44 77.29 81.73 NOTE
r-devel-linux-x86_64-fedora-clang 0.1-2 123.59 NOTE
r-devel-linux-x86_64-fedora-gcc 0.1-2 118.75 NOTE
r-devel-windows-ix86+x86_64 0.1-2 19.00 139.00 158.00 NOTE
r-patched-linux-x86_64 0.1-2 4.29 80.19 84.48 NOTE
r-patched-solaris-x86 0.1-2 176.20 NOTE
r-release-linux-x86_64 0.1-2 5.33 81.41 86.74 NOTE
r-release-windows-ix86+x86_64 0.1-2 15.00 129.00 144.00 NOTE
r-release-osx-x86_64 0.1-2 NOTE
r-oldrel-windows-ix86+x86_64 0.1-2 16.00 132.00 148.00 NOTE
r-oldrel-osx-x86_64 0.1-2 NOTE

Check Details

Version: 0.1-2
Check: R code for possible problems
Result: NOTE
    .boxRadial: no visible global function definition for ‘predict’
    .radialSVM: no visible global function definition for ‘predict’
    cfPredict: no visible global function definition for ‘predict’
    getPerm5Num: no visible global function definition for ‘median’
    getPerm5Num: no visible global function definition for ‘quantile’
    ggClassPred: no visible global function definition for ‘ftable’
    ggEnsHist: no visible global function definition for ‘sd’
    ggPermHist: no visible global function definition for ‘sd’
    Undefined global functions or variables:
     ftable median predict quantile sd
    Consider adding
     importFrom("stats", "ftable", "median", "predict", "quantile", "sd")
    to your NAMESPACE file.
Flavors: r-devel-linux-x86_64-debian-clang, r-devel-linux-x86_64-debian-gcc, r-devel-linux-x86_64-fedora-clang, r-devel-linux-x86_64-fedora-gcc, r-devel-windows-ix86+x86_64, r-patched-linux-x86_64, r-patched-solaris-x86, r-release-linux-x86_64, r-release-windows-ix86+x86_64, r-release-osx-x86_64, r-oldrel-windows-ix86+x86_64, r-oldrel-osx-x86_64