CRAN Package Check Results for Package classyfire

Last updated on 2018-08-16 22:50:23 CEST.

Flavor Version Tinstall Tcheck Ttotal Status Flags
r-devel-linux-x86_64-debian-clang 0.1-2 6.78 97.59 104.37 NOTE
r-devel-linux-x86_64-debian-gcc 0.1-2 5.79 78.37 84.16 NOTE
r-devel-linux-x86_64-fedora-clang 0.1-2 128.23 NOTE
r-devel-linux-x86_64-fedora-gcc 0.1-2 118.19 NOTE
r-devel-windows-ix86+x86_64 0.1-2 22.00 137.00 159.00 NOTE
r-patched-linux-x86_64 0.1-2 5.55 80.16 85.71 NOTE
r-patched-solaris-x86 0.1-2 174.20 NOTE
r-release-linux-x86_64 0.1-2 5.94 79.76 85.70 NOTE
r-release-windows-ix86+x86_64 0.1-2 19.00 127.00 146.00 NOTE
r-release-osx-x86_64 0.1-2 NOTE
r-oldrel-windows-ix86+x86_64 0.1-2 15.00 103.00 118.00 NOTE
r-oldrel-osx-x86_64 0.1-2 NOTE

Check Details

Version: 0.1-2
Check: R code for possible problems
Result: NOTE
    .boxRadial: no visible global function definition for ‘predict’
    .radialSVM: no visible global function definition for ‘predict’
    cfPredict: no visible global function definition for ‘predict’
    getPerm5Num: no visible global function definition for ‘median’
    getPerm5Num: no visible global function definition for ‘quantile’
    ggClassPred: no visible global function definition for ‘ftable’
    ggEnsHist: no visible global function definition for ‘sd’
    ggPermHist: no visible global function definition for ‘sd’
    Undefined global functions or variables:
     ftable median predict quantile sd
    Consider adding
     importFrom("stats", "ftable", "median", "predict", "quantile", "sd")
    to your NAMESPACE file.
Flavors: r-devel-linux-x86_64-debian-clang, r-devel-linux-x86_64-debian-gcc, r-devel-linux-x86_64-fedora-clang, r-devel-linux-x86_64-fedora-gcc, r-devel-windows-ix86+x86_64, r-patched-linux-x86_64, r-patched-solaris-x86, r-release-linux-x86_64, r-release-windows-ix86+x86_64, r-release-osx-x86_64, r-oldrel-windows-ix86+x86_64, r-oldrel-osx-x86_64