CRAN Package Check Results for Package cleanr

Last updated on 2018-05-25 01:46:26 CEST.

Flavor Version Tinstall Tcheck Ttotal Status Flags
r-devel-linux-x86_64-debian-clang 1.1.3 1.60 22.04 23.64 OK
r-devel-linux-x86_64-debian-gcc 1.1.3 0.78 20.04 20.82 OK
r-devel-linux-x86_64-fedora-clang 1.1.3 32.45 OK
r-devel-linux-x86_64-fedora-gcc 1.1.3 30.82 OK
r-devel-windows-ix86+x86_64 1.1.3 4.00 61.00 65.00 OK
r-patched-linux-x86_64 1.1.3 0.92 23.90 24.82 NOTE
r-patched-solaris-x86 1.1.3 48.30 OK
r-release-linux-x86_64 1.1.3 1.35 24.21 25.56 NOTE
r-release-windows-ix86+x86_64 1.1.3 5.00 54.00 59.00 OK
r-release-osx-x86_64 1.1.3 OK
r-oldrel-windows-ix86+x86_64 1.1.3 6.00 41.00 47.00 OK
r-oldrel-osx-x86_64 1.1.3 OK

Check Details

Version: 1.1.3
Check: DESCRIPTION meta-information
Result: NOTE
    Dependence on R version ‘3.3.1’ not with patchlevel 0
Flavors: r-patched-linux-x86_64, r-release-linux-x86_64