CRAN Package Check Results for Package cleanr

Last updated on 2018-11-21 08:48:32 CET.

Flavor Version Tinstall Tcheck Ttotal Status Flags
r-devel-linux-x86_64-debian-clang 1.1.3 1.44 26.07 27.51 OK
r-devel-linux-x86_64-debian-gcc 1.1.3 1.24 21.55 22.79 OK
r-devel-linux-x86_64-fedora-clang 1.1.3 33.85 OK
r-devel-linux-x86_64-fedora-gcc 1.1.3 32.27 OK
r-devel-windows-ix86+x86_64 1.1.3 6.00 40.00 46.00 OK
r-patched-linux-x86_64 1.1.3 1.54 24.57 26.11 NOTE
r-patched-solaris-x86 1.1.3 50.10 OK
r-release-linux-x86_64 1.1.3 1.55 24.76 26.31 NOTE
r-release-windows-ix86+x86_64 1.1.3 3.00 57.00 60.00 OK
r-release-osx-x86_64 1.1.3 OK
r-oldrel-windows-ix86+x86_64 1.1.3 6.00 48.00 54.00 OK
r-oldrel-osx-x86_64 1.1.3 OK

Check Details

Version: 1.1.3
Check: DESCRIPTION meta-information
Result: NOTE
    Dependence on R version ‘3.3.1’ not with patchlevel 0
Flavors: r-patched-linux-x86_64, r-release-linux-x86_64