CRAN Package Check Results for Package cleanr

Last updated on 2018-02-24 18:48:50 CET.

Flavor Version Tinstall Tcheck Ttotal Status Flags
r-devel-linux-x86_64-debian-clang 1.1.3 1.03 24.78 25.81 NOTE
r-devel-linux-x86_64-debian-gcc 1.1.3 0.98 19.89 20.87 NOTE
r-devel-linux-x86_64-fedora-clang 1.1.3 31.59 NOTE
r-devel-linux-x86_64-fedora-gcc 1.1.3 30.57 NOTE
r-devel-windows-ix86+x86_64 1.1.3 5.00 61.00 66.00 OK
r-patched-linux-x86_64 1.1.3 1.04 26.52 27.56 OK
r-patched-solaris-x86 1.1.3 43.20 OK
r-release-linux-x86_64 1.1.3 0.95 26.36 27.31 OK
r-release-windows-ix86+x86_64 1.1.3 4.00 54.00 58.00 OK
r-release-osx-x86_64 1.1.3 OK
r-oldrel-windows-ix86+x86_64 1.1.3 3.00 38.00 41.00 OK
r-oldrel-osx-x86_64 1.1.3 OK

Check Details

Version: 1.1.3
Check: DESCRIPTION meta-information
Result: NOTE
    Dependence on R version ‘3.3.1’ not with patchlevel 0
Flavors: r-devel-linux-x86_64-debian-clang, r-devel-linux-x86_64-debian-gcc, r-devel-linux-x86_64-fedora-clang, r-devel-linux-x86_64-fedora-gcc