CRAN Package Check Results for Package cleanr

Last updated on 2019-02-17 23:51:45 CET.

Flavor Version Tinstall Tcheck Ttotal Status Flags
r-devel-linux-x86_64-debian-clang 1.1.3 1.99 25.96 27.95 OK
r-devel-linux-x86_64-debian-gcc 1.1.3 1.53 21.06 22.59 OK
r-devel-linux-x86_64-fedora-clang 1.1.3 36.37 OK
r-devel-linux-x86_64-fedora-gcc 1.1.3 33.75 OK
r-devel-windows-ix86+x86_64 1.1.3 6.00 42.00 48.00 OK
r-patched-linux-x86_64 1.1.3 1.58 24.66 26.24 NOTE
r-patched-solaris-x86 1.1.3 49.00 OK
r-release-linux-x86_64 1.1.3 NOTE
r-release-windows-ix86+x86_64 1.1.3 3.00 38.00 41.00 OK
r-release-osx-x86_64 1.1.3 OK
r-oldrel-windows-ix86+x86_64 1.1.3 3.00 51.00 54.00 OK
r-oldrel-osx-x86_64 1.1.3 OK

Check Details

Version: 1.1.3
Check: DESCRIPTION meta-information
Result: NOTE
    Dependence on R version ‘3.3.1’ not with patchlevel 0
Flavors: r-patched-linux-x86_64, r-release-linux-x86_64