CRAN Package Check Results for Package cleanr

Last updated on 2018-08-19 02:47:41 CEST.

Flavor Version Tinstall Tcheck Ttotal Status Flags
r-devel-linux-x86_64-debian-clang 1.1.3 1.72 26.53 28.25 OK
r-devel-linux-x86_64-debian-gcc 1.1.3 1.19 21.76 22.95 OK
r-devel-linux-x86_64-fedora-clang 1.1.3 35.92 OK
r-devel-linux-x86_64-fedora-gcc 1.1.3 34.21 OK
r-devel-windows-ix86+x86_64 1.1.3 7.00 68.00 75.00 OK
r-patched-linux-x86_64 1.1.3 1.55 24.89 26.44 NOTE
r-patched-solaris-x86 1.1.3 50.10 OK
r-release-linux-x86_64 1.1.3 1.45 24.65 26.10 NOTE
r-release-windows-ix86+x86_64 1.1.3 5.00 53.00 58.00 OK
r-release-osx-x86_64 1.1.3 OK
r-oldrel-windows-ix86+x86_64 1.1.3 3.00 59.00 62.00 OK
r-oldrel-osx-x86_64 1.1.3 OK

Check Details

Version: 1.1.3
Check: DESCRIPTION meta-information
Result: NOTE
    Dependence on R version ‘3.3.1’ not with patchlevel 0
Flavors: r-patched-linux-x86_64, r-release-linux-x86_64