CRAN Package Check Results for Package clespr

Last updated on 2022-08-10 05:54:46 CEST.

Flavor Version Tinstall Tcheck Ttotal Status Flags
r-devel-linux-x86_64-debian-clang 1.1.2 10.85 80.14 90.99 NOTE
r-devel-linux-x86_64-debian-gcc 1.1.2 7.97 61.35 69.32 NOTE
r-devel-linux-x86_64-fedora-clang 1.1.2 117.90 NOTE
r-devel-linux-x86_64-fedora-gcc 1.1.2 118.13 NOTE
r-devel-windows-x86_64 1.1.2 13.00 104.00 117.00 NOTE
r-patched-linux-x86_64 1.1.2 9.04 76.39 85.43 NOTE
r-release-linux-x86_64 1.1.2 NOTE
r-release-macos-arm64 1.1.2 36.00 NOTE
r-release-macos-x86_64 1.1.2 58.00 NOTE
r-release-windows-x86_64 1.1.2 14.00 105.00 119.00 NOTE
r-oldrel-macos-arm64 1.1.2 53.00 NOTE
r-oldrel-macos-x86_64 1.1.2 72.00 NOTE
r-oldrel-windows-ix86+x86_64 1.1.2 21.00 102.00 123.00 NOTE

Check Details

Version: 1.1.2
Check: LazyData
Result: NOTE
     'LazyData' is specified without a 'data' directory
Flavors: r-devel-linux-x86_64-debian-clang, r-devel-linux-x86_64-debian-gcc, r-devel-linux-x86_64-fedora-clang, r-devel-linux-x86_64-fedora-gcc, r-devel-windows-x86_64, r-patched-linux-x86_64, r-release-linux-x86_64, r-release-macos-arm64, r-release-macos-x86_64, r-release-windows-x86_64, r-oldrel-macos-arm64, r-oldrel-macos-x86_64, r-oldrel-windows-ix86+x86_64