CRAN Package Check Results for Package clhs

Last updated on 2022-12-10 03:57:26 CET.

Flavor Version Tinstall Tcheck Ttotal Status Flags
r-devel-linux-x86_64-debian-clang 0.9.0 72.84 444.03 516.87 NOTE
r-devel-linux-x86_64-debian-gcc 0.9.0 55.78 324.37 380.15 NOTE
r-devel-linux-x86_64-fedora-clang 0.9.0 660.48 NOTE
r-devel-linux-x86_64-fedora-gcc 0.9.0 644.30 NOTE
r-devel-windows-x86_64 0.9.0 61.00 437.00 498.00 NOTE
r-patched-linux-x86_64 0.9.0 59.99 414.64 474.63 OK
r-release-linux-x86_64 0.9.0 64.09 428.99 493.08 OK
r-release-macos-arm64 0.9.0 128.00 NOTE
r-release-macos-x86_64 0.9.0 259.00 NOTE
r-release-windows-x86_64 0.9.0 78.00 444.00 522.00 OK
r-oldrel-macos-arm64 0.9.0 141.00 NOTE
r-oldrel-macos-x86_64 0.9.0 166.00 NOTE
r-oldrel-windows-ix86+x86_64 0.9.0 154.00 612.00 766.00 OK

Check Details

Version: 0.9.0
Check: package subdirectories
Result: NOTE
    Problems with news in 'NEWS.md':
     Cannot extract version info from the following section titles:
     clhs_0.7-2
     clhs_0.7-0
     clhs_0.6-0
     clhs_0.5-7
     clhs_0.5-6
     clhs_0.5-3
     clhs_0.5-2
     clhs_0.5-1
     clhs_0.5-0
     clhs_0.4-3
     clhs_0.4-2
     clhs_0.4-1
     clhs_0.4-0
     clhs_0.3-2
     clhs_0.3-1
     clhs_0.3-0
     clhs_0.2-1
     clhs_0.2-0
     clhs_0.1-0
Flavors: r-devel-linux-x86_64-debian-clang, r-devel-linux-x86_64-debian-gcc, r-devel-linux-x86_64-fedora-clang, r-devel-linux-x86_64-fedora-gcc, r-devel-windows-x86_64

Version: 0.9.0
Check: dependencies in R code
Result: NOTE
    Namespace in Imports field not imported from: ‘sp’
     All declared Imports should be used.
Flavors: r-devel-linux-x86_64-fedora-clang, r-devel-linux-x86_64-fedora-gcc, r-release-macos-arm64, r-release-macos-x86_64, r-oldrel-macos-arm64, r-oldrel-macos-x86_64