CRAN Package Check Results for Package clhs

Last updated on 2018-05-22 18:46:45 CEST.

Flavor Version Tinstall Tcheck Ttotal Status Flags
r-devel-linux-x86_64-debian-clang 0.6-0 4.80 165.30 170.10 OK
r-devel-linux-x86_64-debian-gcc 0.6-0 3.87 129.80 133.67 OK
r-devel-linux-x86_64-fedora-clang 0.6-0 206.87 NOTE
r-devel-linux-x86_64-fedora-gcc 0.6-0 199.19 NOTE
r-devel-windows-ix86+x86_64 0.6-0 10.00 219.00 229.00 OK
r-patched-linux-x86_64 0.6-0 5.01 154.57 159.58 OK
r-patched-solaris-x86 0.6-0 278.50 NOTE
r-release-linux-x86_64 0.6-0 4.70 155.43 160.13 OK
r-release-windows-ix86+x86_64 0.6-0 11.00 212.00 223.00 OK
r-release-osx-x86_64 0.6-0 NOTE
r-oldrel-windows-ix86+x86_64 0.6-0 16.00 227.00 243.00 OK
r-oldrel-osx-x86_64 0.6-0 NOTE

Check Details

Version: 0.6-0
Check: dependencies in R code
Result: NOTE
    Namespaces in Imports field not imported from:
     ‘scales’ ‘sp’
     All declared Imports should be used.
Flavors: r-devel-linux-x86_64-fedora-clang, r-devel-linux-x86_64-fedora-gcc, r-patched-solaris-x86, r-release-osx-x86_64, r-oldrel-osx-x86_64