CRAN Package Check Results for Package clhs

Last updated on 2018-11-15 04:50:00 CET.

Flavor Version Tinstall Tcheck Ttotal Status Flags
r-devel-linux-x86_64-debian-clang 0.7-0 6.86 194.27 201.13 OK
r-devel-linux-x86_64-debian-gcc 0.7-0 4.66 151.06 155.72 OK
r-devel-linux-x86_64-fedora-clang 0.7-0 234.76 NOTE
r-devel-linux-x86_64-fedora-gcc 0.7-0 228.34 NOTE
r-devel-windows-ix86+x86_64 0.7-0 10.00 184.00 194.00 OK
r-patched-linux-x86_64 0.7-0 5.72 176.37 182.09 OK
r-patched-solaris-x86 0.7-0 310.40 NOTE
r-release-linux-x86_64 0.7-0 4.74 175.84 180.58 OK
r-release-windows-ix86+x86_64 0.7-0 17.00 194.00 211.00 OK
r-release-osx-x86_64 0.7-0 NOTE
r-oldrel-windows-ix86+x86_64 0.7-0 16.00 258.00 274.00 OK
r-oldrel-osx-x86_64 0.7-0 NOTE

Check Details

Version: 0.7-0
Check: dependencies in R code
Result: NOTE
    Namespaces in Imports field not imported from:
     ‘scales’ ‘sp’
     All declared Imports should be used.
Flavors: r-devel-linux-x86_64-fedora-clang, r-devel-linux-x86_64-fedora-gcc, r-patched-solaris-x86, r-release-osx-x86_64, r-oldrel-osx-x86_64