CRAN Package Check Results for Package clhs

Last updated on 2019-02-15 20:46:41 CET.

Flavor Version Tinstall Tcheck Ttotal Status Flags
r-devel-linux-x86_64-debian-clang 0.7-0 5.88 188.77 194.65 OK
r-devel-linux-x86_64-debian-gcc 0.7-0 5.29 144.06 149.35 OK
r-devel-linux-x86_64-fedora-clang 0.7-0 227.50 NOTE
r-devel-linux-x86_64-fedora-gcc 0.7-0 215.72 NOTE
r-devel-windows-ix86+x86_64 0.7-0 14.00 453.00 467.00 OK
r-patched-linux-x86_64 0.7-0 5.70 179.07 184.77 OK
r-patched-solaris-x86 0.7-0 323.50 NOTE
r-release-linux-x86_64 0.7-0 4.10 176.78 180.88 OK
r-release-windows-ix86+x86_64 0.7-0 9.00 182.00 191.00 OK
r-release-osx-x86_64 0.7-0 NOTE
r-oldrel-windows-ix86+x86_64 0.7-0 19.00 270.00 289.00 OK
r-oldrel-osx-x86_64 0.7-0 NOTE

Check Details

Version: 0.7-0
Check: dependencies in R code
Result: NOTE
    Namespaces in Imports field not imported from:
     ‘scales’ ‘sp’
     All declared Imports should be used.
Flavors: r-devel-linux-x86_64-fedora-clang, r-devel-linux-x86_64-fedora-gcc, r-patched-solaris-x86, r-release-osx-x86_64, r-oldrel-osx-x86_64