CRAN Package Check Results for Package clhs

Last updated on 2018-08-21 06:49:59 CEST.

Flavor Version Tinstall Tcheck Ttotal Status Flags
r-devel-linux-x86_64-debian-clang 0.6-0 5.94 173.77 179.71 OK
r-devel-linux-x86_64-debian-gcc 0.6-0 4.16 137.79 141.95 OK
r-devel-linux-x86_64-fedora-clang 0.6-0 213.39 NOTE
r-devel-linux-x86_64-fedora-gcc 0.6-0 205.08 NOTE
r-devel-windows-ix86+x86_64 0.6-0 15.00 184.00 199.00 OK
r-patched-linux-x86_64 0.6-0 5.27 160.99 166.26 OK
r-patched-solaris-x86 0.6-0 288.10 NOTE
r-release-linux-x86_64 0.6-0 3.67 158.86 162.53 OK
r-release-windows-ix86+x86_64 0.6-0 13.00 175.00 188.00 OK
r-release-osx-x86_64 0.6-0 NOTE
r-oldrel-windows-ix86+x86_64 0.6-0 9.00 205.00 214.00 OK
r-oldrel-osx-x86_64 0.6-0 NOTE

Check Details

Version: 0.6-0
Check: dependencies in R code
Result: NOTE
    Namespaces in Imports field not imported from:
     ‘scales’ ‘sp’
     All declared Imports should be used.
Flavors: r-devel-linux-x86_64-fedora-clang, r-devel-linux-x86_64-fedora-gcc, r-patched-solaris-x86, r-release-osx-x86_64, r-oldrel-osx-x86_64