Last updated on 2023-12-01 18:50:52 CET.
Flavor | Version | Tinstall | Tcheck | Ttotal | Status | Flags |
---|---|---|---|---|---|---|
r-devel-linux-x86_64-debian-clang | 3.6.1 | 23.28 | 189.80 | 213.08 | WARN | |
r-devel-linux-x86_64-debian-gcc | 3.6.1 | 16.07 | 140.10 | 156.17 | WARN | |
r-devel-linux-x86_64-fedora-clang | 3.6.1 | 256.43 | WARN | |||
r-devel-linux-x86_64-fedora-gcc | 3.6.1 | 270.01 | WARN | |||
r-devel-windows-x86_64 | 3.6.1 | 44.00 | 167.00 | 211.00 | WARN | |
r-patched-linux-x86_64 | 3.6.1 | 26.43 | 178.72 | 205.15 | OK | |
r-release-linux-x86_64 | 3.6.1 | 20.97 | 178.25 | 199.22 | OK | |
r-release-macos-arm64 | 3.6.1 | 63.00 | OK | |||
r-release-macos-x86_64 | 3.6.1 | 112.00 | OK | |||
r-release-windows-x86_64 | 3.6.1 | 51.00 | 207.00 | 258.00 | WARN | |
r-oldrel-macos-arm64 | 3.6.1 | 69.00 | OK | |||
r-oldrel-macos-x86_64 | 3.6.1 | 105.00 | OK | |||
r-oldrel-windows-x86_64 | 3.6.1 | 58.00 | 189.00 | 247.00 | OK |
Version: 3.6.1
Check: whether package can be installed
Result: WARN
Found the following significant warnings:
progress.c:98:37: warning: data argument not used by format string [-Wformat-extra-args]
See ‘/home/hornik/tmp/R.check/r-devel-clang/Work/PKGS/cli.Rcheck/00install.out’ for details.
* used C compiler: ‘Debian clang version 17.0.5 (1)’
Flavor: r-devel-linux-x86_64-debian-clang
Version: 3.6.1
Check: whether package can be installed
Result: WARN
Found the following significant warnings:
progress.c:98:11: warning: too many arguments for format [-Wformat-extra-args]
See ‘/home/hornik/tmp/R.check/r-devel-gcc/Work/PKGS/cli.Rcheck/00install.out’ for details.
* used C compiler: ‘gcc-13 (Debian 13.2.0-5) 13.2.0’
Flavor: r-devel-linux-x86_64-debian-gcc
Version: 3.6.1
Check: whether package can be installed
Result: WARN
Found the following significant warnings:
progress.c:98:37: warning: data argument not used by format string [-Wformat-extra-args]
See ‘/data/gannet/ripley/R/packages/tests-clang/cli.Rcheck/00install.out’ for details.
* used C compiler: ‘clang version 17.0.5’
Flavor: r-devel-linux-x86_64-fedora-clang
Version: 3.6.1
Check: whether package can be installed
Result: WARN
Found the following significant warnings:
progress.c:98:11: warning: too many arguments for format [-Wformat-extra-args]
See ‘/data/gannet/ripley/R/packages/tests-devel/cli.Rcheck/00install.out’ for details.
* used C compiler: ‘gcc-13 (GCC) 13.2.0’
Flavor: r-devel-linux-x86_64-fedora-gcc
Version: 3.6.1
Check: whether package can be installed
Result: WARN
Found the following significant warnings:
errors.c:59:28: warning: format '%d' expects argument of type 'int', but argument 3 has type 'DWORD' {aka 'long unsigned int'} [-Wformat=]
progress.c:98:11: warning: too many arguments for format [-Wformat-extra-args]
utils.c:15:6: warning: function declaration isn't a prototype [-Wstrict-prototypes]
See 'd:/Rcompile/CRANpkg/local/4.4/cli.Rcheck/00install.out' for details.
* used C compiler: 'gcc.exe (GCC) 12.3.0'
Flavor: r-devel-windows-x86_64
Version: 3.6.1
Check: whether package can be installed
Result: WARN
Found the following significant warnings:
utils.c:15:6: warning: function declaration isn't a prototype [-Wstrict-prototypes]
See 'd:/Rcompile/CRANpkg/local/4.3/cli.Rcheck/00install.out' for details.
* used C compiler: 'gcc.exe (GCC) 12.3.0'
Flavor: r-release-windows-x86_64