CRAN Package Check Results for Package clifro

Last updated on 2018-02-20 15:48:29 CET.

Flavor Version Tinstall Tcheck Ttotal Status Flags
r-devel-linux-x86_64-debian-clang 3.1-5 6.11 68.81 74.92 OK
r-devel-linux-x86_64-debian-gcc 3.1-5 5.98 54.54 60.52 OK
r-devel-linux-x86_64-fedora-clang 3.1-5 88.82 OK
r-devel-linux-x86_64-fedora-gcc 3.1-5 88.62 OK
r-devel-windows-ix86+x86_64 3.1-5 11.00 106.00 117.00 OK
r-patched-linux-x86_64 3.1-5 4.45 80.05 84.50 OK
r-patched-solaris-x86 3.1-5 120.50 OK --no-tests
r-release-linux-x86_64 3.1-5 3.54 79.26 82.80 OK
r-release-windows-ix86+x86_64 3.1-5 13.00 155.00 168.00 OK
r-release-osx-x86_64 3.1-5 OK
r-oldrel-windows-ix86+x86_64 3.1-5 11.00 134.00 145.00 ERROR
r-oldrel-osx-x86_64 3.1-5 OK

Check Details

Version: 3.1-5
Check: tests
Result: ERROR
     Running 'test-all.R' [39s]
    Running the tests in 'tests/test-all.R' failed.
    Last 13 lines of output:
     dateauswahl = "wgenf.genform1?fset=defdate", date1_1 = year(start_date), date1_2 = month(start_date),
     date1_3 = day(start_date), date1_4 = hour(start_date), date2_1 = year(end_date),
     date2_2 = month(end_date), date2_3 = day(end_date), date2_4 = hour(end_date),
     formatselection = "wgenf.genform1?fset=deffmt", TSselection = "local", dateformat = "0",
     Splitdate = "N", mimeselection = "texttab", cstn_id = "N", cdata_order = "SD",
     submit_sq = "Send Query", .params = all_dt_params, curl = curl, .opts = list(cainfo = cert))
     3: stop.if.HTTP.error(http.header)
    
     == testthat results ===========================================================
     OK: 35 SKIPPED: 0 FAILED: 2
     1. Error: cf_last_query (@test-cf_last_query.R#4)
     2. Error: cf_query (@test-cf_query.R#4)
    
     Error: testthat unit tests failed
     Execution halted
Flavor: r-oldrel-windows-ix86+x86_64