CRAN Package Check Results for Package climatol

Last updated on 2021-06-24 00:48:39 CEST.

Flavor Version Tinstall Tcheck Ttotal Status Flags
r-devel-linux-x86_64-debian-clang 3.1.2 6.73 76.17 82.90 OK
r-devel-linux-x86_64-debian-gcc 3.1.2 5.65 56.11 61.76 OK
r-devel-linux-x86_64-fedora-clang 3.1.2 104.66 OK
r-devel-linux-x86_64-fedora-gcc 3.1.2 96.19 OK
r-devel-windows-x86_64 3.1.2 11.00 94.00 105.00 OK
r-devel-windows-x86_64-gcc10-UCRT 3.1.2 OK
r-patched-linux-x86_64 3.1.2 6.96 73.63 80.59 OK
r-patched-solaris-x86 3.1.2 125.50 OK
r-release-linux-x86_64 3.1.2 6.26 73.40 79.66 OK
r-release-macos-arm64 3.1.2 NOTE
r-release-macos-x86_64 3.1.2 OK
r-release-windows-ix86+x86_64 3.1.2 12.00 75.00 87.00 OK
r-oldrel-macos-x86_64 3.1.2 OK

Check Details

Version: 3.1.2
Check: package dependencies
Result: NOTE
    Package suggested but not available for checking: ‘RODBC’
Flavor: r-release-macos-arm64