CRAN Package Check Results for Package climbeR

Last updated on 2018-10-24 03:55:14 CEST.

Flavor Version Tinstall Tcheck Ttotal Status Flags
r-devel-linux-x86_64-debian-clang 0.0.1 2.65 57.13 59.78 OK
r-devel-linux-x86_64-debian-gcc 0.0.1 2.10 44.23 46.33 OK
r-devel-linux-x86_64-fedora-clang 0.0.1 72.33 OK
r-devel-linux-x86_64-fedora-gcc 0.0.1 66.03 OK
r-devel-windows-ix86+x86_64 0.0.1 9.00 98.00 107.00 OK
r-patched-linux-x86_64 0.0.1 2.24 49.10 51.34 NOTE
r-patched-solaris-x86 0.0.1 118.50 OK
r-release-linux-x86_64 0.0.1 2.20 49.34 51.54 NOTE
r-release-windows-ix86+x86_64 0.0.1 7.00 85.00 92.00 OK
r-release-osx-x86_64 0.0.1 OK
r-oldrel-windows-ix86+x86_64 0.0.1 5.00 79.00 84.00 OK
r-oldrel-osx-x86_64 0.0.1 OK

Check Details

Version: 0.0.1
Check: DESCRIPTION meta-information
Result: NOTE
    Dependence on R version ‘3.3.2’ not with patchlevel 0
Flavors: r-patched-linux-x86_64, r-release-linux-x86_64