CRAN Package Check Results for Package climbeR

Last updated on 2018-02-20 17:47:33 CET.

Flavor Version Tinstall Tcheck Ttotal Status Flags
r-devel-linux-x86_64-debian-clang 0.0.1 2.13 43.68 45.81 NOTE
r-devel-linux-x86_64-debian-gcc 0.0.1 1.69 34.52 36.21 NOTE
r-devel-linux-x86_64-fedora-clang 0.0.1 53.72 NOTE
r-devel-linux-x86_64-fedora-gcc 0.0.1 52.10 NOTE
r-devel-windows-ix86+x86_64 0.0.1 4.00 48.00 52.00 OK
r-patched-linux-x86_64 0.0.1 1.69 49.18 50.87 OK
r-patched-solaris-x86 0.0.1 115.40 OK
r-release-linux-x86_64 0.0.1 1.61 49.93 51.54 OK
r-release-windows-ix86+x86_64 0.0.1 6.00 78.00 84.00 OK
r-release-osx-x86_64 0.0.1 OK
r-oldrel-windows-ix86+x86_64 0.0.1 5.00 67.00 72.00 OK
r-oldrel-osx-x86_64 0.0.1 OK

Check Details

Version: 0.0.1
Check: DESCRIPTION meta-information
Result: NOTE
    Dependence on R version ‘3.3.2’ not with patchlevel 0
Flavors: r-devel-linux-x86_64-debian-clang, r-devel-linux-x86_64-debian-gcc, r-devel-linux-x86_64-fedora-clang, r-devel-linux-x86_64-fedora-gcc