CRAN Package Check Results for Package climbeR

Last updated on 2018-05-27 19:49:17 CEST.

Flavor Version Tinstall Tcheck Ttotal Status Flags
r-devel-linux-x86_64-debian-clang 0.0.1 2.01 46.84 48.85 OK
r-devel-linux-x86_64-debian-gcc 0.0.1 1.88 37.18 39.06 OK
r-devel-linux-x86_64-fedora-clang 0.0.1 60.05 OK
r-devel-linux-x86_64-fedora-gcc 0.0.1 57.42 OK
r-devel-windows-ix86+x86_64 0.0.1 4.00 57.00 61.00 OK
r-patched-linux-x86_64 0.0.1 1.55 43.19 44.74 NOTE
r-patched-solaris-x86 0.0.1 114.90 OK
r-release-linux-x86_64 0.0.1 1.98 43.05 45.03 NOTE
r-release-windows-ix86+x86_64 0.0.1 5.00 74.00 79.00 OK
r-release-osx-x86_64 0.0.1 OK
r-oldrel-windows-ix86+x86_64 0.0.1 7.00 57.00 64.00 OK
r-oldrel-osx-x86_64 0.0.1 OK

Check Details

Version: 0.0.1
Check: DESCRIPTION meta-information
Result: NOTE
    Dependence on R version ‘3.3.2’ not with patchlevel 0
Flavors: r-patched-linux-x86_64, r-release-linux-x86_64