CRAN Package Check Results for Package climbeR

Last updated on 2019-02-22 21:57:35 CET.

Flavor Version Tinstall Tcheck Ttotal Status Flags
r-devel-linux-x86_64-debian-clang 0.0.1 2.66 54.34 57.00 OK
r-devel-linux-x86_64-debian-gcc 0.0.1 2.05 41.50 43.55 OK
r-devel-linux-x86_64-fedora-clang 0.0.1 66.82 OK
r-devel-linux-x86_64-fedora-gcc 0.0.1 61.99 OK
r-devel-windows-ix86+x86_64 0.0.1 9.00 71.00 80.00 OK
r-patched-linux-x86_64 0.0.1 2.18 49.80 51.98 NOTE
r-patched-solaris-x86 0.0.1 120.40 OK
r-release-linux-x86_64 0.0.1 NOTE
r-release-windows-ix86+x86_64 0.0.1 7.00 98.00 105.00 OK
r-release-osx-x86_64 0.0.1 OK
r-oldrel-windows-ix86+x86_64 0.0.1 6.00 76.00 82.00 OK
r-oldrel-osx-x86_64 0.0.1 OK

Check Details

Version: 0.0.1
Check: DESCRIPTION meta-information
Result: NOTE
    Dependence on R version ‘3.3.2’ not with patchlevel 0
Flavors: r-patched-linux-x86_64, r-release-linux-x86_64