CRAN Package Check Results for Package climbeR

Last updated on 2018-08-17 21:48:00 CEST.

Flavor Version Tinstall Tcheck Ttotal Status Flags
r-devel-linux-x86_64-debian-clang 0.0.1 2.55 55.79 58.34 OK
r-devel-linux-x86_64-debian-gcc 0.0.1 2.09 44.95 47.04 OK
r-devel-linux-x86_64-fedora-clang 0.0.1 69.81 OK
r-devel-linux-x86_64-fedora-gcc 0.0.1 66.10 OK
r-devel-windows-ix86+x86_64 0.0.1 11.00 95.00 106.00 OK
r-patched-linux-x86_64 0.0.1 2.13 49.18 51.31 NOTE
r-patched-solaris-x86 0.0.1 119.50 OK
r-release-linux-x86_64 0.0.1 2.13 49.15 51.28 NOTE
r-release-windows-ix86+x86_64 0.0.1 12.00 90.00 102.00 OK
r-release-osx-x86_64 0.0.1 OK
r-oldrel-windows-ix86+x86_64 0.0.1 6.00 64.00 70.00 OK
r-oldrel-osx-x86_64 0.0.1 OK

Check Details

Version: 0.0.1
Check: DESCRIPTION meta-information
Result: NOTE
    Dependence on R version ‘3.3.2’ not with patchlevel 0
Flavors: r-patched-linux-x86_64, r-release-linux-x86_64