CRAN Package Check Results for Package climwin

Last updated on 2018-05-23 16:47:54 CEST.

Flavor Version Tinstall Tcheck Ttotal Status Flags
r-devel-linux-x86_64-debian-clang 1.2.0 12.04 238.91 250.95 OK
r-devel-linux-x86_64-debian-gcc 1.2.0 0.30 1.63 1.93 ERROR
r-devel-linux-x86_64-fedora-clang 1.2.0 297.80 OK
r-devel-linux-x86_64-fedora-gcc 1.2.0 284.44 OK
r-devel-windows-ix86+x86_64 1.2.0 24.00 298.00 322.00 OK
r-patched-linux-x86_64 1.2.0 14.80 211.62 226.42 OK
r-patched-solaris-x86 1.2.0 381.50 OK
r-release-linux-x86_64 1.2.0 14.12 209.18 223.30 OK
r-release-windows-ix86+x86_64 1.2.0 28.00 287.00 315.00 OK
r-release-osx-x86_64 1.2.0 OK
r-oldrel-windows-ix86+x86_64 1.2.0 24.00 284.00 308.00 OK
r-oldrel-osx-x86_64 1.2.0 OK

Check Details

Version: 1.2.0
Check: package dependencies
Result: ERROR
    Package required but not available: ‘ggplot2’
    
    See section ‘The DESCRIPTION file’ in the ‘Writing R Extensions’
    manual.
Flavor: r-devel-linux-x86_64-debian-gcc