CRAN Package Check Results for Package clogitLasso

Last updated on 2021-05-13 22:50:55 CEST.

Flavor Version Tinstall Tcheck Ttotal Status Flags
r-devel-linux-x86_64-debian-clang 1.1 2.26 23.48 25.74 OK
r-devel-linux-x86_64-debian-gcc 1.1 1.85 18.69 20.54 OK
r-devel-linux-x86_64-fedora-clang 1.1 42.37 OK
r-devel-linux-x86_64-fedora-gcc 1.1 30.37 OK
r-devel-windows-ix86+x86_64 1.1 5.00 30.00 35.00 OK
r-devel-windows-x86_64-gcc10-UCRT 1.1 OK
r-patched-linux-x86_64 1.1 2.72 23.10 25.82 OK
r-patched-solaris-x86 1.1 45.30 OK
r-release-linux-x86_64 1.1 2.73 22.79 25.52 OK
r-release-macos-x86_64 1.1 OK
r-release-windows-ix86+x86_64 1.1 5.00 39.00 44.00 OK
r-oldrel-macos-x86_64 1.1 OK
r-oldrel-windows-ix86+x86_64 1.1 5.00 16.00 21.00 ERROR

Check Details

Version: 1.1
Check: whether package can be installed
Result: ERROR
    Installation failed.
Flavor: r-oldrel-windows-ix86+x86_64