CRAN Package Check Results for Package clogitboost

Last updated on 2022-05-28 12:53:59 CEST.

Flavor Version Tinstall Tcheck Ttotal Status Flags
r-devel-linux-x86_64-debian-clang 1.1 16.71 53.40 70.11 OK
r-devel-linux-x86_64-debian-gcc 1.1 13.01 40.17 53.18 OK
r-devel-linux-x86_64-fedora-clang 1.1 94.01 NOTE
r-devel-linux-x86_64-fedora-gcc 1.1 85.73 NOTE
r-devel-windows-x86_64 1.1 22.00 92.00 114.00 OK
r-patched-linux-x86_64 1.1 15.86 51.89 67.75 OK
r-release-linux-x86_64 1.1 16.51 52.14 68.65 OK
r-release-macos-arm64 1.1 27.00 OK
r-release-macos-x86_64 1.1 35.00 OK
r-release-windows-x86_64 1.1 24.00 93.00 117.00 OK
r-oldrel-macos-arm64 1.1 34.00 OK
r-oldrel-macos-x86_64 1.1 50.00 OK
r-oldrel-windows-ix86+x86_64 1.1 46.00 118.00 164.00 OK

Check Details

Version: 1.1
Check: compiled code
Result: NOTE
    File ‘clogitboost/libs/clogitboost.so’:
     Found no calls to: ‘R_registerRoutines’, ‘R_useDynamicSymbols’
    
    It is good practice to register native routines and to disable symbol
    search.
    
    See ‘Writing portable packages’ in the ‘Writing R Extensions’ manual.
Flavors: r-devel-linux-x86_64-fedora-clang, r-devel-linux-x86_64-fedora-gcc