CRAN Package Check Results for Package cloneRate

Last updated on 2024-02-29 11:49:21 CET.

Flavor Version Tinstall Tcheck Ttotal Status Flags
r-devel-linux-x86_64-debian-clang 0.2.3 151.74 578.60 730.34 NOTE
r-devel-linux-x86_64-debian-gcc 0.2.3 129.80 483.39 613.19 NOTE
r-devel-linux-x86_64-fedora-clang 0.2.3 896.10 NOTE
r-devel-linux-x86_64-fedora-gcc 0.2.3 1044.14 NOTE
r-devel-windows-x86_64 0.2.3 120.00 429.00 549.00 NOTE
r-patched-linux-x86_64 0.2.3 156.23 624.62 780.85 NOTE
r-release-linux-x86_64 0.2.3 160.07 634.45 794.52 NOTE
r-release-macos-arm64 0.2.3 249.00 NOTE
r-release-macos-x86_64 0.2.3 779.00 NOTE
r-release-windows-x86_64 0.2.3 150.00 563.00 713.00 NOTE
r-oldrel-macos-arm64 0.2.3 250.00 NOTE
r-oldrel-windows-x86_64 0.2.3 136.00 535.00 671.00 NOTE

Check Details

Version: 0.2.3
Check: for GNU extensions in Makefiles
Result: NOTE GNU make is a SystemRequirements. Flavors: r-devel-linux-x86_64-debian-clang, r-devel-linux-x86_64-debian-gcc, r-devel-linux-x86_64-fedora-clang, r-devel-linux-x86_64-fedora-gcc, r-devel-windows-x86_64, r-patched-linux-x86_64, r-release-linux-x86_64, r-release-macos-arm64, r-release-macos-x86_64, r-release-windows-x86_64, r-oldrel-macos-arm64, r-oldrel-windows-x86_64

Version: 0.2.3
Check: installed package size
Result: NOTE installed size is 31.5Mb sub-directories of 1Mb or more: libs 29.4Mb Flavors: r-release-macos-arm64, r-release-macos-x86_64, r-oldrel-macos-arm64