CRAN Package Check Results for Package cloudSimplifieR

Last updated on 2019-09-23 14:47:19 CEST.

Flavor Version Tinstall Tcheck Ttotal Status Flags
r-devel-linux-x86_64-debian-clang 0.1.9 1.64 18.80 20.44 OK
r-devel-linux-x86_64-debian-gcc 0.1.9 1.46 15.00 16.46 OK
r-devel-linux-x86_64-fedora-clang 0.1.9 24.78 NOTE
r-devel-linux-x86_64-fedora-gcc 0.1.9 23.86 NOTE
r-devel-windows-ix86+x86_64 0.1.9 10.00 59.00 69.00 OK
r-patched-linux-x86_64 0.1.9 1.09 18.06 19.15 OK
r-patched-solaris-x86 0.1.9 38.30 NOTE
r-release-linux-x86_64 0.1.9 1.47 17.88 19.35 OK
r-release-windows-ix86+x86_64 0.1.9 7.00 47.00 54.00 OK
r-release-osx-x86_64 0.1.9 NOTE
r-oldrel-windows-ix86+x86_64 0.1.9 3.00 34.00 37.00 OK
r-oldrel-osx-x86_64 0.1.9 NOTE

Check Details

Version: 0.1.9
Check: dependencies in R code
Result: NOTE
    Namespace in Imports field not imported from: ‘aws.signature’
     All declared Imports should be used.
Flavors: r-devel-linux-x86_64-fedora-clang, r-devel-linux-x86_64-fedora-gcc, r-patched-solaris-x86, r-release-osx-x86_64, r-oldrel-osx-x86_64