CRAN Package Check Results for Package cloudml

Last updated on 2022-06-27 14:53:40 CEST.

Flavor Version Tinstall Tcheck Ttotal Status Flags
r-devel-linux-x86_64-debian-clang 0.6.1 4.91 41.79 46.70 NOTE
r-devel-linux-x86_64-debian-gcc 0.6.1 3.70 32.71 36.41 NOTE
r-devel-linux-x86_64-fedora-clang 0.6.1 66.35 NOTE
r-devel-linux-x86_64-fedora-gcc 0.6.1 64.38 NOTE
r-devel-windows-x86_64 0.6.1 31.00 82.00 113.00 NOTE
r-patched-linux-x86_64 0.6.1 8.00 40.23 48.23 NOTE
r-release-linux-x86_64 0.6.1 3.67 40.84 44.51 NOTE
r-release-macos-arm64 0.6.1 26.00 NOTE
r-release-macos-x86_64 0.6.1 35.00 NOTE
r-release-windows-x86_64 0.6.1 30.00 83.00 113.00 NOTE
r-oldrel-macos-arm64 0.6.1 25.00 NOTE
r-oldrel-macos-x86_64 0.6.1 42.00 NOTE
r-oldrel-windows-ix86+x86_64 0.6.1 9.00 59.00 68.00 NOTE

Check Details

Version: 0.6.1
Check: LazyData
Result: NOTE
     'LazyData' is specified without a 'data' directory
Flavors: r-devel-linux-x86_64-debian-clang, r-devel-linux-x86_64-debian-gcc, r-devel-linux-x86_64-fedora-clang, r-devel-linux-x86_64-fedora-gcc, r-devel-windows-x86_64, r-patched-linux-x86_64, r-release-linux-x86_64, r-release-macos-arm64, r-release-macos-x86_64, r-release-windows-x86_64, r-oldrel-macos-arm64, r-oldrel-macos-x86_64, r-oldrel-windows-ix86+x86_64