CRAN Package Check Results for Package clubSandwich

Last updated on 2024-02-27 09:53:51 CET.

Flavor Version Tinstall Tcheck Ttotal Status Flags
r-devel-linux-x86_64-debian-clang 0.5.10 7.80 301.41 309.21 NOTE
r-devel-linux-x86_64-debian-gcc 0.5.10 5.87 243.05 248.92 NOTE
r-devel-linux-x86_64-fedora-clang 0.5.10 359.86 NOTE
r-devel-linux-x86_64-fedora-gcc 0.5.10 421.17 NOTE
r-devel-windows-x86_64 0.5.10 7.00 248.00 255.00 OK
r-patched-linux-x86_64 0.5.10 8.58 306.81 315.39 OK
r-release-linux-x86_64 0.5.10 6.66 306.08 312.74 OK
r-release-macos-arm64 0.5.10 149.00 OK
r-release-macos-x86_64 0.5.10 368.00 OK
r-release-windows-x86_64 0.5.10 9.00 319.00 328.00 OK
r-oldrel-macos-arm64 0.5.10 131.00 OK
r-oldrel-windows-x86_64 0.5.10 9.00 312.00 321.00 OK

Check Details

Version: 0.5.10
Check: Rd files
Result: NOTE checkRd: (-1) impute_covariance_matrix.Rd:74-79: Lost braces in \itemize; meant \describe ? checkRd: (-1) impute_covariance_matrix.Rd:80-87: Lost braces in \itemize; meant \describe ? checkRd: (-1) impute_covariance_matrix.Rd:88-98: Lost braces in \itemize; meant \describe ? Flavors: r-devel-linux-x86_64-debian-clang, r-devel-linux-x86_64-debian-gcc, r-devel-linux-x86_64-fedora-clang, r-devel-linux-x86_64-fedora-gcc