CRAN Package Check Results for Package clubSandwich

Last updated on 2018-05-21 17:48:02 CEST.

Flavor Version Tinstall Tcheck Ttotal Status Flags
r-devel-linux-x86_64-debian-clang 0.3.1 3.71 232.29 236.00 WARN
r-devel-linux-x86_64-debian-gcc 0.3.1 3.00 192.40 195.40 WARN
r-devel-linux-x86_64-fedora-clang 0.3.1 317.00 OK
r-devel-linux-x86_64-fedora-gcc 0.3.1 304.60 OK
r-devel-windows-ix86+x86_64 0.3.1 8.00 244.00 252.00 OK
r-patched-linux-x86_64 0.3.1 3.22 252.62 255.84 OK
r-patched-solaris-x86 0.3.1 454.10 OK
r-release-linux-x86_64 0.3.1 3.03 263.41 266.44 OK
r-release-windows-ix86+x86_64 0.3.1 8.00 316.00 324.00 OK
r-release-osx-x86_64 0.3.1 OK
r-oldrel-windows-ix86+x86_64 0.3.1 7.00 338.00 345.00 OK
r-oldrel-osx-x86_64 0.3.1 OK

Additional issues

ATLAS MKL

Check Details

Version: 0.3.1
Check: for unstated dependencies in ‘tests’
Result: WARN
    'library' or 'require' calls not declared from:
     ‘lme4’ ‘zoo’
Flavors: r-devel-linux-x86_64-debian-clang, r-devel-linux-x86_64-debian-gcc