CRAN Package Check Results for Package clue

Last updated on 2018-08-17 14:47:43 CEST.

Flavor Version Tinstall Tcheck Ttotal Status Flags
r-devel-linux-x86_64-debian-clang 0.3-55 8.12 62.05 70.17 OK
r-devel-linux-x86_64-debian-gcc 0.3-55 5.77 47.82 53.59 OK
r-devel-linux-x86_64-fedora-clang 0.3-55 81.20 OK
r-devel-linux-x86_64-fedora-gcc 0.3-55 79.40 OK
r-devel-windows-ix86+x86_64 0.3-55 16.00 127.00 143.00 OK
r-patched-linux-x86_64 0.3-55 7.43 59.79 67.22 OK
r-patched-solaris-x86 0.3-55 118.20 NOTE
r-release-linux-x86_64 0.3-55 8.09 58.51 66.60 OK
r-release-windows-ix86+x86_64 0.3-55 26.00 115.00 141.00 OK
r-release-osx-x86_64 0.3-55 OK
r-oldrel-windows-ix86+x86_64 0.3-55 21.00 104.00 125.00 OK
r-oldrel-osx-x86_64 0.3-55 NOTE

Check Details

Version: 0.3-55
Check: package dependencies
Result: NOTE
    Package which this enhances but not available for checking: ‘RWeka’
Flavor: r-patched-solaris-x86

Version: 0.3-55
Check: dependencies in R code
Result: NOTE
    Missing objects imported by ':::' calls:
     ‘relations:::.make_fit_relation_symdiff_B’
     ‘relations:::fit_relation_LP’ ‘relations:::fit_relation_LP_E_k’
Flavor: r-oldrel-osx-x86_64