CRAN Package Check Results for Package clustRcompaR

Last updated on 2018-02-25 11:47:52 CET.

Flavor Version Tinstall Tcheck Ttotal Status Flags
r-devel-linux-x86_64-debian-clang 0.2.0 1.38 36.29 37.67 OK
r-devel-linux-x86_64-debian-gcc 0.2.0 1.08 29.09 30.17 OK
r-devel-linux-x86_64-fedora-clang 0.2.0 45.42 OK
r-devel-linux-x86_64-fedora-gcc 0.2.0 44.71 OK
r-devel-windows-ix86+x86_64 0.2.0 4.00 75.00 79.00 OK
r-patched-linux-x86_64 0.2.0 1.40 45.65 47.05 OK
r-patched-solaris-x86 0.2.0 82.70 OK
r-release-linux-x86_64 0.2.0 1.26 46.46 47.72 OK
r-release-windows-ix86+x86_64 0.2.0 5.00 72.00 77.00 OK
r-release-osx-x86_64 0.2.0 OK
r-oldrel-windows-ix86+x86_64 0.2.0 3.00 50.00 53.00 OK
r-oldrel-osx-x86_64 0.1.0 NOTE

Check Details

Version: 0.1.0
Check: dependencies in R code
Result: NOTE
    Namespace in Imports field not imported from: ‘tidyr’
     All declared Imports should be used.
Flavor: r-oldrel-osx-x86_64