CRAN Package Check Results for Package cluster

Last updated on 2022-09-25 09:51:35 CEST.

Flavor Version Tinstall Tcheck Ttotal Status Flags
r-devel-linux-x86_64-debian-clang 2.1.4 12.03 148.44 160.47 OK
r-devel-linux-x86_64-debian-gcc 2.1.4 7.36 100.03 107.39 OK
r-devel-linux-x86_64-fedora-clang 2.1.4 202.39 NOTE
r-devel-linux-x86_64-fedora-gcc 2.1.4 195.34 OK
r-devel-windows-x86_64 2.1.4 78.00 189.00 267.00 OK
r-patched-linux-x86_64 2.1.4 12.01 135.04 147.05 OK
r-release-linux-x86_64 2.1.4 7.35 133.56 140.91 OK
r-release-macos-arm64 2.1.4 57.00 OK
r-release-macos-x86_64 2.1.4 108.00 OK
r-release-windows-x86_64 2.1.4 56.00 179.00 235.00 OK
r-oldrel-macos-arm64 2.1.4 56.00 OK
r-oldrel-macos-x86_64 2.1.4 109.00 OK
r-oldrel-windows-ix86+x86_64 2.1.4 28.00 269.00 297.00 OK

Check Details

Version: 2.1.4
Check: Rd cross-references
Result: NOTE
    Undeclared packages ‘mvoutlier’, ‘fpc’, ‘ellipse’, ‘sfsmisc’ in Rd xrefs
Flavor: r-devel-linux-x86_64-fedora-clang