CRAN Package Check Results for Package clusterGeneration

Last updated on 2021-05-08 05:57:01 CEST.

Flavor Version Tinstall Tcheck Ttotal Status Flags
r-devel-linux-x86_64-debian-clang 1.3.7 4.89 37.67 42.56 OK
r-devel-linux-x86_64-debian-gcc 1.3.7 4.37 29.29 33.66 OK
r-devel-linux-x86_64-fedora-clang 1.3.7 62.40 OK
r-devel-linux-x86_64-fedora-gcc 1.3.7 51.45 OK
r-devel-windows-ix86+x86_64 1.3.7 9.00 51.00 60.00 OK
r-devel-windows-x86_64-gcc10-UCRT 1.3.7 OK
r-patched-linux-x86_64 1.3.7 6.29 36.82 43.11 OK
r-patched-solaris-x86 1.3.7 69.00 OK
r-release-linux-x86_64 1.3.7 5.39 35.47 40.86 OK
r-release-macos-x86_64 1.3.7 OK
r-release-windows-ix86+x86_64 1.3.7 9.00 40.00 49.00 OK
r-oldrel-macos-x86_64 1.3.7 NOTE
r-oldrel-windows-ix86+x86_64 1.3.7 9.00 38.00 47.00 NOTE

Check Details

Version: 1.3.7
Check: R code for possible problems
Result: NOTE
    plotCluster: no visible global function definition for ‘plot’
    qqbeta: no visible global function definition for ‘plot’
    viewClusters: no visible global function definition for ‘plot’
    Undefined global functions or variables:
     plot
    Consider adding
     importFrom("graphics", "plot")
    to your NAMESPACE file.
Flavors: r-oldrel-macos-x86_64, r-oldrel-windows-ix86+x86_64