CRAN Package Check Results for Package clusterSim

Last updated on 2019-01-23 20:47:57 CET.

Flavor Version Tinstall Tcheck Ttotal Status Flags
r-devel-linux-x86_64-debian-clang 0.47-3 21.21 236.27 257.48 OK
r-devel-linux-x86_64-debian-gcc 0.47-3 19.41 180.94 200.35 OK
r-devel-linux-x86_64-fedora-clang 0.47-3 295.65 NOTE
r-devel-linux-x86_64-fedora-gcc 0.47-3 280.87 OK
r-devel-windows-ix86+x86_64 0.47-3 54.00 405.00 459.00 NOTE
r-patched-linux-x86_64 0.47-3 23.95 221.31 245.26 OK
r-patched-solaris-x86 0.47-3 417.50 NOTE
r-release-linux-x86_64 0.47-3 20.79 219.15 239.94 OK
r-release-windows-ix86+x86_64 0.47-3 35.00 298.00 333.00 NOTE
r-release-osx-x86_64 0.47-3 NOTE
r-oldrel-windows-ix86+x86_64 0.47-1 13.00 136.00 149.00 NOTE
r-oldrel-osx-x86_64 0.47-3 ERROR

Check Details

Version: 0.47-3
Check: installed package size
Result: NOTE
     installed size is 5.7Mb
     sub-directories of 1Mb or more:
     doc 2.9Mb
     pdf 2.2Mb
Flavors: r-devel-linux-x86_64-fedora-clang, r-devel-windows-ix86+x86_64, r-patched-solaris-x86, r-release-windows-ix86+x86_64, r-release-osx-x86_64

Version: 0.47-1
Check: installed package size
Result: NOTE
     installed size is 5.8Mb
     sub-directories of 1Mb or more:
     doc 2.9Mb
     pdf 2.2Mb
Flavor: r-oldrel-windows-ix86+x86_64

Version: 0.47-3
Check: whether package can be installed
Result: ERROR
    Installation failed.
Flavor: r-oldrel-osx-x86_64