CRAN Package Check Results for Package clusterSim

Last updated on 2018-10-19 22:49:32 CEST.

Flavor Version Tinstall Tcheck Ttotal Status Flags
r-devel-linux-x86_64-debian-clang 0.47-2 10.86 96.91 107.77 OK
r-devel-linux-x86_64-debian-gcc 0.47-2 8.07 74.90 82.97 OK
r-devel-linux-x86_64-fedora-clang 0.47-2 124.03 NOTE
r-devel-linux-x86_64-fedora-gcc 0.47-2 119.84 OK
r-devel-windows-ix86+x86_64 0.47-2 29.00 178.00 207.00 NOTE
r-patched-linux-x86_64 0.47-2 9.44 92.89 102.33 OK
r-patched-solaris-x86 0.47-2 147.40 NOTE
r-release-linux-x86_64 0.47-2 9.22 93.90 103.12 OK
r-release-windows-ix86+x86_64 0.47-2 24.00 189.00 213.00 NOTE
r-release-osx-x86_64 0.47-2 NOTE
r-oldrel-windows-ix86+x86_64 0.47-1 13.00 136.00 149.00 NOTE
r-oldrel-osx-x86_64 0.47-2 ERROR

Check Details

Version: 0.47-2
Check: installed package size
Result: NOTE
     installed size is 5.7Mb
     sub-directories of 1Mb or more:
     doc 2.9Mb
     pdf 2.2Mb
Flavors: r-devel-linux-x86_64-fedora-clang, r-devel-windows-ix86+x86_64, r-patched-solaris-x86, r-release-windows-ix86+x86_64, r-release-osx-x86_64

Version: 0.47-1
Check: installed package size
Result: NOTE
     installed size is 5.8Mb
     sub-directories of 1Mb or more:
     doc 2.9Mb
     pdf 2.2Mb
Flavor: r-oldrel-windows-ix86+x86_64

Version: 0.47-2
Check: whether package can be installed
Result: ERROR
    Installation failed.
Flavor: r-oldrel-osx-x86_64