CRAN Package Check Results for Package clusterSim

Last updated on 2018-08-17 19:49:05 CEST.

Flavor Version Tinstall Tcheck Ttotal Status Flags
r-devel-linux-x86_64-debian-clang 0.47-1 9.04 96.42 105.46 OK
r-devel-linux-x86_64-debian-gcc 0.47-1 7.71 74.34 82.05 OK
r-devel-linux-x86_64-fedora-clang 0.47-1 120.19 NOTE
r-devel-linux-x86_64-fedora-gcc 0.47-1 117.58 OK
r-devel-windows-ix86+x86_64 0.47-1 36.00 191.00 227.00 NOTE
r-patched-linux-x86_64 0.47-1 7.50 92.67 100.17 OK
r-patched-solaris-x86 0.47-1 149.00 NOTE
r-release-linux-x86_64 0.47-1 11.22 93.41 104.63 OK
r-release-windows-ix86+x86_64 0.47-1 25.00 179.00 204.00 NOTE
r-release-osx-x86_64 0.47-1 NOTE
r-oldrel-windows-ix86+x86_64 0.47-1 12.00 126.00 138.00 NOTE
r-oldrel-osx-x86_64 0.47-1 NOTE

Check Details

Version: 0.47-1
Check: installed package size
Result: NOTE
     installed size is 5.7Mb
     sub-directories of 1Mb or more:
     doc 2.9Mb
     pdf 2.2Mb
Flavors: r-devel-linux-x86_64-fedora-clang, r-devel-windows-ix86+x86_64, r-patched-solaris-x86, r-release-windows-ix86+x86_64, r-release-osx-x86_64, r-oldrel-windows-ix86+x86_64, r-oldrel-osx-x86_64