CRAN Package Check Results for Package clustermq

Last updated on 2018-05-23 01:46:23 CEST.

Flavor Version Tinstall Tcheck Ttotal Status Flags
r-devel-linux-x86_64-debian-clang 0.8.4 3.48 25.67 29.15 WARN
r-devel-linux-x86_64-debian-gcc 0.8.4 4.26 20.39 24.65 WARN
r-devel-linux-x86_64-fedora-clang 0.8.4 36.32 NOTE
r-devel-linux-x86_64-fedora-gcc 0.8.4 35.14 NOTE
r-devel-windows-ix86+x86_64 0.8.4 8.00 63.00 71.00 OK
r-patched-linux-x86_64 0.8.4 5.93 23.17 29.10 OK
r-patched-solaris-x86 0.8.4 51.30 NOTE
r-release-linux-x86_64 0.8.4 4.29 22.83 27.12 OK
r-release-windows-ix86+x86_64 0.8.4 11.00 39.00 50.00 OK
r-release-osx-x86_64 0.8.4 NOTE
r-oldrel-windows-ix86+x86_64 0.8.4 5.00 48.00 53.00 OK
r-oldrel-osx-x86_64 0.8.3 NOTE

Check Details

Version: 0.8.4
Check: for unstated dependencies in ‘tests’
Result: WARN
    '::' or ':::' import not declared from: ‘tibble’
Flavors: r-devel-linux-x86_64-debian-clang, r-devel-linux-x86_64-debian-gcc

Version: 0.8.4
Check: dependencies in R code
Result: NOTE
    Namespaces in Imports field not imported from:
     ‘R6’ ‘infuser’ ‘purrr’
     All declared Imports should be used.
Flavors: r-devel-linux-x86_64-fedora-clang, r-devel-linux-x86_64-fedora-gcc, r-patched-solaris-x86, r-release-osx-x86_64

Version: 0.8.3
Check: dependencies in R code
Result: NOTE
    Namespaces in Imports field not imported from:
     ‘R6’ ‘infuser’ ‘purrr’
     All declared Imports should be used.
Flavor: r-oldrel-osx-x86_64