CRAN Package Check Results for Package clustermq

Last updated on 2020-08-12 02:47:12 CEST.

Flavor Version Tinstall Tcheck Ttotal Status Flags
r-devel-linux-x86_64-debian-clang 0.8.95.1 40.26 57.45 97.71 OK
r-devel-linux-x86_64-debian-gcc 0.8.95.1 32.82 46.02 78.84 OK
r-devel-linux-x86_64-fedora-clang 0.8.95.1 133.48 NOTE
r-devel-linux-x86_64-fedora-gcc 0.8.95.1 125.01 NOTE
r-devel-windows-ix86+x86_64 0.8.95.1 98.00 127.00 225.00 OK
r-patched-linux-x86_64 0.8.95.1 34.74 57.07 91.81 OK
r-patched-solaris-x86 0.8.95.1 125.50 NOTE
r-release-linux-x86_64 0.8.95.1 36.02 55.76 91.78 OK
r-release-macos-x86_64 0.8.95.1 NOTE
r-release-windows-ix86+x86_64 0.8.95.1 112.00 138.00 250.00 OK
r-oldrel-macos-x86_64 0.8.95.1 NOTE
r-oldrel-windows-ix86+x86_64 0.8.95.1 82.00 89.00 171.00 OK

Check Details

Version: 0.8.95.1
Check: dependencies in R code
Result: NOTE
    Namespaces in Imports field not imported from:
     ‘R6’ ‘methods’ ‘purrr’
     All declared Imports should be used.
Flavors: r-devel-linux-x86_64-fedora-clang, r-devel-linux-x86_64-fedora-gcc, r-patched-solaris-x86, r-release-macos-x86_64, r-oldrel-macos-x86_64

Version: 0.8.95.1
Check: installed package size
Result: NOTE
     installed size is 13.8Mb
     sub-directories of 1Mb or more:
     libs 12.8Mb
Flavor: r-release-macos-x86_64