CRAN Package Check Results for Package clustermq

Last updated on 2018-02-23 06:54:44 CET.

Flavor Version Tinstall Tcheck Ttotal Status Flags
r-devel-linux-x86_64-debian-clang 0.8.3 4.10 20.12 24.22 OK
r-devel-linux-x86_64-debian-gcc 0.8.3 4.21 18.01 22.22 OK
r-devel-linux-x86_64-fedora-clang 0.8.3 33.87 NOTE
r-devel-linux-x86_64-fedora-gcc 0.8.3 32.17 NOTE
r-devel-windows-ix86+x86_64 0.8.3 9.00 48.00 57.00 OK
r-patched-linux-x86_64 0.8.3 1.23 24.64 25.87 OK
r-patched-solaris-x86 0.8.3 40.70 NOTE
r-release-linux-x86_64 0.8.3 1.36 24.68 26.04 OK
r-release-windows-ix86+x86_64 0.8.3 5.00 45.00 50.00 OK
r-release-osx-x86_64 0.8.3 NOTE
r-oldrel-windows-ix86+x86_64 0.8.3 3.00 34.00 37.00 OK
r-oldrel-osx-x86_64 0.8.2.1 NOTE

Check Details

Version: 0.8.3
Check: dependencies in R code
Result: NOTE
    Namespaces in Imports field not imported from:
     ‘R6’ ‘infuser’ ‘purrr’
     All declared Imports should be used.
Flavors: r-devel-linux-x86_64-fedora-clang, r-devel-linux-x86_64-fedora-gcc, r-patched-solaris-x86, r-release-osx-x86_64

Version: 0.8.2.1
Check: dependencies in R code
Result: NOTE
    Namespaces in Imports field not imported from:
     ‘R6’ ‘infuser’
     All declared Imports should be used.
Flavor: r-oldrel-osx-x86_64