CRAN Package Check Results for Package clustermq

Last updated on 2018-08-21 21:50:57 CEST.

Flavor Version Tinstall Tcheck Ttotal Status Flags
r-devel-linux-x86_64-debian-clang 0.8.4.1 4.83 26.81 31.64 OK
r-devel-linux-x86_64-debian-gcc 0.8.4.1 4.63 21.22 25.85 OK
r-devel-linux-x86_64-fedora-clang 0.8.4.1 38.01 NOTE
r-devel-linux-x86_64-fedora-gcc 0.8.4.1 36.20 NOTE
r-devel-windows-ix86+x86_64 0.8.4.1 9.00 38.00 47.00 OK
r-patched-linux-x86_64 0.8.4.1 3.75 24.09 27.84 OK
r-patched-solaris-x86 0.8.4.1 51.70 NOTE
r-release-linux-x86_64 0.8.4.1 4.86 24.56 29.42 OK
r-release-windows-ix86+x86_64 0.8.4.1 10.00 49.00 59.00 OK
r-release-osx-x86_64 0.8.4.1 NOTE
r-oldrel-windows-ix86+x86_64 0.8.4.1 4.00 44.00 48.00 OK
r-oldrel-osx-x86_64 0.8.4.1 NOTE

Check Details

Version: 0.8.4.1
Check: dependencies in R code
Result: NOTE
    Namespaces in Imports field not imported from:
     ‘R6’ ‘infuser’ ‘purrr’
     All declared Imports should be used.
Flavors: r-devel-linux-x86_64-fedora-clang, r-devel-linux-x86_64-fedora-gcc, r-patched-solaris-x86, r-release-osx-x86_64, r-oldrel-osx-x86_64