CRAN Package Check Results for Package clustermq

Last updated on 2019-02-21 07:48:30 CET.

Flavor Version Tinstall Tcheck Ttotal Status Flags
r-devel-linux-x86_64-debian-clang 0.8.5 6.98 30.89 37.87 OK
r-devel-linux-x86_64-debian-gcc 0.8.5 5.19 25.32 30.51 OK
r-devel-linux-x86_64-fedora-clang 0.8.5 48.80 NOTE
r-devel-linux-x86_64-fedora-gcc 0.8.5 45.05 NOTE
r-devel-windows-ix86+x86_64 0.8.5 13.00 60.00 73.00 OK
r-patched-linux-x86_64 0.8.5 OK
r-patched-solaris-x86 0.8.5 69.60 NOTE
r-release-linux-x86_64 0.8.5 OK
r-release-windows-ix86+x86_64 0.8.5 10.00 53.00 63.00 OK
r-release-osx-x86_64 0.8.5 NOTE
r-oldrel-windows-ix86+x86_64 0.8.5 3.00 52.00 55.00 OK
r-oldrel-osx-x86_64 0.8.5 NOTE

Check Details

Version: 0.8.5
Check: dependencies in R code
Result: NOTE
    Namespaces in Imports field not imported from:
     ‘R6’ ‘infuser’ ‘purrr’
     All declared Imports should be used.
Flavors: r-devel-linux-x86_64-fedora-clang, r-devel-linux-x86_64-fedora-gcc, r-patched-solaris-x86, r-release-osx-x86_64, r-oldrel-osx-x86_64