CRAN Package Check Results for Package clustermq

Last updated on 2024-02-21 09:08:34 CET.

Flavor Version Tinstall Tcheck Ttotal Status Flags
r-devel-linux-x86_64-debian-clang 0.9.3 OK
r-devel-linux-x86_64-debian-gcc 0.9.3 71.51 69.26 140.77 OK
r-devel-linux-x86_64-fedora-clang 0.9.3 245.74 NOTE
r-devel-linux-x86_64-fedora-gcc 0.9.3 259.81 NOTE
r-devel-windows-x86_64 0.9.3 68.00 103.00 171.00 OK
r-patched-linux-x86_64 0.9.3 87.00 85.64 172.64 OK
r-release-linux-x86_64 0.9.3 82.62 86.27 168.89 OK
r-release-macos-arm64 0.9.3 101.00 NOTE
r-release-macos-x86_64 0.9.3 141.00 NOTE
r-release-windows-x86_64 0.9.3 86.00 123.00 209.00 OK
r-oldrel-macos-arm64 0.9.3 92.00 NOTE
r-oldrel-windows-x86_64 0.9.3 84.00 116.00 200.00 OK

Check Details

Version: 0.9.3
Check: dependencies in R code
Result: NOTE Namespace in Imports field not imported from: ‘R6’ All declared Imports should be used. Flavors: r-devel-linux-x86_64-fedora-clang, r-devel-linux-x86_64-fedora-gcc

Version: 0.9.3
Check: installed package size
Result: NOTE installed size is 16.6Mb sub-directories of 1Mb or more: libs 16.0Mb Flavors: r-release-macos-arm64, r-release-macos-x86_64, r-oldrel-macos-arm64