CRAN Package Check Results for Package clustermq

Last updated on 2020-01-21 23:50:48 CET.

Flavor Version Tinstall Tcheck Ttotal Status Flags
r-devel-linux-x86_64-debian-clang 0.8.8.1 8.88 41.85 50.73 OK
r-devel-linux-x86_64-debian-gcc 0.8.8.1 6.30 33.98 40.28 OK
r-devel-linux-x86_64-fedora-clang 0.8.8.1 63.28 NOTE
r-devel-linux-x86_64-fedora-gcc 0.8.8.1 62.16 NOTE
r-devel-windows-ix86+x86_64 0.8.8.1 22.00 72.00 94.00 OK
r-devel-windows-ix86+x86_64-gcc8 0.8.8.1 22.00 68.00 90.00 OK
r-patched-linux-x86_64 0.8.8.1 8.03 38.46 46.49 OK
r-patched-solaris-x86 0.8.8.1 83.10 NOTE
r-release-linux-x86_64 0.8.8.1 7.87 38.49 46.36 OK
r-release-windows-ix86+x86_64 0.8.8.1 13.00 46.00 59.00 OK
r-release-osx-x86_64 0.8.8.1 NOTE
r-oldrel-windows-ix86+x86_64 0.8.8.1 11.00 45.00 56.00 OK
r-oldrel-osx-x86_64 0.8.8.1 NOTE

Check Details

Version: 0.8.8.1
Check: dependencies in R code
Result: NOTE
    Namespaces in Imports field not imported from:
     ‘R6’ ‘purrr’
     All declared Imports should be used.
Flavors: r-devel-linux-x86_64-fedora-clang, r-devel-linux-x86_64-fedora-gcc, r-patched-solaris-x86, r-release-osx-x86_64, r-oldrel-osx-x86_64