CRAN Package Check Results for Package clustermq

Last updated on 2018-11-21 16:48:13 CET.

Flavor Version Tinstall Tcheck Ttotal Status Flags
r-devel-linux-x86_64-debian-clang 0.8.5 6.37 30.94 37.31 OK
r-devel-linux-x86_64-debian-gcc 0.8.5 4.30 25.40 29.70 OK
r-devel-linux-x86_64-fedora-clang 0.8.5 44.88 NOTE
r-devel-linux-x86_64-fedora-gcc 0.8.5 43.10 NOTE
r-devel-windows-ix86+x86_64 0.8.5 12.00 62.00 74.00 OK
r-patched-linux-x86_64 0.8.5 8.11 29.48 37.59 OK
r-patched-solaris-x86 0.8.5 67.80 NOTE
r-release-linux-x86_64 0.8.5 8.17 29.85 38.02 OK
r-release-windows-ix86+x86_64 0.8.5 9.00 54.00 63.00 OK
r-release-osx-x86_64 0.8.5 NOTE
r-oldrel-windows-ix86+x86_64 0.8.5 6.00 46.00 52.00 OK
r-oldrel-osx-x86_64 0.8.5 NOTE

Check Details

Version: 0.8.5
Check: dependencies in R code
Result: NOTE
    Namespaces in Imports field not imported from:
     ‘R6’ ‘infuser’ ‘purrr’
     All declared Imports should be used.
Flavors: r-devel-linux-x86_64-fedora-clang, r-devel-linux-x86_64-fedora-gcc, r-patched-solaris-x86, r-release-osx-x86_64, r-oldrel-osx-x86_64