Last updated on 2019-02-21 07:48:30 CET.
Flavor | Version | Tinstall | Tcheck | Ttotal | Status | Flags |
---|---|---|---|---|---|---|
r-devel-linux-x86_64-debian-clang | 0.1.1 | 3.04 | 830.67 | 833.71 | ERROR | |
r-devel-linux-x86_64-debian-gcc | 0.1.1 | 2.04 | 555.13 | 557.17 | OK | |
r-devel-linux-x86_64-fedora-clang | 0.1.1 | 968.85 | OK | |||
r-devel-linux-x86_64-fedora-gcc | 0.1.1 | 804.14 | OK | |||
r-devel-windows-ix86+x86_64 | 0.1.1 | 7.00 | 46.00 | 53.00 | OK | --no-examples --no-tests --no-vignettes |
r-patched-linux-x86_64 | 0.1.1 | OK | ||||
r-patched-solaris-x86 | 0.1.1 | 956.20 | OK | |||
r-release-linux-x86_64 | 0.1.1 | OK | ||||
r-release-windows-ix86+x86_64 | 0.1.1 | 4.00 | 65.00 | 69.00 | OK | --no-examples --no-tests --no-vignettes |
r-release-osx-x86_64 | 0.1.1 | OK | ||||
r-oldrel-windows-ix86+x86_64 | 0.1.1 | 4.00 | 59.00 | 63.00 | OK | --no-examples --no-tests --no-vignettes |
r-oldrel-osx-x86_64 | 0.1.1 | OK |
Version: 0.1.1
Check: tests
Result: ERROR
Running ‘testthat.R’ [10m/10m]
Running the tests in ‘tests/testthat.R’ failed.
Complete output:
> library(testthat)
> library(clusternomics)
>
> test_check("clusternomics")
Killed
Flavor: r-devel-linux-x86_64-debian-clang