CRAN Package Check Results for Package clusternomics

Last updated on 2018-05-26 16:47:37 CEST.

Flavor Version Tinstall Tcheck Ttotal Status Flags
r-devel-linux-x86_64-debian-clang 0.1.1 2.64 830.18 832.82 ERROR
r-devel-linux-x86_64-debian-gcc 0.1.1 2.10 528.01 530.11 OK
r-devel-linux-x86_64-fedora-clang 0.1.1 873.78 OK
r-devel-linux-x86_64-fedora-gcc 0.1.1 913.67 OK
r-devel-windows-ix86+x86_64 0.1.1 6.00 60.00 66.00 OK --no-examples --no-tests --no-vignettes
r-patched-linux-x86_64 0.1.1 2.40 777.27 779.67 OK
r-patched-solaris-x86 0.1.1 849.50 OK
r-release-linux-x86_64 0.1.1 2.49 805.14 807.63 ERROR
r-release-windows-ix86+x86_64 0.1.1 6.00 45.00 51.00 OK --no-examples --no-tests --no-vignettes
r-release-osx-x86_64 0.1.1 OK
r-oldrel-windows-ix86+x86_64 0.1.1 5.00 50.00 55.00 OK --no-examples --no-tests --no-vignettes
r-oldrel-osx-x86_64 0.1.1 OK

Check Details

Version: 0.1.1
Check: tests
Result: ERROR
     Running ‘testthat.R’ [10m/12m]
    Running the tests in ‘tests/testthat.R’ failed.
    Complete output:
     > library(testthat)
     > library(clusternomics)
     >
     > test_check("clusternomics")
     Killed
Flavors: r-devel-linux-x86_64-debian-clang, r-release-linux-x86_64