CRAN Package Check Results for Package clusternomics

Last updated on 2018-02-19 00:47:01 CET.

Flavor Version Tinstall Tcheck Ttotal Status Flags
r-devel-linux-x86_64-debian-clang 0.1.1 1.89 713.08 714.97 OK
r-devel-linux-x86_64-debian-gcc 0.1.1 2.12 543.55 545.67 OK
r-devel-linux-x86_64-fedora-clang 0.1.1 880.40 OK
r-devel-linux-x86_64-fedora-gcc 0.1.1 811.81 OK
r-devel-windows-ix86+x86_64 0.1.1 4.00 43.00 47.00 OK --no-examples --no-tests --no-vignettes
r-patched-linux-x86_64 0.1.1 1.60 765.40 767.00 OK
r-patched-solaris-x86 0.1.1 787.10 OK
r-release-linux-x86_64 0.1.1 1.40 805.25 806.65 ERROR
r-release-windows-ix86+x86_64 0.1.1 5.00 54.00 59.00 OK --no-examples --no-tests --no-vignettes
r-release-osx-x86_64 0.1.1 OK
r-oldrel-windows-ix86+x86_64 0.1.1 3.00 52.00 55.00 OK --no-examples --no-tests --no-vignettes
r-oldrel-osx-x86_64 0.1.1 OK

Check Details

Version: 0.1.1
Check: tests
Result: ERROR
     Running ‘testthat.R’ [10m/12m]
    Running the tests in ‘tests/testthat.R’ failed.
    Complete output:
     > library(testthat)
     > library(clusternomics)
     >
     > test_check("clusternomics")
     Killed
Flavor: r-release-linux-x86_64