CRAN Package Check Results for Package clustringr

Last updated on 2021-04-14 06:47:35 CEST.

Flavor Version Tinstall Tcheck Ttotal Status Flags
r-devel-linux-x86_64-debian-clang 1.0 6.57 65.34 71.91 OK
r-devel-linux-x86_64-debian-gcc 1.0 5.15 48.98 54.13 OK
r-devel-linux-x86_64-fedora-clang 1.0 92.69 NOTE
r-devel-linux-x86_64-fedora-gcc 1.0 81.50 NOTE
r-devel-windows-ix86+x86_64 1.0 21.00 82.00 103.00 OK
r-devel-windows-x86_64-gcc10-UCRT 1.0 NOTE
r-patched-linux-x86_64 1.0 6.60 62.43 69.03 OK
r-patched-solaris-x86 1.0 134.70 NOTE
r-release-linux-x86_64 1.0 5.73 62.12 67.85 OK
r-release-macos-x86_64 1.0 NOTE
r-release-windows-ix86+x86_64 1.0 29.00 87.00 116.00 OK
r-oldrel-macos-x86_64 1.0 NOTE
r-oldrel-windows-ix86+x86_64 1.0 11.00 58.00 69.00 OK

Check Details

Version: 1.0
Check: dependencies in R code
Result: NOTE
    Namespace in Imports field not imported from: ‘stringi’
     All declared Imports should be used.
Flavors: r-devel-linux-x86_64-fedora-clang, r-devel-linux-x86_64-fedora-gcc, r-devel-windows-x86_64-gcc10-UCRT, r-patched-solaris-x86, r-release-macos-x86_64, r-oldrel-macos-x86_64

Version: 1.0
Check: data for non-ASCII characters
Result: NOTE
     Note: found 5626 marked UTF-8 strings
Flavors: r-devel-linux-x86_64-fedora-clang, r-devel-linux-x86_64-fedora-gcc, r-devel-windows-x86_64-gcc10-UCRT, r-patched-solaris-x86, r-release-macos-x86_64, r-oldrel-macos-x86_64