CRAN Package Check Results for Package clustvarsel

Last updated on 2018-02-23 14:49:17 CET.

Flavor Version Tinstall Tcheck Ttotal Status Flags
r-devel-linux-x86_64-debian-clang 2.3.1 6.01 657.79 663.80 WARN
r-devel-linux-x86_64-debian-gcc 2.3.1 5.48 522.02 527.50 OK
r-devel-linux-x86_64-fedora-clang 2.3.1 914.44 OK
r-devel-linux-x86_64-fedora-gcc 2.3.1 910.60 OK
r-devel-windows-ix86+x86_64 2.3.1 14.00 72.00 86.00 OK --no-vignettes
r-patched-linux-x86_64 2.3.1 4.72 658.46 663.18 WARN
r-patched-solaris-x86 2.3.1 1306.80 OK
r-release-linux-x86_64 2.3.1 5.77 659.53 665.30 WARN
r-release-windows-ix86+x86_64 2.3.1 15.00 99.00 114.00 OK --no-vignettes
r-release-osx-x86_64 2.3.1 OK
r-oldrel-windows-ix86+x86_64 2.3.1 10.00 98.00 108.00 OK --no-vignettes
r-oldrel-osx-x86_64 2.3.1 OK

Check Details

Version: 2.3.1
Check: re-building of vignette outputs
Result: WARN
    Error in re-building vignettes:
     ...
    Loading required package: mclust
    Package 'mclust' version 5.4
    Type 'citation("mclust")' for citing this R package in publications.
    Loading required package: BMA
    Loading required package: survival
    Loading required package: leaps
    Loading required package: robustbase
    
    Attaching package: 'robustbase'
    
    The following object is masked from 'package:survival':
    
     heart
    
    Loading required package: inline
    Loading required package: rrcov
    Scalable Robust Estimators with High Breakdown Point (version 1.4-3)
    
    Loading required package: foreach
    Loading required package: iterators
    Package 'clustvarsel' version 2.3.1
    Type 'citation("clustvarsel")' for citing this R package in publications.
    Killed
Flavors: r-devel-linux-x86_64-debian-clang, r-patched-linux-x86_64, r-release-linux-x86_64