CRAN Package Check Results for Package clustvarsel

Last updated on 2021-05-09 21:48:55 CEST.

Flavor Version Tinstall Tcheck Ttotal Status Flags
r-devel-linux-x86_64-debian-clang 2.3.4 10.63 82.72 93.35 NOTE
r-devel-linux-x86_64-debian-gcc 2.3.4 8.64 64.53 73.17 NOTE
r-devel-linux-x86_64-fedora-clang 2.3.4 122.96 NOTE
r-devel-linux-x86_64-fedora-gcc 2.3.4 115.24 NOTE
r-devel-windows-ix86+x86_64 2.3.4 18.00 15.00 33.00 ERROR --no-vignettes
r-devel-windows-x86_64-gcc10-UCRT 2.3.4 NOTE
r-patched-linux-x86_64 2.3.4 11.59 82.17 93.76 NOTE
r-patched-solaris-x86 2.3.4 170.10 NOTE
r-release-linux-x86_64 2.3.4 8.15 79.05 87.20 OK
r-release-macos-x86_64 2.3.4 OK
r-release-windows-ix86+x86_64 2.3.4 16.00 74.00 90.00 OK --no-vignettes
r-oldrel-macos-x86_64 2.3.4 OK
r-oldrel-windows-ix86+x86_64 2.3.4 20.00 82.00 102.00 OK --no-vignettes

Check Details

Version: 2.3.4
Check: LazyData
Result: NOTE
     'LazyData' is specified without a 'data' directory
Flavors: r-devel-linux-x86_64-debian-clang, r-devel-linux-x86_64-debian-gcc, r-devel-linux-x86_64-fedora-clang, r-devel-linux-x86_64-fedora-gcc, r-devel-windows-x86_64-gcc10-UCRT, r-patched-linux-x86_64, r-patched-solaris-x86

Version: 2.3.4
Flags: --no-vignettes
Check: whether package can be installed
Result: ERROR
    
    See * DONE
Flavor: r-devel-windows-ix86+x86_64